Results for 4.6.0 20101123 (GCC) testsuite on sparc-sun-solaris2.8
Eric Botcazou
botcazou@eu.adacore.com
Tue Nov 23 21:46:00 GMT 2010
=== acats tests ===
=== acats Summary ===
# of expected passes 2321
# of unexpected failures 0
Native configuration is sparc-sun-solaris2.8
=== g++ tests ===
Running target unix
=== g++ Summary ===
# of expected passes 24917
# of expected failures 158
# of unsupported tests 420
/nile.build/botcazou/gcc-head/sparc-sun-solaris2.8/gcc/testsuite/g++/../../g++ version 4.6.0 20101123 for GNAT Pro 6.5.0w (20101122) (GCC)
=== gcc tests ===
Running target unix
XPASS: gcc.dg/vect/vect-peel-1.c scan-tree-dump-times vect "vectorized 1 loops" 2
XPASS: gcc.dg/vect/vect-peel-1.c scan-tree-dump-times vect "Alignment of access forced using peeling" 1
XPASS: gcc.dg/vect/vect-peel-2.c scan-tree-dump-times vect "vectorized 1 loops" 2
XPASS: gcc.dg/vect/vect-vfa-slp.c scan-tree-dump-times vect "vectorized 1 loops" 1
XPASS: gcc.dg/vect/slp-23.c scan-tree-dump-times vect "vectorizing stmts using SLP" 1
XPASS: gcc.dg/vect/slp-35.c scan-tree-dump-times vect "vectorized 1 loops" 1
XPASS: gcc.dg/vect/slp-35.c scan-tree-dump-times vect "vectorizing stmts using SLP" 1
XPASS: gcc.dg/vect/no-tree-pre-slp-29.c scan-tree-dump-times vect "vectorized 1 loops" 2
XPASS: gcc.dg/vect/no-tree-pre-slp-29.c scan-tree-dump-times vect "vectorizing stmts using SLP" 2
=== gcc Summary ===
# of expected passes 68359
# of unexpected successes 9
# of expected failures 229
# of unsupported tests 1172
/nile.build/botcazou/gcc-head/sparc-sun-solaris2.8/gcc/xgcc version 4.6.0 20101123 for GNAT Pro 6.5.0w (20101122) (GCC)
=== gfortran tests ===
Running target unix
FAIL: gfortran.dg/quad_1.f90 -O (test for excess errors)
=== gfortran Summary ===
# of expected passes 36718
# of unexpected failures 1
# of expected failures 44
# of unsupported tests 368
/nile.build/botcazou/gcc-head/sparc-sun-solaris2.8/gcc/testsuite/gfortran/../../gfortran version 4.6.0 20101123 for GNAT Pro 6.5.0w (20101122) (GCC)
=== gnat tests ===
Running target unix
=== gnat Summary ===
# of expected passes 856
# of expected failures 10
# of unsupported tests 5
=== obj-c++ tests ===
Running target unix
WARNING: obj-c++.dg/try-catch-2.mm -fgnu-runtime compilation failed to produce executable
WARNING: obj-c++.dg/try-catch-9.mm -fgnu-runtime compilation failed to produce executable
FAIL: obj-c++.dg/property/at-property-2.mm -fgnu-runtime (test for errors, line 12)
=== obj-c++ Summary ===
# of expected passes 1150
# of unexpected failures 1
# of expected failures 2
# of unsupported tests 86
/nile.build/botcazou/gcc-head/sparc-sun-solaris2.8/gcc/testsuite/obj-c++/../../g++ version 4.6.0 20101123 for GNAT Pro 6.5.0w (20101122) (GCC)
=== objc tests ===
Running target unix
XPASS: objc.dg-struct-layout-encoding-1/t025_main.m execution test
XPASS: objc.dg-struct-layout-encoding-1/t026_main.m execution test
XPASS: objc.dg-struct-layout-encoding-1/t027_main.m execution test
XPASS: objc.dg-struct-layout-encoding-1/t028_main.m execution test
XPASS: objc.dg-struct-layout-encoding-1/t029_main.m execution test
XPASS: objc.dg-struct-layout-encoding-1/t030_main.m execution test
XPASS: objc.dg-struct-layout-encoding-1/t031_main.m execution test
=== objc Summary ===
# of expected passes 2623
# of unexpected successes 7
# of expected failures 10
# of unsupported tests 98
/nile.build/botcazou/gcc-head/sparc-sun-solaris2.8/gcc/xgcc version 4.6.0 20101123 for GNAT Pro 6.5.0w (20101122) (GCC)
=== libgomp tests ===
Running target unix
=== libgomp Summary ===
# of expected passes 2476
# of unsupported tests 9
=== libstdc++ tests ===
Running target unix
FAIL: libstdc++-abi/abi_check
=== libstdc++ Summary ===
# of expected passes 6776
# of unexpected failures 1
# of expected failures 85
# of unsupported tests 721
Compiler version: 4.6.0 20101123 for GNAT Pro 6.5.0w (20101122) (GCC)
Platform: sparc-sun-solaris2.8
configure flags: --prefix=/nile.build/botcazou/gcc-head/install_sparc --with-as=/nile.build/botcazou/gcc-head/install_sparc/bin/as --with-gmp=/nile.build/botcazou/support/sparc --with-mpfr=/nile.build/botcazou/support/sparc --with-mpc=/nile.build/botcazou/support/sparc --enable-languages=c,c++,objc,obj-c++,fortran,ada --disable-nls
BOOT_CFLAGS=-g -O2
More information about the Gcc-testresults
mailing list