Results for 4.6.0 20101108 (experimental) [trunk revision 166426] (GCC) testsuite on hppa1.1-hp-hpux10.20
John David Anglin
dave@hiauly1.hia.nrc.ca
Wed Nov 17 03:35:00 GMT 2010
Native configuration is hppa1.1-hp-hpux10.20
=== g++ tests ===
Running target unix
WARNING: program timed out.
FAIL: tmpdir-g++.dg-struct-layout-1/t001 cp_compat_y_tst.o compile
UNRESOLVED: tmpdir-g++.dg-struct-layout-1/t001 cp_compat_x_tst.o-cp_compat_y_tst.o link
UNRESOLVED: tmpdir-g++.dg-struct-layout-1/t001 cp_compat_x_tst.o-cp_compat_y_tst.o execute
WARNING: program timed out.
FAIL: tmpdir-g++.dg-struct-layout-1/t002 cp_compat_y_tst.o compile
UNRESOLVED: tmpdir-g++.dg-struct-layout-1/t002 cp_compat_x_tst.o-cp_compat_y_tst.o link
UNRESOLVED: tmpdir-g++.dg-struct-layout-1/t002 cp_compat_x_tst.o-cp_compat_y_tst.o execute
WARNING: program timed out.
FAIL: tmpdir-g++.dg-struct-layout-1/t024 cp_compat_y_tst.o compile
UNRESOLVED: tmpdir-g++.dg-struct-layout-1/t024 cp_compat_x_tst.o-cp_compat_y_tst.o link
UNRESOLVED: tmpdir-g++.dg-struct-layout-1/t024 cp_compat_x_tst.o-cp_compat_y_tst.o execute
WARNING: program timed out.
FAIL: tmpdir-g++.dg-struct-layout-1/t025 cp_compat_y_tst.o compile
UNRESOLVED: tmpdir-g++.dg-struct-layout-1/t025 cp_compat_x_tst.o-cp_compat_y_tst.o link
UNRESOLVED: tmpdir-g++.dg-struct-layout-1/t025 cp_compat_x_tst.o-cp_compat_y_tst.o execute
WARNING: program timed out.
FAIL: tmpdir-g++.dg-struct-layout-1/t026 cp_compat_y_tst.o compile
UNRESOLVED: tmpdir-g++.dg-struct-layout-1/t026 cp_compat_x_tst.o-cp_compat_y_tst.o link
UNRESOLVED: tmpdir-g++.dg-struct-layout-1/t026 cp_compat_x_tst.o-cp_compat_y_tst.o execute
WARNING: program timed out.
FAIL: tmpdir-g++.dg-struct-layout-1/t027 cp_compat_y_tst.o compile
UNRESOLVED: tmpdir-g++.dg-struct-layout-1/t027 cp_compat_x_tst.o-cp_compat_y_tst.o link
UNRESOLVED: tmpdir-g++.dg-struct-layout-1/t027 cp_compat_x_tst.o-cp_compat_y_tst.o execute
WARNING: program timed out.
FAIL: tmpdir-g++.dg-struct-layout-1/t030 cp_compat_y_tst.o compile
UNRESOLVED: tmpdir-g++.dg-struct-layout-1/t030 cp_compat_x_tst.o-cp_compat_y_tst.o link
UNRESOLVED: tmpdir-g++.dg-struct-layout-1/t030 cp_compat_x_tst.o-cp_compat_y_tst.o execute
FAIL: g++.dg/abi/covariant3.C (test for excess errors)
WARNING: g++.dg/abi/covariant3.C compilation failed to produce executable
FAIL: g++.dg/abi/empty11.C (test for excess errors)
WARNING: g++.dg/abi/empty11.C compilation failed to produce executable
FAIL: g++.dg/abi/layout1.C (test for excess errors)
WARNING: g++.dg/abi/layout1.C compilation failed to produce executable
FAIL: g++.dg/abi/layout2.C (test for excess errors)
WARNING: g++.dg/abi/layout2.C compilation failed to produce executable
FAIL: g++.dg/abi/vbase12.C (test for excess errors)
WARNING: g++.dg/abi/vbase12.C compilation failed to produce executable
FAIL: g++.dg/cpp0x/constexpr-static4.C (test for excess errors)
WARNING: g++.dg/cpp0x/constexpr-static4.C compilation failed to produce executable
FAIL: g++.dg/cpp0x/explicit5.C (test for excess errors)
WARNING: g++.dg/cpp0x/explicit5.C compilation failed to produce executable
FAIL: g++.dg/cpp0x/implicit2.C (test for excess errors)
WARNING: g++.dg/cpp0x/implicit2.C compilation failed to produce executable
FAIL: g++.dg/cpp0x/initlist1.C (test for excess errors)
WARNING: g++.dg/cpp0x/initlist1.C compilation failed to produce executable
FAIL: g++.dg/cpp0x/initlist25.C (test for excess errors)
WARNING: g++.dg/cpp0x/initlist25.C compilation failed to produce executable
FAIL: g++.dg/cpp0x/lambda/lambda-conv.C scan-assembler weak[^\\n\\r]*_?_ZZ1fvENKUlvE_cvPFvvEEv
FAIL: g++.dg/cpp0x/noexcept04.C execution test
FAIL: g++.dg/cpp0x/noexcept05.C scan-assembler LSDA
FAIL: g++.dg/cpp0x/nolinkage1.C (test for excess errors)
FAIL: g++.dg/cpp0x/overload.C (test for excess errors)
WARNING: program timed out.
FAIL: g++.dg/eh/cleanup1.C (test for excess errors)
FAIL: g++.dg/eh/elide2.C (test for excess errors)
WARNING: g++.dg/eh/elide2.C compilation failed to produce executable
FAIL: g++.dg/eh/omit-frame-pointer.C (test for excess errors)
WARNING: g++.dg/eh/omit-frame-pointer.C compilation failed to produce executable
FAIL: g++.dg/eh/spec10.C execution test
FAIL: g++.dg/eh/spec11.C scan-assembler LSDA
FAIL: g++.dg/expr/cast4.C (test for excess errors)
WARNING: g++.dg/expr/cast4.C compilation failed to produce executable
FAIL: g++.dg/expr/cond6.C (test for excess errors)
WARNING: g++.dg/expr/cond6.C compilation failed to produce executable
FAIL: g++.dg/ext/attribute-test-2.C (test for excess errors)
WARNING: g++.dg/ext/attribute-test-2.C compilation failed to produce executable
FAIL: g++.dg/ext/complit4.C (test for excess errors)
WARNING: g++.dg/ext/complit4.C compilation failed to produce executable
FAIL: g++.dg/ext/interface1.C (test for excess errors)
WARNING: g++.dg/ext/label13.C compilation failed to produce executable
FAIL: g++.dg/ext/pretty2.C (test for excess errors)
WARNING: g++.dg/ext/pretty2.C compilation failed to produce executable
FAIL: g++.dg/inherit/thunk7.C (test for excess errors)
WARNING: g++.dg/inherit/thunk7.C compilation failed to produce executable
FAIL: g++.dg/init/addr-const1.C (test for excess errors)
WARNING: g++.dg/init/addr-const1.C compilation failed to produce executable
FAIL: g++.dg/init/aggr2.C (test for excess errors)
WARNING: g++.dg/init/aggr2.C compilation failed to produce executable
FAIL: g++.dg/init/copy3.C (test for excess errors)
WARNING: g++.dg/init/copy3.C compilation failed to produce executable
FAIL: g++.dg/init/dtor3.C (test for excess errors)
WARNING: g++.dg/init/dtor3.C compilation failed to produce executable
FAIL: g++.dg/init/float1.C (test for excess errors)
WARNING: g++.dg/init/float1.C compilation failed to produce executable
FAIL: g++.dg/init/pm1.C (test for excess errors)
WARNING: g++.dg/init/pm1.C compilation failed to produce executable
FAIL: g++.dg/init/ref4.C (test for excess errors)
WARNING: g++.dg/init/ref4.C compilation failed to produce executable
FAIL: g++.dg/init/static3.C (test for excess errors)
WARNING: g++.dg/init/static3.C compilation failed to produce executable
FAIL: g++.dg/opt/combine.C (test for excess errors)
FAIL: g++.dg/opt/covariant1.C (test for excess errors)
WARNING: g++.dg/opt/covariant1.C compilation failed to produce executable
FAIL: g++.dg/opt/thunk2.C (test for excess errors)
WARNING: g++.dg/opt/thunk2.C compilation failed to produce executable
FAIL: g++.dg/other/vthunk1.C (test for excess errors)
WARNING: g++.dg/other/vthunk1.C compilation failed to produce executable
WARNING: program timed out.
FAIL: g++.dg/rtti/dyncast2.C (test for excess errors)
WARNING: g++.dg/rtti/dyncast2.C compilation failed to produce executable
FAIL: g++.dg/rtti/repo1.C (test for excess errors)
FAIL: g++.dg/template/arg6.C (test for excess errors)
WARNING: g++.dg/template/arg6.C compilation failed to produce executable
FAIL: g++.dg/template/ctor2.C (test for excess errors)
WARNING: g++.dg/template/ctor2.C compilation failed to produce executable
FAIL: g++.dg/template/explicit1.C (test for excess errors)
FAIL: g++.dg/template/friend10.C (test for excess errors)
WARNING: g++.dg/template/friend10.C compilation failed to produce executable
FAIL: g++.dg/template/repo1.C (test for excess errors)
FAIL: g++.dg/gcov/gcov-3.C (test for excess errors)
WARNING: g++.dg/gcov/gcov-3.C compilation failed to produce executable
FAIL: 14:is #####:should be 1
FAIL: g++.dg/gcov/gcov-3.C gcov: 1 failures in line counts, 0 in branch percentages, 0 in return percentages
FAIL: g++.dg/guality/redeclaration1.C -O0 line 16 i == 24
FAIL: g++.dg/guality/redeclaration1.C -O1 line 13 i == 42
FAIL: g++.dg/guality/redeclaration1.C -O2 line 13 i == 42
FAIL: g++.dg/guality/redeclaration1.C -O3 -fomit-frame-pointer line 13 i == 42
FAIL: g++.dg/guality/redeclaration1.C -O3 -g line 13 i == 42
FAIL: g++.dg/guality/redeclaration1.C -Os line 13 i == 42
FAIL: g++.dg/special/initp1.C (test for excess errors)
WARNING: g++.dg/special/initp1.C compilation failed to produce executable
WARNING: program timed out.
FAIL: g++.dg/torture/pr31863.C -O0 (test for excess errors)
WARNING: program timed out.
FAIL: g++.dg/torture/pr31863.C -O1 (test for excess errors)
WARNING: program timed out.
FAIL: g++.dg/torture/pr31863.C -O2 (test for excess errors)
WARNING: program timed out.
FAIL: g++.dg/torture/pr31863.C -O3 -fomit-frame-pointer (test for excess errors)
WARNING: program timed out.
FAIL: g++.dg/torture/pr31863.C -O3 -g (test for excess errors)
WARNING: program timed out.
FAIL: g++.dg/torture/pr31863.C -Os (test for excess errors)
FAIL: g++.dg/torture/pr33819.C -O0 (test for excess errors)
WARNING: g++.dg/torture/pr33819.C -O0 compilation failed to produce executable
FAIL: g++.dg/torture/pr40389.C -O0 (test for excess errors)
WARNING: g++.dg/torture/pr40389.C -O0 compilation failed to produce executable
FAIL: g++.dg/torture/pr46111.C -O0 (test for excess errors)
FAIL: g++.dg/torture/pr46111.C -O1 (test for excess errors)
FAIL: g++.dg/torture/pr46111.C -O2 (test for excess errors)
FAIL: g++.dg/torture/pr46111.C -O3 -fomit-frame-pointer (test for excess errors)
FAIL: g++.dg/torture/pr46111.C -O3 -fomit-frame-pointer -funroll-loops (test for excess errors)
FAIL: g++.dg/torture/pr46111.C -O3 -fomit-frame-pointer -funroll-all-loops -finline-functions (test for excess errors)
FAIL: g++.dg/torture/pr46111.C -O3 -g (test for excess errors)
FAIL: g++.dg/torture/pr46111.C -Os (test for excess errors)
FAIL: g++.dg/torture/stackalign/eh-alloca-1.C -O0 execution test
FAIL: g++.dg/torture/stackalign/eh-alloca-1.C -O1 execution test
FAIL: g++.dg/torture/stackalign/eh-alloca-1.C -O2 execution test
FAIL: g++.dg/torture/stackalign/eh-alloca-1.C -O3 -fomit-frame-pointer execution test
FAIL: g++.dg/torture/stackalign/eh-alloca-1.C -O3 -g execution test
FAIL: g++.dg/torture/stackalign/eh-alloca-1.C -Os execution test
FAIL: g++.dg/torture/stackalign/eh-global-1.C -O0 execution test
FAIL: g++.dg/torture/stackalign/eh-global-1.C -O1 execution test
FAIL: g++.dg/torture/stackalign/eh-global-1.C -O2 execution test
FAIL: g++.dg/torture/stackalign/eh-global-1.C -O3 -fomit-frame-pointer execution test
FAIL: g++.dg/torture/stackalign/eh-global-1.C -O3 -g execution test
FAIL: g++.dg/torture/stackalign/eh-global-1.C -Os execution test
FAIL: g++.dg/torture/stackalign/eh-inline-1.C -O0 execution test
FAIL: g++.dg/torture/stackalign/eh-inline-1.C -O1 execution test
FAIL: g++.dg/torture/stackalign/eh-inline-1.C -O2 execution test
FAIL: g++.dg/torture/stackalign/eh-inline-1.C -O3 -fomit-frame-pointer execution test
FAIL: g++.dg/torture/stackalign/eh-inline-1.C -O3 -g execution test
FAIL: g++.dg/torture/stackalign/eh-inline-1.C -Os execution test
FAIL: g++.dg/torture/stackalign/eh-inline-2.C -O0 execution test
FAIL: g++.dg/torture/stackalign/eh-inline-2.C -O1 execution test
FAIL: g++.dg/torture/stackalign/eh-inline-2.C -O2 execution test
FAIL: g++.dg/torture/stackalign/eh-inline-2.C -O3 -fomit-frame-pointer execution test
FAIL: g++.dg/torture/stackalign/eh-inline-2.C -O3 -g execution test
FAIL: g++.dg/torture/stackalign/eh-inline-2.C -Os execution test
FAIL: g++.dg/torture/stackalign/eh-vararg-1.C -O0 execution test
FAIL: g++.dg/torture/stackalign/eh-vararg-1.C -O1 execution test
FAIL: g++.dg/torture/stackalign/eh-vararg-1.C -O2 execution test
FAIL: g++.dg/torture/stackalign/eh-vararg-1.C -O3 -fomit-frame-pointer execution test
FAIL: g++.dg/torture/stackalign/eh-vararg-1.C -O3 -g execution test
FAIL: g++.dg/torture/stackalign/eh-vararg-1.C -Os execution test
FAIL: g++.dg/torture/stackalign/eh-vararg-2.C -O0 execution test
FAIL: g++.dg/torture/stackalign/eh-vararg-2.C -O1 execution test
FAIL: g++.dg/torture/stackalign/eh-vararg-2.C -O2 execution test
FAIL: g++.dg/torture/stackalign/eh-vararg-2.C -O3 -fomit-frame-pointer execution test
FAIL: g++.dg/torture/stackalign/eh-vararg-2.C -O3 -g execution test
FAIL: g++.dg/torture/stackalign/eh-vararg-2.C -Os execution test
FAIL: g++.dg/torture/stackalign/throw-1.C -O0 execution test
FAIL: g++.dg/torture/stackalign/throw-1.C -O1 execution test
FAIL: g++.dg/torture/stackalign/throw-1.C -O2 execution test
FAIL: g++.dg/torture/stackalign/throw-1.C -O3 -fomit-frame-pointer execution test
FAIL: g++.dg/torture/stackalign/throw-1.C -O3 -fomit-frame-pointer -funroll-loops execution test
FAIL: g++.dg/torture/stackalign/throw-1.C -O3 -fomit-frame-pointer -funroll-all-loops -finline-functions execution test
FAIL: g++.dg/torture/stackalign/throw-1.C -O3 -g execution test
FAIL: g++.dg/torture/stackalign/throw-1.C -Os execution test
FAIL: g++.dg/torture/stackalign/throw-2.C -O0 execution test
FAIL: g++.dg/torture/stackalign/throw-2.C -O1 execution test
FAIL: g++.dg/torture/stackalign/throw-2.C -O2 execution test
FAIL: g++.dg/torture/stackalign/throw-2.C -O3 -fomit-frame-pointer execution test
FAIL: g++.dg/torture/stackalign/throw-2.C -O3 -fomit-frame-pointer -funroll-loops execution test
FAIL: g++.dg/torture/stackalign/throw-2.C -O3 -fomit-frame-pointer -funroll-all-loops -finline-functions execution test
FAIL: g++.dg/torture/stackalign/throw-2.C -O3 -g execution test
FAIL: g++.dg/torture/stackalign/throw-2.C -Os execution test
FAIL: g++.dg/torture/stackalign/throw-4.C -O0 execution test
FAIL: g++.dg/torture/stackalign/throw-4.C -O1 execution test
FAIL: g++.dg/torture/stackalign/throw-4.C -O2 execution test
FAIL: g++.dg/torture/stackalign/throw-4.C -Os execution test
FAIL: g++.dg/torture/stackalign/eh-alloca-1.C -O0 execution test
FAIL: g++.dg/torture/stackalign/eh-alloca-1.C -O1 execution test
FAIL: g++.dg/torture/stackalign/eh-alloca-1.C -O2 execution test
FAIL: g++.dg/torture/stackalign/eh-alloca-1.C -O3 -fomit-frame-pointer execution test
FAIL: g++.dg/torture/stackalign/eh-alloca-1.C -O3 -g execution test
FAIL: g++.dg/torture/stackalign/eh-alloca-1.C -Os execution test
FAIL: g++.dg/torture/stackalign/eh-global-1.C -O0 execution test
FAIL: g++.dg/torture/stackalign/eh-global-1.C -O1 execution test
FAIL: g++.dg/torture/stackalign/eh-global-1.C -O2 execution test
FAIL: g++.dg/torture/stackalign/eh-global-1.C -O3 -fomit-frame-pointer execution test
FAIL: g++.dg/torture/stackalign/eh-global-1.C -O3 -g execution test
FAIL: g++.dg/torture/stackalign/eh-global-1.C -Os execution test
FAIL: g++.dg/torture/stackalign/eh-inline-1.C -O0 execution test
FAIL: g++.dg/torture/stackalign/eh-inline-1.C -O1 execution test
FAIL: g++.dg/torture/stackalign/eh-inline-1.C -O2 execution test
FAIL: g++.dg/torture/stackalign/eh-inline-1.C -O3 -fomit-frame-pointer execution test
FAIL: g++.dg/torture/stackalign/eh-inline-1.C -O3 -g execution test
FAIL: g++.dg/torture/stackalign/eh-inline-1.C -Os execution test
FAIL: g++.dg/torture/stackalign/eh-inline-2.C -O0 execution test
FAIL: g++.dg/torture/stackalign/eh-inline-2.C -O1 execution test
FAIL: g++.dg/torture/stackalign/eh-inline-2.C -O2 execution test
FAIL: g++.dg/torture/stackalign/eh-inline-2.C -O3 -fomit-frame-pointer execution test
FAIL: g++.dg/torture/stackalign/eh-inline-2.C -O3 -g execution test
FAIL: g++.dg/torture/stackalign/eh-inline-2.C -Os execution test
FAIL: g++.dg/torture/stackalign/eh-vararg-1.C -O0 execution test
FAIL: g++.dg/torture/stackalign/eh-vararg-1.C -O1 execution test
FAIL: g++.dg/torture/stackalign/eh-vararg-1.C -O2 execution test
FAIL: g++.dg/torture/stackalign/eh-vararg-1.C -O3 -fomit-frame-pointer execution test
FAIL: g++.dg/torture/stackalign/eh-vararg-1.C -O3 -g execution test
FAIL: g++.dg/torture/stackalign/eh-vararg-1.C -Os execution test
FAIL: g++.dg/torture/stackalign/eh-vararg-2.C -O0 execution test
FAIL: g++.dg/torture/stackalign/eh-vararg-2.C -O1 execution test
FAIL: g++.dg/torture/stackalign/eh-vararg-2.C -O2 execution test
FAIL: g++.dg/torture/stackalign/eh-vararg-2.C -O3 -fomit-frame-pointer execution test
FAIL: g++.dg/torture/stackalign/eh-vararg-2.C -O3 -g execution test
FAIL: g++.dg/torture/stackalign/eh-vararg-2.C -Os execution test
FAIL: g++.dg/torture/stackalign/throw-1.C -O0 execution test
FAIL: g++.dg/torture/stackalign/throw-1.C -O1 execution test
FAIL: g++.dg/torture/stackalign/throw-1.C -O2 execution test
FAIL: g++.dg/torture/stackalign/throw-1.C -O3 -fomit-frame-pointer execution test
FAIL: g++.dg/torture/stackalign/throw-1.C -O3 -fomit-frame-pointer -funroll-loops execution test
FAIL: g++.dg/torture/stackalign/throw-1.C -O3 -fomit-frame-pointer -funroll-all-loops -finline-functions execution test
FAIL: g++.dg/torture/stackalign/throw-1.C -O3 -g execution test
FAIL: g++.dg/torture/stackalign/throw-1.C -Os execution test
FAIL: g++.dg/torture/stackalign/throw-2.C -O0 execution test
FAIL: g++.dg/torture/stackalign/throw-2.C -O1 execution test
FAIL: g++.dg/torture/stackalign/throw-2.C -O2 execution test
FAIL: g++.dg/torture/stackalign/throw-2.C -O3 -fomit-frame-pointer execution test
FAIL: g++.dg/torture/stackalign/throw-2.C -O3 -fomit-frame-pointer -funroll-loops execution test
FAIL: g++.dg/torture/stackalign/throw-2.C -O3 -fomit-frame-pointer -funroll-all-loops -finline-functions execution test
FAIL: g++.dg/torture/stackalign/throw-2.C -O3 -g execution test
FAIL: g++.dg/torture/stackalign/throw-2.C -Os execution test
FAIL: g++.dg/torture/stackalign/throw-4.C -O0 execution test
FAIL: g++.dg/torture/stackalign/throw-4.C -O1 execution test
FAIL: g++.dg/torture/stackalign/throw-4.C -O2 execution test
FAIL: g++.dg/torture/stackalign/throw-4.C -O3 -fomit-frame-pointer execution test
FAIL: g++.dg/torture/stackalign/throw-4.C -O3 -fomit-frame-pointer -funroll-loops execution test
FAIL: g++.dg/torture/stackalign/throw-4.C -O3 -fomit-frame-pointer -funroll-all-loops -finline-functions execution test
FAIL: g++.dg/torture/stackalign/throw-4.C -O3 -g execution test
FAIL: g++.dg/torture/stackalign/throw-4.C -Os execution test
FAIL: g++.old-deja/g++.benjamin/15071.C (test for excess errors)
WARNING: g++.old-deja/g++.benjamin/15071.C compilation failed to produce executable
FAIL: g++.old-deja/g++.brendan/code-gen1.C (test for excess errors)
WARNING: g++.old-deja/g++.brendan/code-gen1.C compilation failed to produce executable
FAIL: g++.old-deja/g++.brendan/copy9.C (test for excess errors)
WARNING: g++.old-deja/g++.brendan/copy9.C compilation failed to produce executable
FAIL: g++.old-deja/g++.brendan/ctors1.C (test for excess errors)
WARNING: g++.old-deja/g++.brendan/ctors1.C compilation failed to produce executable
FAIL: g++.old-deja/g++.brendan/ctors2.C (test for excess errors)
WARNING: g++.old-deja/g++.brendan/ctors2.C compilation failed to produce executable
FAIL: g++.old-deja/g++.brendan/nest21.C (test for excess errors)
WARNING: g++.old-deja/g++.brendan/nest21.C compilation failed to produce executable
FAIL: g++.old-deja/g++.brendan/ptolemy2.C (test for excess errors)
WARNING: g++.old-deja/g++.brendan/ptolemy2.C compilation failed to produce executable
FAIL: g++.old-deja/g++.brendan/reference1.C (test for excess errors)
WARNING: g++.old-deja/g++.brendan/reference1.C compilation failed to produce executable
FAIL: g++.old-deja/g++.bugs/900207_03.C (test for excess errors)
WARNING: g++.old-deja/g++.bugs/900207_03.C compilation failed to produce executable
FAIL: g++.old-deja/g++.bugs/900331_03.C (test for excess errors)
WARNING: g++.old-deja/g++.bugs/900331_03.C compilation failed to produce executable
FAIL: g++.old-deja/g++.bugs/900520_04.C (test for excess errors)
WARNING: g++.old-deja/g++.bugs/900520_04.C compilation failed to produce executable
FAIL: g++.old-deja/g++.ext/arrnew2.C (test for excess errors)
WARNING: g++.old-deja/g++.ext/arrnew2.C compilation failed to produce executable
FAIL: g++.old-deja/g++.jason/2371.C (test for excess errors)
WARNING: g++.old-deja/g++.jason/2371.C compilation failed to produce executable
FAIL: g++.old-deja/g++.jason/const.C (test for excess errors)
WARNING: g++.old-deja/g++.jason/const.C compilation failed to produce executable
FAIL: g++.old-deja/g++.jason/const3.C (test for excess errors)
WARNING: g++.old-deja/g++.jason/const3.C compilation failed to produce executable
FAIL: g++.old-deja/g++.jason/init2.C (test for excess errors)
WARNING: g++.old-deja/g++.jason/init2.C compilation failed to produce executable
FAIL: g++.old-deja/g++.jason/init3.C (test for excess errors)
WARNING: g++.old-deja/g++.jason/init3.C compilation failed to produce executable
FAIL: g++.old-deja/g++.jason/new4.C (test for excess errors)
WARNING: g++.old-deja/g++.jason/new4.C compilation failed to produce executable
FAIL: g++.old-deja/g++.jason/opeq.C (test for excess errors)
WARNING: g++.old-deja/g++.jason/opeq.C compilation failed to produce executable
FAIL: g++.old-deja/g++.jason/ref7.C (test for excess errors)
WARNING: g++.old-deja/g++.jason/ref7.C compilation failed to produce executable
FAIL: g++.old-deja/g++.jason/return3.C (test for excess errors)
WARNING: g++.old-deja/g++.jason/return3.C compilation failed to produce executable
FAIL: g++.old-deja/g++.jason/static1.C (test for excess errors)
WARNING: g++.old-deja/g++.jason/static1.C compilation failed to produce executable
FAIL: g++.old-deja/g++.jason/template11.C (test for excess errors)
WARNING: g++.old-deja/g++.jason/template11.C compilation failed to produce executable
FAIL: g++.old-deja/g++.jason/template24.C (test for excess errors)
WARNING: g++.old-deja/g++.jason/template24.C compilation failed to produce executable
FAIL: g++.old-deja/g++.jason/template31.C (test for excess errors)
WARNING: g++.old-deja/g++.jason/template31.C compilation failed to produce executable
FAIL: g++.old-deja/g++.law/arg8.C (test for excess errors)
WARNING: g++.old-deja/g++.law/arg8.C compilation failed to produce executable
FAIL: g++.old-deja/g++.law/array1.C (test for excess errors)
WARNING: g++.old-deja/g++.law/array1.C compilation failed to produce executable
FAIL: g++.old-deja/g++.law/code-gen5.C (test for excess errors)
WARNING: g++.old-deja/g++.law/code-gen5.C compilation failed to produce executable
FAIL: g++.old-deja/g++.law/ctors12.C (test for excess errors)
WARNING: g++.old-deja/g++.law/ctors12.C compilation failed to produce executable
FAIL: g++.old-deja/g++.law/ctors2.C (test for excess errors)
WARNING: g++.old-deja/g++.law/ctors2.C compilation failed to produce executable
FAIL: g++.old-deja/g++.law/ctors8.C (test for excess errors)
WARNING: g++.old-deja/g++.law/ctors8.C compilation failed to produce executable
FAIL: g++.old-deja/g++.law/cvt2.C (test for excess errors)
WARNING: g++.old-deja/g++.law/cvt2.C compilation failed to produce executable
FAIL: g++.old-deja/g++.law/global-init1.C (test for excess errors)
WARNING: g++.old-deja/g++.law/global-init1.C compilation failed to produce executable
FAIL: g++.old-deja/g++.law/init11.C (test for excess errors)
WARNING: g++.old-deja/g++.law/init11.C compilation failed to produce executable
FAIL: g++.old-deja/g++.law/init14.C (test for excess errors)
WARNING: g++.old-deja/g++.law/init14.C compilation failed to produce executable
FAIL: g++.old-deja/g++.law/virtual3.C (test for excess errors)
WARNING: g++.old-deja/g++.law/virtual3.C compilation failed to produce executable
FAIL: g++.old-deja/g++.martin/pmf2.C (test for excess errors)
WARNING: g++.old-deja/g++.martin/pmf2.C compilation failed to produce executable
FAIL: g++.old-deja/g++.mike/align2.C (test for excess errors)
WARNING: g++.old-deja/g++.mike/align2.C compilation failed to produce executable
FAIL: g++.old-deja/g++.mike/dyncast2.C (test for excess errors)
WARNING: g++.old-deja/g++.mike/dyncast2.C compilation failed to produce executable
FAIL: g++.old-deja/g++.mike/dyncast3.C (test for excess errors)
WARNING: g++.old-deja/g++.mike/dyncast3.C compilation failed to produce executable
FAIL: g++.old-deja/g++.mike/dyncast9.C (test for excess errors)
WARNING: g++.old-deja/g++.mike/dyncast9.C compilation failed to produce executable
FAIL: g++.old-deja/g++.mike/eh2.C (test for excess errors)
WARNING: g++.old-deja/g++.mike/eh2.C compilation failed to produce executable
FAIL: g++.old-deja/g++.mike/eh36.C (test for excess errors)
WARNING: g++.old-deja/g++.mike/eh36.C compilation failed to produce executable
FAIL: g++.old-deja/g++.mike/eh37.C (test for excess errors)
WARNING: g++.old-deja/g++.mike/eh37.C compilation failed to produce executable
FAIL: g++.old-deja/g++.mike/eh38.C (test for excess errors)
WARNING: g++.old-deja/g++.mike/eh38.C compilation failed to produce executable
FAIL: g++.old-deja/g++.mike/init1.C (test for excess errors)
WARNING: g++.old-deja/g++.mike/init1.C compilation failed to produce executable
FAIL: g++.old-deja/g++.mike/leak1.C (test for excess errors)
WARNING: g++.old-deja/g++.mike/leak1.C compilation failed to produce executable
FAIL: g++.old-deja/g++.mike/misc13.C (test for excess errors)
WARNING: g++.old-deja/g++.mike/misc13.C compilation failed to produce executable
FAIL: g++.old-deja/g++.mike/net17.C (test for excess errors)
WARNING: g++.old-deja/g++.mike/net17.C compilation failed to produce executable
FAIL: g++.old-deja/g++.mike/net26.C (test for excess errors)
WARNING: g++.old-deja/g++.mike/net26.C compilation failed to produce executable
FAIL: g++.old-deja/g++.mike/net34.C (test for excess errors)
WARNING: g++.old-deja/g++.mike/net34.C compilation failed to produce executable
FAIL: g++.old-deja/g++.mike/net46.C (test for excess errors)
WARNING: g++.old-deja/g++.mike/net46.C compilation failed to produce executable
FAIL: g++.old-deja/g++.mike/offset1.C (test for excess errors)
WARNING: g++.old-deja/g++.mike/offset1.C compilation failed to produce executable
FAIL: g++.old-deja/g++.mike/p10849a.C (test for excess errors)
WARNING: g++.old-deja/g++.mike/p10849a.C compilation failed to produce executable
FAIL: g++.old-deja/g++.mike/p2394.C (test for excess errors)
WARNING: g++.old-deja/g++.mike/p2394.C compilation failed to produce executable
FAIL: g++.old-deja/g++.mike/p2736.C (test for excess errors)
WARNING: g++.old-deja/g++.mike/p2736.C compilation failed to produce executable
FAIL: g++.old-deja/g++.mike/p4736a.C (test for excess errors)
WARNING: g++.old-deja/g++.mike/p4736a.C compilation failed to produce executable
FAIL: g++.old-deja/g++.mike/p658.C (test for excess errors)
WARNING: g++.old-deja/g++.mike/p658.C compilation failed to produce executable
FAIL: g++.old-deja/g++.mike/p6927.C (test for excess errors)
WARNING: g++.old-deja/g++.mike/p6927.C compilation failed to produce executable
FAIL: g++.old-deja/g++.mike/p783b.C (test for excess errors)
WARNING: g++.old-deja/g++.mike/p783b.C compilation failed to produce executable
FAIL: g++.old-deja/g++.mike/p789.C (test for excess errors)
WARNING: g++.old-deja/g++.mike/p789.C compilation failed to produce executable
FAIL: g++.old-deja/g++.mike/p9732b.C (test for excess errors)
WARNING: g++.old-deja/g++.mike/p9732b.C compilation failed to produce executable
FAIL: g++.old-deja/g++.mike/pmf2.C (test for excess errors)
WARNING: g++.old-deja/g++.mike/pmf2.C compilation failed to produce executable
FAIL: g++.old-deja/g++.mike/pmf8.C (test for excess errors)
WARNING: g++.old-deja/g++.mike/pmf8.C compilation failed to produce executable
FAIL: g++.old-deja/g++.mike/ref1.C (test for excess errors)
WARNING: g++.old-deja/g++.mike/ref1.C compilation failed to produce executable
FAIL: g++.old-deja/g++.mike/temp.C (test for excess errors)
WARNING: g++.old-deja/g++.mike/temp.C compilation failed to produce executable
FAIL: g++.old-deja/g++.mike/virt2.C (test for excess errors)
WARNING: g++.old-deja/g++.mike/virt2.C compilation failed to produce executable
FAIL: g++.old-deja/g++.mike/virt6.C (test for excess errors)
WARNING: g++.old-deja/g++.mike/virt6.C compilation failed to produce executable
FAIL: g++.old-deja/g++.ns/template3.C (test for excess errors)
WARNING: g++.old-deja/g++.ns/template3.C compilation failed to produce executable
FAIL: g++.old-deja/g++.other/dtor10.C (test for excess errors)
WARNING: g++.old-deja/g++.other/dtor10.C compilation failed to produce executable
FAIL: g++.old-deja/g++.other/dtor11.C (test for excess errors)
WARNING: g++.old-deja/g++.other/dtor11.C compilation failed to produce executable
FAIL: g++.old-deja/g++.other/dtor12.C (test for excess errors)
WARNING: g++.old-deja/g++.other/dtor12.C compilation failed to produce executable
FAIL: g++.old-deja/g++.other/headers1.C (test for excess errors)
WARNING: g++.old-deja/g++.other/headers1.C compilation failed to produce executable
FAIL: g++.old-deja/g++.other/init1.C (test for excess errors)
WARNING: g++.old-deja/g++.other/init1.C compilation failed to produce executable
FAIL: g++.old-deja/g++.other/init11.C (test for excess errors)
WARNING: g++.old-deja/g++.other/init11.C compilation failed to produce executable
FAIL: g++.old-deja/g++.other/init16.C (test for excess errors)
WARNING: g++.old-deja/g++.other/init16.C compilation failed to produce executable
FAIL: g++.old-deja/g++.other/init19.C (test for excess errors)
WARNING: g++.old-deja/g++.other/init19.C compilation failed to produce executable
FAIL: g++.old-deja/g++.other/init5.C (test for excess errors)
WARNING: g++.old-deja/g++.other/init5.C compilation failed to produce executable
FAIL: g++.old-deja/g++.other/rtti2.C (test for excess errors)
WARNING: g++.old-deja/g++.other/rtti2.C compilation failed to produce executable
FAIL: g++.old-deja/g++.other/rtti3.C (test for excess errors)
WARNING: g++.old-deja/g++.other/rtti3.C compilation failed to produce executable
FAIL: g++.old-deja/g++.other/rtti4.C (test for excess errors)
WARNING: g++.old-deja/g++.other/rtti4.C compilation failed to produce executable
FAIL: g++.old-deja/g++.other/rttid2.C (test for excess errors)
WARNING: g++.old-deja/g++.other/rttid2.C compilation failed to produce executable
FAIL: g++.old-deja/g++.other/rttid3.C (test for excess errors)
WARNING: g++.old-deja/g++.other/rttid3.C compilation failed to produce executable
FAIL: g++.old-deja/g++.other/rttid4.C (test for excess errors)
WARNING: g++.old-deja/g++.other/rttid4.C compilation failed to produce executable
FAIL: g++.old-deja/g++.other/virtual9.C (test for excess errors)
WARNING: g++.old-deja/g++.other/virtual9.C compilation failed to produce executable
FAIL: g++.old-deja/g++.pt/eichin01.C (test for excess errors)
FAIL: g++.old-deja/g++.pt/eichin01a.C (test for excess errors)
WARNING: g++.old-deja/g++.pt/eichin01a.C compilation failed to produce executable
FAIL: g++.old-deja/g++.pt/eichin01b.C (test for excess errors)
WARNING: g++.old-deja/g++.pt/eichin01b.C compilation failed to produce executable
FAIL: g++.old-deja/g++.pt/instantiate12.C (test for excess errors)
WARNING: g++.old-deja/g++.pt/instantiate12.C compilation failed to produce executable
FAIL: g++.old-deja/g++.pt/instantiate5.C (test for excess errors)
FAIL: g++.old-deja/g++.pt/link1.C (test for excess errors)
FAIL: g++.old-deja/g++.pt/static11.C (test for excess errors)
WARNING: g++.old-deja/g++.pt/static11.C compilation failed to produce executable
FAIL: g++.old-deja/g++.pt/static6.C (test for excess errors)
FAIL: g++.old-deja/g++.pt/static8.C (test for excess errors)
WARNING: g++.old-deja/g++.pt/static8.C compilation failed to produce executable
FAIL: g++.old-deja/g++.pt/t39.C (test for excess errors)
WARNING: g++.old-deja/g++.pt/t39.C compilation failed to produce executable
FAIL: g++.old-deja/g++.pt/virtual4.C (test for excess errors)
WARNING: g++.old-deja/g++.pt/virtual4.C compilation failed to produce executable
FAIL: g++.old-deja/g++.robertl/eb21.C (test for excess errors)
WARNING: g++.old-deja/g++.robertl/eb21.C compilation failed to produce executable
FAIL: g++.old-deja/g++.robertl/eb31.C (test for excess errors)
WARNING: g++.old-deja/g++.robertl/eb31.C compilation failed to produce executable
FAIL: g++.old-deja/g++.robertl/eb41.C (test for excess errors)
WARNING: g++.old-deja/g++.robertl/eb41.C compilation failed to produce executable
FAIL: g++.old-deja/g++.robertl/eb46.C (test for excess errors)
WARNING: g++.old-deja/g++.robertl/eb46.C compilation failed to produce executable
FAIL: g++.old-deja/g++.robertl/eb54.C (test for excess errors)
WARNING: g++.old-deja/g++.robertl/eb54.C compilation failed to produce executable
FAIL: g++.old-deja/g++.robertl/eb66.C (test for excess errors)
WARNING: g++.old-deja/g++.robertl/eb66.C compilation failed to produce executable
FAIL: g++.old-deja/g++.robertl/eb77.C (test for excess errors)
WARNING: g++.old-deja/g++.robertl/eb77.C compilation failed to produce executable
FAIL: g++.old-deja/g++.robertl/ebnull-cast.C (test for excess errors)
WARNING: g++.old-deja/g++.robertl/ebnull-cast.C compilation failed to produce executable
FAIL: g++.old-deja/g++.robertl/ebnull-oldcast.C (test for excess errors)
WARNING: g++.old-deja/g++.robertl/ebnull-oldcast.C compilation failed to produce executable
FAIL: g++.old-deja/g++.robertl/ebnull.C (test for excess errors)
WARNING: g++.old-deja/g++.robertl/ebnull.C compilation failed to produce executable
FAIL: g++.old-deja/g++.robertl/eh990323-2.C (test for excess errors)
WARNING: g++.old-deja/g++.robertl/eh990323-2.C compilation failed to produce executable
FAIL: g++.old-deja/g++.robertl/eh990323-4.C (test for excess errors)
WARNING: g++.old-deja/g++.robertl/eh990323-4.C compilation failed to produce executable
=== g++ Summary ===
# of expected passes 21339
# of unexpected failures 303
# of expected failures 151
# of unresolved testcases 14
# of unsupported tests 455
/xxx/gnu/gcc/objdir/gcc/testsuite/g++/../../g++ version 4.6.0 20101108 (experimental) [trunk revision 166426] (GCC)
=== gcc tests ===
Running target unix
WARNING: program timed out.
FAIL: gcc.c-torture/compile/20001226-1.c -O2 (test for excess errors)
WARNING: program timed out.
FAIL: gcc.c-torture/compile/20001226-1.c -O3 -fomit-frame-pointer (test for excess errors)
WARNING: program timed out.
FAIL: gcc.c-torture/compile/20001226-1.c -O3 -g (test for excess errors)
WARNING: program timed out.
FAIL: gcc.c-torture/compile/20001226-1.c -Os (test for excess errors)
WARNING: program timed out.
FAIL: gcc.c-torture/compile/limits-fndefn.c -O1 (test for excess errors)
WARNING: program timed out.
FAIL: gcc.c-torture/compile/limits-fndefn.c -O2 (test for excess errors)
WARNING: program timed out.
FAIL: gcc.c-torture/compile/limits-fndefn.c -O3 -fomit-frame-pointer (test for excess errors)
WARNING: program timed out.
FAIL: gcc.c-torture/compile/limits-fndefn.c -O3 -g (test for excess errors)
WARNING: program timed out.
FAIL: gcc.c-torture/compile/limits-fndefn.c -Os (test for excess errors)
FAIL: gcc.c-torture/compile/limits-structnest.c -O2 (test for excess errors)
FAIL: gcc.c-torture/compile/limits-structnest.c -O3 -fomit-frame-pointer (test for excess errors)
FAIL: gcc.c-torture/compile/limits-structnest.c -O3 -g (test for excess errors)
FAIL: gcc.c-torture/compile/limits-structnest.c -Os (test for excess errors)
WARNING: program timed out.
FAIL: gcc.c-torture/execute/builtins/memset-chk.c compilation, -O3 -fomit-frame-pointer -funroll-loops
UNRESOLVED: gcc.c-torture/execute/builtins/memset-chk.c execution, -O3 -fomit-frame-pointer -funroll-loops
WARNING: program timed out.
FAIL: gcc.c-torture/execute/builtins/memset-chk.c compilation, -O3 -fomit-frame-pointer -funroll-all-loops -finline-functions
UNRESOLVED: gcc.c-torture/execute/builtins/memset-chk.c execution, -O3 -fomit-frame-pointer -funroll-all-loops -finline-functions
FAIL: gcc.c-torture/execute/20040709-2.c execution, -O1
FAIL: gcc.c-torture/execute/20040709-2.c execution, -Os
WARNING: program timed out.
FAIL: tmpdir-gcc.dg-struct-layout-1/t001 c_compat_y_tst.o compile
UNRESOLVED: tmpdir-gcc.dg-struct-layout-1/t001 c_compat_x_tst.o-c_compat_y_tst.o link
UNRESOLVED: tmpdir-gcc.dg-struct-layout-1/t001 c_compat_x_tst.o-c_compat_y_tst.o execute
WARNING: program timed out.
FAIL: tmpdir-gcc.dg-struct-layout-1/t002 c_compat_y_tst.o compile
UNRESOLVED: tmpdir-gcc.dg-struct-layout-1/t002 c_compat_x_tst.o-c_compat_y_tst.o link
UNRESOLVED: tmpdir-gcc.dg-struct-layout-1/t002 c_compat_x_tst.o-c_compat_y_tst.o execute
WARNING: program timed out.
FAIL: tmpdir-gcc.dg-struct-layout-1/t024 c_compat_y_tst.o compile
UNRESOLVED: tmpdir-gcc.dg-struct-layout-1/t024 c_compat_x_tst.o-c_compat_y_tst.o link
UNRESOLVED: tmpdir-gcc.dg-struct-layout-1/t024 c_compat_x_tst.o-c_compat_y_tst.o execute
WARNING: program timed out.
FAIL: tmpdir-gcc.dg-struct-layout-1/t025 c_compat_y_tst.o compile
UNRESOLVED: tmpdir-gcc.dg-struct-layout-1/t025 c_compat_x_tst.o-c_compat_y_tst.o link
UNRESOLVED: tmpdir-gcc.dg-struct-layout-1/t025 c_compat_x_tst.o-c_compat_y_tst.o execute
WARNING: program timed out.
FAIL: tmpdir-gcc.dg-struct-layout-1/t026 c_compat_y_tst.o compile
UNRESOLVED: tmpdir-gcc.dg-struct-layout-1/t026 c_compat_x_tst.o-c_compat_y_tst.o link
UNRESOLVED: tmpdir-gcc.dg-struct-layout-1/t026 c_compat_x_tst.o-c_compat_y_tst.o execute
WARNING: program timed out.
FAIL: tmpdir-gcc.dg-struct-layout-1/t027 c_compat_y_tst.o compile
UNRESOLVED: tmpdir-gcc.dg-struct-layout-1/t027 c_compat_x_tst.o-c_compat_y_tst.o link
UNRESOLVED: tmpdir-gcc.dg-struct-layout-1/t027 c_compat_x_tst.o-c_compat_y_tst.o execute
WARNING: program timed out.
FAIL: tmpdir-gcc.dg-struct-layout-1/t028 c_compat_y_tst.o compile
UNRESOLVED: tmpdir-gcc.dg-struct-layout-1/t028 c_compat_x_tst.o-c_compat_y_tst.o link
UNRESOLVED: tmpdir-gcc.dg-struct-layout-1/t028 c_compat_x_tst.o-c_compat_y_tst.o execute
WARNING: program timed out.
FAIL: gcc.dg/binary-constants-1.c (test for excess errors)
WARNING: program timed out.
FAIL: gcc.dg/c99-intconst-1.c (test for excess errors)
WARNING: program timed out.
FAIL: gcc.dg/pr43058.c (test for excess errors)
FAIL: gcc.dg/uninit-pred-7_a.c bogus warning (test for bogus messages, line 26)
FAIL: gcc.dg/uninit-pred-8_a.c bogus warning (test for bogus messages, line 26)
FAIL: gcc.dg/vec-scal-opt.c scan-tree-dump-times veclower ">> k.[0-9_]*" 1
FAIL: gcc.dg/vec-scal-opt1.c scan-tree-dump-times veclower ">> 2" 1
FAIL: gcc.dg/vec-scal-opt2.c scan-tree-dump-times veclower ">> 2" 1
XPASS: gcc.dg/guality/example.c -O0 execution test
XPASS: gcc.dg/guality/guality.c -O0 execution test
XPASS: gcc.dg/guality/guality.c -O1 execution test
FAIL: gcc.dg/guality/inline-params.c -O0 execution test
FAIL: gcc.dg/guality/inline-params.c -O1 execution test
FAIL: gcc.dg/guality/nrv-1.c -O2 line 20 a2.i[0] == 42
FAIL: gcc.dg/guality/nrv-1.c -O3 -fomit-frame-pointer line 20 a2.i[0] == 42
FAIL: gcc.dg/guality/nrv-1.c -O3 -g line 20 a2.i[0] == 42
FAIL: gcc.dg/guality/nrv-1.c -Os line 20 a2.i[0] == 42
FAIL: gcc.dg/guality/pr36728-1.c -O1 line 12 arg7 == 30
FAIL: gcc.dg/guality/pr36728-1.c -O1 line 14 arg7 == 30
FAIL: gcc.dg/guality/pr36728-1.c -O2 line 12 arg7 == 30
FAIL: gcc.dg/guality/pr36728-1.c -O2 line 14 arg7 == 30
FAIL: gcc.dg/guality/pr36728-1.c -O3 -fomit-frame-pointer line 12 arg7 == 30
FAIL: gcc.dg/guality/pr36728-1.c -O3 -fomit-frame-pointer line 14 arg7 == 30
FAIL: gcc.dg/guality/pr36728-1.c -O3 -g line 12 arg7 == 30
FAIL: gcc.dg/guality/pr36728-1.c -O3 -g line 14 arg7 == 30
FAIL: gcc.dg/guality/pr36728-1.c -Os line 12 arg7 == 30
FAIL: gcc.dg/guality/pr36728-1.c -Os line 14 arg7 == 30
XPASS: gcc.dg/guality/pr41353-1.c -O0 line 28 j == 28 + 37
XPASS: gcc.dg/guality/pr41447-1.c -O0 execution test
XPASS: gcc.dg/guality/pr41616-1.c -O0 execution test
FAIL: gcc.dg/guality/pr43051-1.c -Os line 34 c == &a[0]
FAIL: gcc.dg/guality/pr43051-1.c -Os line 36 e == &a[1]
FAIL: gcc.dg/guality/pr43051-1.c -Os line 39 c == &a[0]
FAIL: gcc.dg/guality/pr43077-1.c -O1 line 42 varb == 2
FAIL: gcc.dg/guality/pr43077-1.c -O2 line 42 varb == 2
FAIL: gcc.dg/guality/pr43077-1.c -O3 -fomit-frame-pointer line 42 varb == 2
FAIL: gcc.dg/guality/pr43077-1.c -O3 -g line 42 varb == 2
FAIL: gcc.dg/guality/pr43077-1.c -Os line 42 varb == 2
FAIL: gcc.dg/guality/pr43177.c -O1 line 15 x == 7
FAIL: gcc.dg/guality/pr43177.c -O1 line 24 x == 7
FAIL: gcc.dg/guality/pr43177.c -O2 line 15 x == 7
FAIL: gcc.dg/guality/pr43177.c -O2 line 24 x == 7
FAIL: gcc.dg/guality/pr43177.c -O3 -fomit-frame-pointer line 15 x == 7
FAIL: gcc.dg/guality/pr43177.c -O3 -fomit-frame-pointer line 24 x == 7
FAIL: gcc.dg/guality/pr43177.c -O3 -g line 15 x == 7
FAIL: gcc.dg/guality/pr43177.c -O3 -g line 24 x == 7
FAIL: gcc.dg/guality/pr43177.c -Os line 15 x == 7
FAIL: gcc.dg/guality/pr43177.c -Os line 24 x == 7
FAIL: gcc.dg/guality/vla-1.c -O2 line 24 i == 5
FAIL: gcc.dg/guality/vla-1.c -O3 -fomit-frame-pointer line 24 i == 5
FAIL: gcc.dg/guality/vla-1.c -O3 -g line 24 i == 5
FAIL: gcc.dg/guality/vla-1.c -Os line 24 i == 5
FAIL: gcc.dg/tls/thr-cse-1.c scan-assembler-not emutls_get_address.*emutls_get_address.*
FAIL: gcc.dg/torture/stackalign/ret-struct-1.c -O0 execution test
FAIL: gcc.dg/torture/stackalign/ret-struct-1.c -O1 execution test
FAIL: gcc.dg/torture/stackalign/ret-struct-1.c -O2 execution test
FAIL: gcc.dg/torture/stackalign/ret-struct-1.c -Os execution test
FAIL: gcc.dg/torture/stackalign/ret-struct-1.c -O0 execution test
FAIL: gcc.dg/torture/stackalign/ret-struct-1.c -O1 execution test
FAIL: gcc.dg/torture/stackalign/ret-struct-1.c -O2 execution test
FAIL: gcc.dg/torture/stackalign/ret-struct-1.c -O3 -fomit-frame-pointer execution test
FAIL: gcc.dg/torture/stackalign/ret-struct-1.c -O3 -g execution test
FAIL: gcc.dg/torture/stackalign/ret-struct-1.c -Os execution test
FAIL: gcc.dg/tree-prof/inliner-1.c scan-tree-dump-not optimized "hot_function ..;"
XPASS: gcc.dg/tree-ssa/20040204-1.c scan-tree-dump-times optimized "link_error" 0
FAIL: gcc.dg/tree-ssa/foldconst-2.c scan-tree-dump-not optimized "fundamentals.0"
FAIL: gcc.dg/tree-ssa/vrp47.c scan-tree-dump-times vrp1 "[xy][^ ]* !=" 0
FAIL: gcc.dg/tree-ssa/vrp47.c scan-tree-dump-times dom1 "x[^ ]* & y" 1
FAIL: gcc.dg/tree-ssa/vrp47.c scan-tree-dump-times vrp1 "x[^ ]* [|] y" 1
=== gcc Summary ===
# of expected passes 54963
# of unexpected failures 86
# of unexpected successes 7
# of expected failures 150
# of unresolved testcases 16
# of unsupported tests 1254
/xxx/gnu/gcc/objdir/gcc/xgcc version 4.6.0 20101108 (experimental) [trunk revision 166426] (GCC)
=== gfortran tests ===
Running target unix
WARNING: program timed out.
FAIL: gfortran.dg/array_constructor_33.f90 -O (test for excess errors)
WARNING: program timed out.
FAIL: gfortran.dg/cray_pointers_2.f90 -O0 (test for excess errors)
WARNING: gfortran.dg/cray_pointers_2.f90 -O0 compilation failed to produce executable
WARNING: program timed out.
FAIL: gfortran.dg/cray_pointers_2.f90 -O1 (test for excess errors)
WARNING: gfortran.dg/cray_pointers_2.f90 -O1 compilation failed to produce executable
WARNING: program timed out.
FAIL: gfortran.dg/cray_pointers_2.f90 -O2 (test for excess errors)
WARNING: gfortran.dg/cray_pointers_2.f90 -O2 compilation failed to produce executable
WARNING: program timed out.
FAIL: gfortran.dg/cray_pointers_2.f90 -O3 -fomit-frame-pointer (test for excess errors)
WARNING: gfortran.dg/cray_pointers_2.f90 -O3 -fomit-frame-pointer compilation failed to produce executable
WARNING: program timed out.
FAIL: gfortran.dg/cray_pointers_2.f90 -O3 -fomit-frame-pointer -funroll-loops (test for excess errors)
WARNING: gfortran.dg/cray_pointers_2.f90 -O3 -fomit-frame-pointer -funroll-loops compilation failed to produce executable
WARNING: program timed out.
FAIL: gfortran.dg/cray_pointers_2.f90 -O3 -fomit-frame-pointer -funroll-all-loops -finline-functions (test for excess errors)
WARNING: gfortran.dg/cray_pointers_2.f90 -O3 -fomit-frame-pointer -funroll-all-loops -finline-functions compilation failed to produce executable
WARNING: program timed out.
FAIL: gfortran.dg/cray_pointers_2.f90 -O3 -g (test for excess errors)
WARNING: gfortran.dg/cray_pointers_2.f90 -O3 -g compilation failed to produce executable
WARNING: program timed out.
FAIL: gfortran.dg/cray_pointers_2.f90 -Os (test for excess errors)
WARNING: gfortran.dg/cray_pointers_2.f90 -Os compilation failed to produce executable
FAIL: gfortran.dg/erf_2.F90 -O0 execution test
WARNING: program timed out.
FAIL: gfortran.dg/initialization_21.f90 -O (test for excess errors)
FAIL: gfortran.dg/integer_exponentiation_4.f90 -O (internal compiler error)
FAIL: gfortran.dg/integer_exponentiation_4.f90 -O (test for errors, line 24)
FAIL: gfortran.dg/integer_exponentiation_4.f90 -O (test for errors, line 25)
FAIL: gfortran.dg/integer_exponentiation_4.f90 -O (test for errors, line 26)
FAIL: gfortran.dg/integer_exponentiation_4.f90 -O (test for errors, line 27)
FAIL: gfortran.dg/integer_exponentiation_4.f90 -O (test for errors, line 35)
FAIL: gfortran.dg/integer_exponentiation_4.f90 -O (test for errors, line 36)
FAIL: gfortran.dg/integer_exponentiation_4.f90 -O (test for errors, line 37)
FAIL: gfortran.dg/integer_exponentiation_4.f90 -O (test for errors, line 38)
FAIL: gfortran.dg/integer_exponentiation_4.f90 -O (test for errors, line 41)
FAIL: gfortran.dg/integer_exponentiation_4.f90 -O (test for errors, line 42)
FAIL: gfortran.dg/integer_exponentiation_4.f90 -O (test for excess errors)
WARNING: program timed out.
FAIL: gfortran.dg/minlocval_3.f90 -O (test for excess errors)
FAIL: gfortran.dg/namelist_42.f90 -O0 execution test
FAIL: gfortran.dg/namelist_42.f90 -O1 execution test
FAIL: gfortran.dg/namelist_42.f90 -O2 execution test
FAIL: gfortran.dg/namelist_42.f90 -O3 -fomit-frame-pointer execution test
FAIL: gfortran.dg/namelist_42.f90 -O3 -fomit-frame-pointer -funroll-loops execution test
FAIL: gfortran.dg/namelist_42.f90 -O3 -fomit-frame-pointer -funroll-all-loops -finline-functions execution test
FAIL: gfortran.dg/namelist_42.f90 -O3 -g execution test
FAIL: gfortran.dg/namelist_42.f90 -Os execution test
FAIL: gfortran.dg/namelist_43.f90 -O0 execution test
FAIL: gfortran.dg/namelist_43.f90 -O1 execution test
FAIL: gfortran.dg/namelist_43.f90 -O2 execution test
FAIL: gfortran.dg/namelist_43.f90 -O3 -fomit-frame-pointer execution test
FAIL: gfortran.dg/namelist_43.f90 -O3 -fomit-frame-pointer -funroll-loops execution test
FAIL: gfortran.dg/namelist_43.f90 -O3 -fomit-frame-pointer -funroll-all-loops -finline-functions execution test
FAIL: gfortran.dg/namelist_43.f90 -O3 -g execution test
FAIL: gfortran.dg/namelist_43.f90 -Os execution test
FAIL: gfortran.dg/nan_3.f90 -O0 execution test
FAIL: gfortran.dg/nan_3.f90 -O1 execution test
FAIL: gfortran.dg/nan_3.f90 -O2 execution test
FAIL: gfortran.dg/nan_3.f90 -O3 -fomit-frame-pointer execution test
FAIL: gfortran.dg/nan_3.f90 -O3 -fomit-frame-pointer -funroll-loops execution test
FAIL: gfortran.dg/nan_3.f90 -O3 -fomit-frame-pointer -funroll-all-loops -finline-functions execution test
FAIL: gfortran.dg/nan_3.f90 -O3 -g execution test
FAIL: gfortran.dg/nan_3.f90 -Os execution test
FAIL: gfortran.dg/nan_6.f90 -O0 execution test
FAIL: gfortran.dg/nan_6.f90 -O1 execution test
FAIL: gfortran.dg/nan_6.f90 -O2 execution test
FAIL: gfortran.dg/nan_6.f90 -O3 -fomit-frame-pointer execution test
FAIL: gfortran.dg/nan_6.f90 -O3 -fomit-frame-pointer -funroll-loops execution test
FAIL: gfortran.dg/nan_6.f90 -O3 -fomit-frame-pointer -funroll-all-loops -finline-functions execution test
FAIL: gfortran.dg/nan_6.f90 -O3 -g execution test
FAIL: gfortran.dg/nan_6.f90 -Os execution test
XPASS: gfortran.dg/pr25923.f90 -O PR45505 (test for warnings, line 13)
XPASS: gfortran.dg/pr25923.f90 -O PR45505 (test for bogus messages, line 22)
FAIL: gfortran.dg/pr45636.f90 -O scan-tree-dump-times forwprop2 "memset" 0
FAIL: gfortran.dg/read_infnan_1.f90 -O0 execution test
FAIL: gfortran.dg/read_infnan_1.f90 -O1 execution test
FAIL: gfortran.dg/read_infnan_1.f90 -O2 execution test
FAIL: gfortran.dg/read_infnan_1.f90 -O3 -fomit-frame-pointer execution test
FAIL: gfortran.dg/read_infnan_1.f90 -O3 -fomit-frame-pointer -funroll-loops execution test
FAIL: gfortran.dg/read_infnan_1.f90 -O3 -fomit-frame-pointer -funroll-all-loops -finline-functions execution test
FAIL: gfortran.dg/read_infnan_1.f90 -O3 -g execution test
FAIL: gfortran.dg/read_infnan_1.f90 -Os execution test
FAIL: gfortran.dg/select_type_4.f90 -O2 execution test
FAIL: gfortran.dg/select_type_4.f90 -O3 -fomit-frame-pointer execution test
FAIL: gfortran.dg/select_type_4.f90 -O3 -fomit-frame-pointer -funroll-loops execution test
FAIL: gfortran.dg/select_type_4.f90 -O3 -fomit-frame-pointer -funroll-all-loops -finline-functions execution test
FAIL: gfortran.dg/select_type_4.f90 -O3 -g execution test
FAIL: gfortran.dg/guality/arg1.f90 -O0 line 14 a(10) == 10
FAIL: gfortran.dg/guality/arg1.f90 -O1 line 14 a(10) == 10
FAIL: gfortran.dg/guality/arg1.f90 -O2 line 14 a(10) == 10
FAIL: gfortran.dg/guality/arg1.f90 -O3 -fomit-frame-pointer line 14 a(10) == 10
FAIL: gfortran.dg/guality/arg1.f90 -O3 -fomit-frame-pointer -funroll-loops line 14 a(10) == 10
FAIL: gfortran.dg/guality/arg1.f90 -O3 -fomit-frame-pointer -funroll-all-loops -finline-functions line 14 a(10) == 10
FAIL: gfortran.dg/guality/arg1.f90 -O3 -g line 14 a(10) == 10
FAIL: gfortran.dg/guality/arg1.f90 -Os line 14 a(10) == 10
WARNING: program timed out.
FAIL: gfortran.fortran-torture/execute/forall_7.f90 compilation, -O3 -g
=== gfortran Summary ===
# of expected passes 35523
# of unexpected failures 79
# of unexpected successes 2
# of expected failures 37
# of untested testcases 1
# of unsupported tests 339
/xxx/gnu/gcc/objdir/gcc/testsuite/gfortran/../../gfortran version 4.6.0 20101108 (experimental) [trunk revision 166426] (GCC)
=== obj-c++ tests ===
Running target unix
FAIL: obj-c++.dg/basic.mm -fgnu-runtime (test for excess errors)
WARNING: obj-c++.dg/basic.mm -fgnu-runtime compilation failed to produce executable
FAIL: obj-c++.dg/bitfield-2.mm -fgnu-runtime (test for excess errors)
WARNING: obj-c++.dg/bitfield-2.mm -fgnu-runtime compilation failed to produce executable
FAIL: obj-c++.dg/cxx-ivars-1.mm -fgnu-runtime (test for excess errors)
WARNING: obj-c++.dg/cxx-ivars-1.mm -fgnu-runtime compilation failed to produce executable
FAIL: obj-c++.dg/cxx-scope-1.mm -fgnu-runtime (test for excess errors)
WARNING: obj-c++.dg/cxx-scope-1.mm -fgnu-runtime compilation failed to produce executable
FAIL: obj-c++.dg/defs.mm -fgnu-runtime (test for excess errors)
WARNING: obj-c++.dg/defs.mm -fgnu-runtime compilation failed to produce executable
FAIL: obj-c++.dg/demangle-1.mm -fgnu-runtime (test for excess errors)
WARNING: obj-c++.dg/demangle-1.mm -fgnu-runtime compilation failed to produce executable
FAIL: obj-c++.dg/demangle-2.mm -fgnu-runtime (test for excess errors)
WARNING: obj-c++.dg/demangle-2.mm -fgnu-runtime compilation failed to produce executable
FAIL: obj-c++.dg/encode-4.mm -fgnu-runtime (test for excess errors)
WARNING: obj-c++.dg/encode-4.mm -fgnu-runtime compilation failed to produce executable
FAIL: obj-c++.dg/encode-5.mm -fgnu-runtime (test for excess errors)
WARNING: obj-c++.dg/encode-5.mm -fgnu-runtime compilation failed to produce executable
FAIL: obj-c++.dg/encode-6.mm -fgnu-runtime (test for excess errors)
WARNING: obj-c++.dg/encode-6.mm -fgnu-runtime compilation failed to produce executable
FAIL: obj-c++.dg/except-1.mm -fgnu-runtime (test for excess errors)
WARNING: obj-c++.dg/except-1.mm -fgnu-runtime compilation failed to produce executable
FAIL: obj-c++.dg/gnu-api-2-class.mm -fgnu-runtime (test for excess errors)
WARNING: obj-c++.dg/gnu-api-2-class.mm -fgnu-runtime compilation failed to produce executable
FAIL: obj-c++.dg/gnu-api-2-ivar.mm -fgnu-runtime (test for excess errors)
WARNING: obj-c++.dg/gnu-api-2-ivar.mm -fgnu-runtime compilation failed to produce executable
FAIL: obj-c++.dg/gnu-api-2-method.mm -fgnu-runtime (test for excess errors)
WARNING: obj-c++.dg/gnu-api-2-method.mm -fgnu-runtime compilation failed to produce executable
FAIL: obj-c++.dg/gnu-api-2-objc.mm -fgnu-runtime (test for excess errors)
WARNING: obj-c++.dg/gnu-api-2-objc.mm -fgnu-runtime compilation failed to produce executable
FAIL: obj-c++.dg/gnu-api-2-object.mm -fgnu-runtime (test for excess errors)
WARNING: obj-c++.dg/gnu-api-2-object.mm -fgnu-runtime compilation failed to produce executable
FAIL: obj-c++.dg/gnu-api-2-property.mm -fgnu-runtime (test for excess errors)
WARNING: obj-c++.dg/gnu-api-2-property.mm -fgnu-runtime compilation failed to produce executable
FAIL: obj-c++.dg/gnu-api-2-protocol.mm -fgnu-runtime (test for excess errors)
WARNING: obj-c++.dg/gnu-api-2-protocol.mm -fgnu-runtime compilation failed to produce executable
FAIL: obj-c++.dg/gnu-api-2-sel.mm -fgnu-runtime (test for excess errors)
WARNING: obj-c++.dg/gnu-api-2-sel.mm -fgnu-runtime compilation failed to produce executable
FAIL: obj-c++.dg/gnu-runtime-3.mm -fgnu-runtime (test for excess errors)
WARNING: obj-c++.dg/gnu-runtime-3.mm -fgnu-runtime compilation failed to produce executable
FAIL: obj-c++.dg/lookup-2.mm -fgnu-runtime (test for excess errors)
WARNING: obj-c++.dg/lookup-2.mm -fgnu-runtime compilation failed to produce executable
FAIL: obj-c++.dg/method-10.mm -fgnu-runtime (test for excess errors)
WARNING: obj-c++.dg/method-10.mm -fgnu-runtime compilation failed to produce executable
FAIL: obj-c++.dg/method-17.mm -fgnu-runtime (test for excess errors)
WARNING: obj-c++.dg/method-17.mm -fgnu-runtime compilation failed to produce executable
FAIL: obj-c++.dg/method-19.mm -fgnu-runtime (test for excess errors)
WARNING: obj-c++.dg/method-19.mm -fgnu-runtime compilation failed to produce executable
FAIL: obj-c++.dg/method-22.mm -fgnu-runtime (test for excess errors)
WARNING: obj-c++.dg/method-22.mm -fgnu-runtime compilation failed to produce executable
FAIL: obj-c++.dg/proto-lossage-3.mm -fgnu-runtime (test for excess errors)
WARNING: obj-c++.dg/proto-lossage-3.mm -fgnu-runtime compilation failed to produce executable
FAIL: obj-c++.dg/proto-qual-1.mm -fgnu-runtime (test for excess errors)
WARNING: obj-c++.dg/proto-qual-1.mm -fgnu-runtime compilation failed to produce executable
FAIL: obj-c++.dg/qual-types-1.mm -fgnu-runtime (test for excess errors)
WARNING: obj-c++.dg/qual-types-1.mm -fgnu-runtime compilation failed to produce executable
FAIL: obj-c++.dg/template-1.mm -fgnu-runtime (test for excess errors)
WARNING: obj-c++.dg/template-1.mm -fgnu-runtime compilation failed to produce executable
FAIL: obj-c++.dg/template-3.mm -fgnu-runtime (test for excess errors)
WARNING: obj-c++.dg/template-3.mm -fgnu-runtime compilation failed to produce executable
FAIL: obj-c++.dg/template-4.mm -fgnu-runtime (test for excess errors)
WARNING: obj-c++.dg/template-4.mm -fgnu-runtime compilation failed to produce executable
FAIL: obj-c++.dg/template-8.mm -fgnu-runtime (test for excess errors)
WARNING: obj-c++.dg/template-8.mm -fgnu-runtime compilation failed to produce executable
WARNING: obj-c++.dg/try-catch-2.mm -fgnu-runtime compilation failed to produce executable
WARNING: obj-c++.dg/try-catch-9.mm -fgnu-runtime compilation failed to produce executable
FAIL: obj-c++.dg/va-meth-1.mm -fgnu-runtime (test for excess errors)
WARNING: obj-c++.dg/va-meth-1.mm -fgnu-runtime compilation failed to produce executable
FAIL: obj-c++.dg/property/at-property-10.mm -fgnu-runtime (test for excess errors)
WARNING: obj-c++.dg/property/at-property-10.mm -fgnu-runtime compilation failed to produce executable
FAIL: obj-c++.dg/property/at-property-11.mm -fgnu-runtime (test for excess errors)
WARNING: obj-c++.dg/property/at-property-11.mm -fgnu-runtime compilation failed to produce executable
FAIL: obj-c++.dg/property/at-property-12.mm -fgnu-runtime (test for excess errors)
WARNING: obj-c++.dg/property/at-property-12.mm -fgnu-runtime compilation failed to produce executable
FAIL: obj-c++.dg/property/at-property-13.mm -fgnu-runtime (test for excess errors)
WARNING: obj-c++.dg/property/at-property-13.mm -fgnu-runtime compilation failed to produce executable
FAIL: obj-c++.dg/property/at-property-2.mm -fgnu-runtime (test for errors, line 12)
FAIL: obj-c++.dg/property/at-property-6.mm -fgnu-runtime (test for excess errors)
WARNING: obj-c++.dg/property/at-property-6.mm -fgnu-runtime compilation failed to produce executable
FAIL: obj-c++.dg/property/at-property-7.mm -fgnu-runtime (test for excess errors)
WARNING: obj-c++.dg/property/at-property-7.mm -fgnu-runtime compilation failed to produce executable
FAIL: obj-c++.dg/property/at-property-8.mm -fgnu-runtime (test for excess errors)
WARNING: obj-c++.dg/property/at-property-8.mm -fgnu-runtime compilation failed to produce executable
FAIL: obj-c++.dg/property/at-property-9.mm -fgnu-runtime (test for excess errors)
WARNING: obj-c++.dg/property/at-property-9.mm -fgnu-runtime compilation failed to produce executable
FAIL: obj-c++.dg/property/dotsyntax-1.mm -fgnu-runtime (test for excess errors)
WARNING: obj-c++.dg/property/dotsyntax-1.mm -fgnu-runtime compilation failed to produce executable
FAIL: obj-c++.dg/property/dotsyntax-10.mm -fgnu-runtime (test for excess errors)
WARNING: obj-c++.dg/property/dotsyntax-10.mm -fgnu-runtime compilation failed to produce executable
FAIL: obj-c++.dg/property/dotsyntax-2.mm -fgnu-runtime (test for excess errors)
WARNING: obj-c++.dg/property/dotsyntax-2.mm -fgnu-runtime compilation failed to produce executable
FAIL: obj-c++.dg/property/dotsyntax-3.mm -fgnu-runtime (test for excess errors)
WARNING: obj-c++.dg/property/dotsyntax-3.mm -fgnu-runtime compilation failed to produce executable
FAIL: obj-c++.dg/property/dotsyntax-5.mm -fgnu-runtime (test for excess errors)
WARNING: obj-c++.dg/property/dotsyntax-5.mm -fgnu-runtime compilation failed to produce executable
FAIL: obj-c++.dg/property/dotsyntax-6.mm -fgnu-runtime (test for excess errors)
WARNING: obj-c++.dg/property/dotsyntax-6.mm -fgnu-runtime compilation failed to produce executable
FAIL: obj-c++.dg/property/dotsyntax-7.mm -fgnu-runtime (test for excess errors)
WARNING: obj-c++.dg/property/dotsyntax-7.mm -fgnu-runtime compilation failed to produce executable
FAIL: obj-c++.dg/property/dotsyntax-8.mm -fgnu-runtime (test for excess errors)
WARNING: obj-c++.dg/property/dotsyntax-8.mm -fgnu-runtime compilation failed to produce executable
FAIL: obj-c++.dg/property/dotsyntax-9.mm -fgnu-runtime (test for excess errors)
WARNING: obj-c++.dg/property/dotsyntax-9.mm -fgnu-runtime compilation failed to produce executable
FAIL: obj-c++.dg/property/fsf-property-basic.mm -fgnu-runtime (test for excess errors)
WARNING: obj-c++.dg/property/fsf-property-basic.mm -fgnu-runtime compilation failed to produce executable
FAIL: obj-c++.dg/property/fsf-property-method-access.mm -fgnu-runtime (test for excess errors)
WARNING: obj-c++.dg/property/fsf-property-method-access.mm -fgnu-runtime compilation failed to produce executable
FAIL: obj-c++.dg/property/fsf-property-named-ivar.mm -fgnu-runtime (test for excess errors)
WARNING: obj-c++.dg/property/fsf-property-named-ivar.mm -fgnu-runtime compilation failed to produce executable
FAIL: obj-c++.dg/property/property-1.mm -fgnu-runtime (test for excess errors)
WARNING: obj-c++.dg/property/property-1.mm -fgnu-runtime compilation failed to produce executable
FAIL: obj-c++.dg/property/synthesize-2.mm -fgnu-runtime (test for excess errors)
WARNING: obj-c++.dg/property/synthesize-2.mm -fgnu-runtime compilation failed to produce executable
FAIL: obj-c++.dg/torture/trivial.mm -O0 -fgnu-runtime (test for excess errors)
WARNING: obj-c++.dg/torture/trivial.mm -O0 -fgnu-runtime compilation failed to produce executable
FAIL: obj-c++.dg/torture/strings/const-str-7.mm -O0 -fgnu-runtime (test for excess errors)
WARNING: obj-c++.dg/torture/strings/const-str-7.mm -O0 -fgnu-runtime compilation failed to produce executable
FAIL: obj-c++.dg/torture/strings/string1.mm -O0 -fgnu-runtime (test for excess errors)
WARNING: obj-c++.dg/torture/strings/string1.mm -O0 -fgnu-runtime compilation failed to produce executable
FAIL: obj-c++.dg/torture/tls/thr-init-3.mm -O0 -fgnu-runtime (test for excess errors)
WARNING: obj-c++.dg/torture/tls/thr-init-3.mm -O0 -fgnu-runtime compilation failed to produce executable
=== obj-c++ Summary ===
# of expected passes 774
# of unexpected failures 60
# of expected failures 2
# of unsupported tests 69
/xxx/gnu/gcc/objdir/gcc/testsuite/obj-c++/../../g++ version 4.6.0 20101108 (experimental) [trunk revision 166426] (GCC)
=== objc tests ===
Running target unix
XPASS: objc.dg-struct-layout-encoding-1/t025_main.m execution test
XPASS: objc.dg-struct-layout-encoding-1/t026_main.m execution test
XPASS: objc.dg-struct-layout-encoding-1/t027_main.m execution test
XPASS: objc.dg-struct-layout-encoding-1/t028_main.m execution test
XPASS: objc.dg-struct-layout-encoding-1/t029_main.m execution test
XPASS: objc.dg-struct-layout-encoding-1/t030_main.m execution test
XPASS: objc.dg-struct-layout-encoding-1/t031_main.m execution test
=== objc Summary ===
# of expected passes 2382
# of unexpected successes 7
# of expected failures 8
# of unsupported tests 65
/xxx/gnu/gcc/objdir/gcc/xgcc version 4.6.0 20101108 (experimental) [trunk revision 166426] (GCC)
=== libstdc++ tests ===
Running target unix
FAIL: 18_support/numeric_limits/lowest.cc execution test
WARNING: program timed out.
FAIL: 20_util/hash/chi2_quality.cc execution test
WARNING: program timed out.
FAIL: 21_strings/basic_string/requirements/exception/generation_prohibited.cc (test for excess errors)
WARNING: 21_strings/basic_string/requirements/exception/generation_prohibited.cc compilation failed to produce executable
WARNING: program timed out.
FAIL: 21_strings/basic_string/requirements/exception/propagation_consistent.cc (test for excess errors)
WARNING: 21_strings/basic_string/requirements/exception/propagation_consistent.cc compilation failed to produce executable
FAIL: 21_strings/basic_string/requirements/typedefs.cc (test for excess errors)
WARNING: program timed out.
FAIL: 23_containers/deque/requirements/exception/basic.cc (test for excess errors)
WARNING: 23_containers/deque/requirements/exception/basic.cc compilation failed to produce executable
WARNING: program timed out.
FAIL: 23_containers/deque/requirements/exception/generation_prohibited.cc (test for excess errors)
WARNING: 23_containers/deque/requirements/exception/generation_prohibited.cc compilation failed to produce executable
WARNING: program timed out.
FAIL: 23_containers/deque/requirements/exception/propagation_consistent.cc (test for excess errors)
WARNING: 23_containers/deque/requirements/exception/propagation_consistent.cc compilation failed to produce executable
WARNING: program timed out.
FAIL: 23_containers/forward_list/requirements/exception/basic.cc (test for excess errors)
WARNING: 23_containers/forward_list/requirements/exception/basic.cc compilation failed to produce executable
WARNING: program timed out.
FAIL: 23_containers/forward_list/requirements/exception/propagation_consistent.cc (test for excess errors)
WARNING: 23_containers/forward_list/requirements/exception/propagation_consistent.cc compilation failed to produce executable
WARNING: program timed out.
FAIL: 23_containers/list/requirements/exception/basic.cc (test for excess errors)
WARNING: 23_containers/list/requirements/exception/basic.cc compilation failed to produce executable
WARNING: program timed out.
FAIL: 23_containers/list/requirements/exception/propagation_consistent.cc (test for excess errors)
WARNING: 23_containers/list/requirements/exception/propagation_consistent.cc compilation failed to produce executable
WARNING: program timed out.
FAIL: 23_containers/map/requirements/exception/basic.cc (test for excess errors)
WARNING: 23_containers/map/requirements/exception/basic.cc compilation failed to produce executable
WARNING: program timed out.
FAIL: 23_containers/map/requirements/exception/generation_prohibited.cc (test for excess errors)
WARNING: 23_containers/map/requirements/exception/generation_prohibited.cc compilation failed to produce executable
WARNING: program timed out.
FAIL: 23_containers/map/requirements/exception/propagation_consistent.cc (test for excess errors)
WARNING: 23_containers/map/requirements/exception/propagation_consistent.cc compilation failed to produce executable
WARNING: program timed out.
FAIL: 23_containers/multimap/requirements/exception/basic.cc (test for excess errors)
WARNING: 23_containers/multimap/requirements/exception/basic.cc compilation failed to produce executable
WARNING: program timed out.
FAIL: 23_containers/multimap/requirements/exception/generation_prohibited.cc (test for excess errors)
WARNING: 23_containers/multimap/requirements/exception/generation_prohibited.cc compilation failed to produce executable
WARNING: program timed out.
FAIL: 23_containers/multimap/requirements/exception/propagation_consistent.cc (test for excess errors)
WARNING: 23_containers/multimap/requirements/exception/propagation_consistent.cc compilation failed to produce executable
WARNING: program timed out.
FAIL: 23_containers/multiset/requirements/exception/basic.cc (test for excess errors)
WARNING: 23_containers/multiset/requirements/exception/basic.cc compilation failed to produce executable
WARNING: program timed out.
FAIL: 23_containers/multiset/requirements/exception/propagation_consistent.cc (test for excess errors)
WARNING: 23_containers/multiset/requirements/exception/propagation_consistent.cc compilation failed to produce executable
WARNING: program timed out.
FAIL: 23_containers/set/requirements/exception/basic.cc (test for excess errors)
WARNING: 23_containers/set/requirements/exception/basic.cc compilation failed to produce executable
WARNING: program timed out.
FAIL: 23_containers/set/requirements/exception/propagation_consistent.cc (test for excess errors)
WARNING: 23_containers/set/requirements/exception/propagation_consistent.cc compilation failed to produce executable
WARNING: program timed out.
FAIL: 23_containers/unordered_map/requirements/exception/basic.cc (test for excess errors)
WARNING: 23_containers/unordered_map/requirements/exception/basic.cc compilation failed to produce executable
WARNING: program timed out.
FAIL: 23_containers/unordered_map/requirements/exception/generation_prohibited.cc (test for excess errors)
WARNING: 23_containers/unordered_map/requirements/exception/generation_prohibited.cc compilation failed to produce executable
WARNING: program timed out.
FAIL: 23_containers/unordered_map/requirements/exception/propagation_consistent.cc (test for excess errors)
WARNING: 23_containers/unordered_map/requirements/exception/propagation_consistent.cc compilation failed to produce executable
WARNING: program timed out.
FAIL: 23_containers/unordered_multimap/requirements/exception/generation_prohibited.cc (test for excess errors)
WARNING: 23_containers/unordered_multimap/requirements/exception/generation_prohibited.cc compilation failed to produce executable
WARNING: program timed out.
FAIL: 23_containers/unordered_multimap/requirements/exception/propagation_consistent.cc (test for excess errors)
WARNING: 23_containers/unordered_multimap/requirements/exception/propagation_consistent.cc compilation failed to produce executable
WARNING: program timed out.
FAIL: 23_containers/unordered_multiset/requirements/exception/basic.cc (test for excess errors)
WARNING: 23_containers/unordered_multiset/requirements/exception/basic.cc compilation failed to produce executable
WARNING: program timed out.
FAIL: 23_containers/unordered_set/requirements/exception/basic.cc (test for excess errors)
WARNING: 23_containers/unordered_set/requirements/exception/basic.cc compilation failed to produce executable
WARNING: program timed out.
FAIL: 23_containers/unordered_set/requirements/exception/propagation_consistent.cc (test for excess errors)
WARNING: 23_containers/unordered_set/requirements/exception/propagation_consistent.cc compilation failed to produce executable
FAIL: 23_containers/vector/profile/vector.cc execution test
WARNING: program timed out.
FAIL: 23_containers/vector/requirements/exception/basic.cc (test for excess errors)
WARNING: 23_containers/vector/requirements/exception/basic.cc compilation failed to produce executable
WARNING: program timed out.
FAIL: 23_containers/vector/requirements/exception/generation_prohibited.cc (test for excess errors)
WARNING: 23_containers/vector/requirements/exception/generation_prohibited.cc compilation failed to produce executable
WARNING: program timed out.
FAIL: 23_containers/vector/requirements/exception/propagation_consistent.cc (test for excess errors)
WARNING: 23_containers/vector/requirements/exception/propagation_consistent.cc compilation failed to produce executable
XPASS: 26_numerics/headers/cmath/c99_classification_macros_c.cc (test for excess errors)
FAIL: 27_io/basic_istream/extractors_arithmetic/char/12.cc execution test
WARNING: program timed out.
FAIL: 27_io/basic_istream/requirements/explicit_instantiation.cc (test for excess errors)
WARNING: program timed out.
FAIL: 28_regex/08_basic_regex/assign/char/range.cc (test for excess errors)
WARNING: program timed out.
FAIL: 28_regex/08_basic_regex/assign/char/string_op.cc (test for excess errors)
WARNING: program timed out.
FAIL: 28_regex/08_basic_regex/ctors/string_char.cc (test for excess errors)
FAIL: 28_regex/08_basic_regex/requirements/constexpr_data.cc (test for excess errors)
WARNING: program timed out.
FAIL: 28_regex/11_algorithms/02_match/extended/string_range_01_03.cc (test for excess errors)
WARNING: 28_regex/11_algorithms/02_match/extended/string_range_01_03.cc compilation failed to produce executable
WARNING: program timed out.
FAIL: 28_regex/11_algorithms/02_match/extended/string_range_02_03.cc (test for excess errors)
WARNING: 28_regex/11_algorithms/02_match/extended/string_range_02_03.cc compilation failed to produce executable
WARNING: program timed out.
FAIL: ext/pb_ds/regression/hash_data_map_rand.cc (test for excess errors)
WARNING: ext/pb_ds/regression/hash_data_map_rand.cc compilation failed to produce executable
WARNING: program timed out.
FAIL: ext/pb_ds/regression/hash_no_data_map_rand.cc (test for excess errors)
WARNING: ext/pb_ds/regression/hash_no_data_map_rand.cc compilation failed to produce executable
WARNING: program timed out.
FAIL: ext/pb_ds/regression/list_update_data_map_rand.cc (test for excess errors)
WARNING: ext/pb_ds/regression/list_update_data_map_rand.cc compilation failed to produce executable
WARNING: program timed out.
FAIL: ext/pb_ds/regression/list_update_no_data_map_rand.cc (test for excess errors)
WARNING: ext/pb_ds/regression/list_update_no_data_map_rand.cc compilation failed to produce executable
WARNING: program timed out.
FAIL: ext/pb_ds/regression/priority_queue_rand.cc (test for excess errors)
WARNING: ext/pb_ds/regression/priority_queue_rand.cc compilation failed to produce executable
WARNING: program timed out.
FAIL: ext/pb_ds/regression/tree_data_map_rand.cc (test for excess errors)
WARNING: ext/pb_ds/regression/tree_data_map_rand.cc compilation failed to produce executable
WARNING: program timed out.
FAIL: ext/pb_ds/regression/tree_no_data_map_rand.cc (test for excess errors)
WARNING: ext/pb_ds/regression/tree_no_data_map_rand.cc compilation failed to produce executable
WARNING: program timed out.
FAIL: ext/pb_ds/regression/trie_data_map_rand.cc (test for excess errors)
WARNING: ext/pb_ds/regression/trie_data_map_rand.cc compilation failed to produce executable
WARNING: program timed out.
FAIL: ext/pb_ds/regression/trie_no_data_map_rand.cc (test for excess errors)
WARNING: ext/pb_ds/regression/trie_no_data_map_rand.cc compilation failed to produce executable
WARNING: program timed out.
FAIL: ext/vstring/requirements/exception/basic.cc (test for excess errors)
WARNING: ext/vstring/requirements/exception/basic.cc compilation failed to produce executable
WARNING: program timed out.
FAIL: ext/vstring/requirements/exception/propagation_consistent.cc (test for excess errors)
WARNING: ext/vstring/requirements/exception/propagation_consistent.cc compilation failed to produce executable
=== libstdc++ Summary ===
# of expected passes 5677
# of unexpected failures 53
# of unexpected successes 1
# of expected failures 78
# of unsupported tests 345
Compiler version: 4.6.0 20101108 (experimental) [trunk revision 166426] (GCC)
Platform: hppa1.1-hp-hpux10.20
configure flags:Test Run By dave on Thu Nov 11 20:16:14 2010
More information about the Gcc-testresults
mailing list