Results for 4.5.2 20101112 (prerelease) [gcc-4_5-branch revision 166653] (GCC) testsuite on i386-pc-solaris2.10
Rainer Orth
ro@CeBiTec.Uni-Bielefeld.DE
Mon Nov 15 18:44:00 GMT 2010
LAST_UPDATED: Fri Nov 12 17:08:07 UTC 2010 (revision 166653)
=== acats tests ===
=== acats Summary ===
# of expected passes 2321
# of unexpected failures 0
Native configuration is i386-pc-solaris2.10
=== g++ tests ===
Running target unix
=== g++ Summary for unix ===
# of expected passes 23052
# of expected failures 152
# of unsupported tests 164
Running target unix/-m64
FAIL: g++.dg/tls/static-1.C execution test
=== g++ Summary for unix/-m64 ===
# of expected passes 22671
# of unexpected failures 1
# of expected failures 152
# of unsupported tests 347
=== g++ Summary ===
# of expected passes 45723
# of unexpected failures 1
# of expected failures 304
# of unsupported tests 511
/var/gcc/regression/gcc-4.5-branch/10-gcc/build/gcc/testsuite/g++/../../g++ version 4.5.2 20101112 (prerelease) [gcc-4_5-branch revision 166653] (GCC)
=== gcc tests ===
Running target unix
FAIL: gcc.dg/compat/vector-1b c_compat_x_tst.o-c_compat_y_tst.o execute
FAIL: gcc.dg/compat/vector-2b c_compat_x_tst.o-c_compat_y_tst.o execute
FAIL: gcc.dg/pr46177.c (test for excess errors)
FAIL: gcc.dg/lto/20081201-2 c_lto_20081201-2_0.o-c_lto_20081201-2_1.o execute -O3 -fwhopr
FAIL: gcc.target/i386/avx-vpermilpd-2.c (test for excess errors)
WARNING: gcc.target/i386/avx-vpermilpd-2.c compilation failed to produce executable
FAIL: gcc.target/i386/avx-vpermilpd-256-2.c (test for excess errors)
WARNING: gcc.target/i386/avx-vpermilpd-256-2.c compilation failed to produce executable
=== gcc Summary for unix ===
# of expected passes 71221
# of unexpected failures 6
# of expected failures 167
# of unsupported tests 724
Running target unix/-m64
UNRESOLVED: gcc.c-torture/execute/960321-1.c execution, -O1
UNRESOLVED: gcc.c-torture/execute/960321-1.c execution, -O2
UNRESOLVED: gcc.c-torture/execute/960321-1.c execution, -O3 -fomit-frame-pointer
UNRESOLVED: gcc.c-torture/execute/960321-1.c execution, -O3 -g
UNRESOLVED: gcc.c-torture/execute/960321-1.c execution, -Os
UNRESOLVED: gcc.c-torture/execute/960321-1.c execution, -O2 -flto
UNRESOLVED: gcc.c-torture/execute/960321-1.c execution, -O2 -fwhopr
FAIL: gcc.dg/compat/vector-1b c_compat_x_tst.o-c_compat_y_tst.o execute
FAIL: gcc.dg/compat/vector-2b c_compat_x_tst.o-c_compat_y_tst.o execute
FAIL: gcc.dg/cpp/trad/include.c (internal compiler error)
FAIL: gcc.dg/cpp/trad/include.c (test for excess errors)
FAIL: gcc.dg/pr46177.c (test for excess errors)
FAIL: gcc.dg/lto/20081201-2 c_lto_20081201-2_0.o-c_lto_20081201-2_1.o execute -O3 -fwhopr
FAIL: gcc.target/i386/avx-vcvtsd2si-2.c (test for excess errors)
WARNING: gcc.target/i386/avx-vcvtsd2si-2.c compilation failed to produce executable
FAIL: gcc.target/i386/avx-vcvtss2si-2.c (test for excess errors)
WARNING: gcc.target/i386/avx-vcvtss2si-2.c compilation failed to produce executable
FAIL: gcc.target/i386/avx-vcvttsd2si-2.c (test for excess errors)
WARNING: gcc.target/i386/avx-vcvttsd2si-2.c compilation failed to produce executable
FAIL: gcc.target/i386/avx-vcvttss2si-2.c (test for excess errors)
WARNING: gcc.target/i386/avx-vcvttss2si-2.c compilation failed to produce executable
FAIL: gcc.target/i386/avx-vpermilpd-2.c (test for excess errors)
WARNING: gcc.target/i386/avx-vpermilpd-2.c compilation failed to produce executable
FAIL: gcc.target/i386/avx-vpermilpd-256-2.c (test for excess errors)
WARNING: gcc.target/i386/avx-vpermilpd-256-2.c compilation failed to produce executable
=== gcc Summary for unix/-m64 ===
# of expected passes 70741
# of unexpected failures 12
# of expected failures 172
# of unresolved testcases 7
# of unsupported tests 1074
=== gcc Summary ===
# of expected passes 141962
# of unexpected failures 18
# of expected failures 339
# of unresolved testcases 7
# of unsupported tests 1798
/var/gcc/regression/gcc-4.5-branch/10-gcc/build/gcc/xgcc version 4.5.2 20101112 (prerelease) [gcc-4_5-branch revision 166653] (GCC)
=== gfortran tests ===
Running target unix
=== gfortran Summary for unix ===
# of expected passes 34193
# of expected failures 20
# of unsupported tests 146
Running target unix/-m64
=== gfortran Summary for unix/-m64 ===
# of expected passes 34346
# of expected failures 20
# of unsupported tests 78
=== gfortran Summary ===
# of expected passes 68539
# of expected failures 40
# of unsupported tests 224
/var/gcc/regression/gcc-4.5-branch/10-gcc/build/gcc/testsuite/gfortran/../../gfortran version 4.5.2 20101112 (prerelease) [gcc-4_5-branch revision 166653] (GCC)
=== gnat tests ===
Running target unix
=== gnat Summary for unix ===
# of expected passes 760
# of expected failures 7
# of unsupported tests 3
Running target unix/-m64
=== gnat Summary for unix/-m64 ===
# of expected passes 760
# of expected failures 7
# of unsupported tests 3
=== gnat Summary ===
# of expected passes 1520
# of expected failures 14
# of unsupported tests 6
=== objc tests ===
Running target unix
=== objc Summary for unix ===
# of expected passes 1882
# of expected failures 7
# of unsupported tests 20
Running target unix/-m64
=== objc Summary for unix/-m64 ===
# of expected passes 1874
# of expected failures 15
# of unsupported tests 20
=== objc Summary ===
# of expected passes 3756
# of expected failures 22
# of unsupported tests 40
/var/gcc/regression/gcc-4.5-branch/10-gcc/build/gcc/xgcc version 4.5.2 20101112 (prerelease) [gcc-4_5-branch revision 166653] (GCC)
=== libffi tests ===
Running target unix
=== libffi Summary for unix ===
# of expected passes 1634
# of expected failures 10
# of unsupported tests 15
Running target unix/-m64
=== libffi Summary for unix/-m64 ===
# of expected passes 1634
# of expected failures 10
# of unsupported tests 15
=== libffi Summary ===
# of expected passes 3268
# of expected failures 20
# of unsupported tests 30
=== libgomp tests ===
Running target unix
=== libgomp Summary for unix ===
# of expected passes 2490
# of unsupported tests 2
Running target unix/-m64
FAIL: libgomp.c/atomic-2.c (test for excess errors)
WARNING: libgomp.c/atomic-2.c compilation failed to produce executable
FAIL: libgomp.c/atomic-5.c (test for excess errors)
WARNING: libgomp.c/atomic-5.c compilation failed to produce executable
FAIL: libgomp.c/copyin-3.c execution test
FAIL: libgomp.c/nqueens-1.c execution test
FAIL: libgomp.c/pr24455.c execution test
FAIL: libgomp.c++/ctor-10.C -O0 execution test
FAIL: libgomp.c++/ctor-10.C -O1 execution test
FAIL: libgomp.c++/ctor-10.C -O2 execution test
FAIL: libgomp.c++/ctor-10.C -O3 -fomit-frame-pointer execution test
FAIL: libgomp.c++/ctor-10.C -O3 -fomit-frame-pointer -funroll-loops execution test
FAIL: libgomp.c++/ctor-10.C -O3 -fomit-frame-pointer -funroll-all-loops -finline-functions execution test
FAIL: libgomp.c++/ctor-10.C -O3 -g execution test
FAIL: libgomp.c++/ctor-10.C -Os execution test
FAIL: libgomp.c++/pr24455.C -O0 execution test
FAIL: libgomp.c++/pr24455.C -O1 execution test
FAIL: libgomp.c++/pr24455.C -O2 execution test
FAIL: libgomp.c++/pr24455.C -O3 -fomit-frame-pointer execution test
FAIL: libgomp.c++/pr24455.C -O3 -fomit-frame-pointer -funroll-loops execution test
FAIL: libgomp.c++/pr24455.C -O3 -fomit-frame-pointer -funroll-all-loops -finline-functions execution test
FAIL: libgomp.c++/pr24455.C -O3 -g execution test
FAIL: libgomp.c++/pr24455.C -Os execution test
FAIL: libgomp.fortran/appendix-a/a.22.8.f90 -O0 execution test
FAIL: libgomp.fortran/appendix-a/a.22.8.f90 -O1 execution test
FAIL: libgomp.fortran/appendix-a/a.22.8.f90 -O2 execution test
FAIL: libgomp.fortran/appendix-a/a.22.8.f90 -O3 -fomit-frame-pointer execution test
FAIL: libgomp.fortran/appendix-a/a.22.8.f90 -O3 -fomit-frame-pointer -funroll-loops execution test
FAIL: libgomp.fortran/appendix-a/a.22.8.f90 -O3 -fomit-frame-pointer -funroll-all-loops -finline-functions execution test
FAIL: libgomp.fortran/appendix-a/a.22.8.f90 -O3 -g execution test
FAIL: libgomp.fortran/appendix-a/a.22.8.f90 -Os execution test
FAIL: libgomp.fortran/threadprivate1.f90 -O0 execution test
FAIL: libgomp.fortran/threadprivate1.f90 -O1 execution test
FAIL: libgomp.fortran/threadprivate1.f90 -O2 execution test
FAIL: libgomp.fortran/threadprivate1.f90 -O3 -fomit-frame-pointer execution test
FAIL: libgomp.fortran/threadprivate1.f90 -O3 -fomit-frame-pointer -funroll-loops execution test
FAIL: libgomp.fortran/threadprivate1.f90 -O3 -fomit-frame-pointer -funroll-all-loops -finline-functions execution test
FAIL: libgomp.fortran/threadprivate1.f90 -O3 -g execution test
FAIL: libgomp.fortran/threadprivate1.f90 -Os execution test
FAIL: libgomp.fortran/threadprivate2.f90 -O0 execution test
FAIL: libgomp.fortran/threadprivate2.f90 -O1 execution test
FAIL: libgomp.fortran/threadprivate2.f90 -O2 execution test
FAIL: libgomp.fortran/threadprivate2.f90 -O3 -fomit-frame-pointer execution test
FAIL: libgomp.fortran/threadprivate2.f90 -O3 -fomit-frame-pointer -funroll-loops execution test
FAIL: libgomp.fortran/threadprivate2.f90 -O3 -fomit-frame-pointer -funroll-all-loops -finline-functions execution test
FAIL: libgomp.fortran/threadprivate2.f90 -O3 -g execution test
FAIL: libgomp.fortran/threadprivate2.f90 -Os execution test
=== libgomp Summary for unix/-m64 ===
# of expected passes 2443
# of unexpected failures 45
# of unsupported tests 2
=== libgomp Summary ===
# of expected passes 4933
# of unexpected failures 45
# of unsupported tests 4
=== libjava tests ===
Running target unix
=== libjava Summary for unix ===
# of expected passes 2574
Running target unix/-m64
FAIL: PR16923 run
=== libjava Summary for unix/-m64 ===
# of expected passes 2573
# of unexpected failures 1
# of untested testcases 1
=== libjava Summary ===
# of expected passes 5147
# of unexpected failures 1
# of untested testcases 1
=== libstdc++ tests ===
Running target unix
=== libstdc++ Summary for unix ===
# of expected passes 6695
# of expected failures 95
# of unsupported tests 436
Running target unix/-m64
=== libstdc++ Summary for unix/-m64 ===
# of expected passes 6697
# of expected failures 93
# of unsupported tests 436
=== libstdc++ Summary ===
# of expected passes 13392
# of expected failures 188
# of unsupported tests 872
=== libstdc++ Summary ===
Compiler version: 4.5.2 20101112 (prerelease) [gcc-4_5-branch revision 166653] (GCC)
Platform: i386-pc-solaris2.10
configure flags: --prefix=/vol/gcc --target=i386-pc-solaris2.10 --with-gmp=/vol/gcc --with-mpfr=/vol/gcc --with-mpc=/vol/gcc --enable-languages=all,ada
BOOT_CFLAGS=-g -O2
More information about the Gcc-testresults
mailing list