Results for 4.6.0 20101111 (experimental) [trunk revision 166612] (GCC) testsuite on i686-pc-linux-gnu
H.J. Lu Intel64
hjl@gnu-1.sc.intel.com
Thu Nov 11 21:07:00 GMT 2010
LAST_UPDATED: Thu Nov 11 19:55:15 UTC 2010 (revision 166612)
Native configuration is i686-pc-linux-gnu
=== g++ tests ===
Running target unix
FAIL: g++.dg/other/i386-2.C (test for excess errors)
FAIL: g++.dg/other/i386-3.C (test for excess errors)
FAIL: g++.dg/guality/redeclaration1.C -O2 -flto line 13 i == 42
FAIL: g++.dg/guality/redeclaration1.C -O2 -fwhopr line 13 i == 42
FAIL: g++.dg/torture/pr34850.C -O0 (test for excess errors)
FAIL: g++.dg/torture/pr34850.C -O1 (test for excess errors)
FAIL: g++.dg/torture/pr34850.C -O2 (test for excess errors)
FAIL: g++.dg/torture/pr34850.C -O3 -fomit-frame-pointer (test for excess errors)
FAIL: g++.dg/torture/pr34850.C -O3 -g (test for excess errors)
FAIL: g++.dg/torture/pr34850.C -Os (test for excess errors)
FAIL: g++.dg/torture/pr34850.C -O2 -flto (test for excess errors)
FAIL: g++.dg/torture/pr34850.C -O2 -fwhopr (test for excess errors)
=== g++ Summary ===
# of expected passes 25497
# of unexpected failures 12
# of expected failures 156
# of unsupported tests 140
/export/gnu/import/svn/gcc-test/bld/gcc/testsuite/g++/../../g++ version 4.6.0 20101111 (experimental) [trunk revision 166612] (GCC)
=== gcc tests ===
Running target unix
XPASS: gcc.dg/guality/example.c -O0 execution test
XPASS: gcc.dg/guality/example.c -O1 execution test
XPASS: gcc.dg/guality/example.c -O2 execution test
XPASS: gcc.dg/guality/guality.c -O0 execution test
XPASS: gcc.dg/guality/guality.c -O1 execution test
XPASS: gcc.dg/guality/guality.c -O2 execution test
XPASS: gcc.dg/guality/guality.c -O3 -fomit-frame-pointer execution test
XPASS: gcc.dg/guality/guality.c -O3 -g execution test
XPASS: gcc.dg/guality/guality.c -Os execution test
XPASS: gcc.dg/guality/inline-params.c -O2 execution test
XPASS: gcc.dg/guality/inline-params.c -O3 -fomit-frame-pointer execution test
XPASS: gcc.dg/guality/inline-params.c -O3 -g execution test
XPASS: gcc.dg/guality/inline-params.c -Os execution test
XPASS: gcc.dg/guality/pr41353-1.c -O0 line 28 j == 28 + 37
XPASS: gcc.dg/guality/pr41353-1.c -O1 line 28 j == 28 + 37
XPASS: gcc.dg/guality/pr41353-1.c -O2 line 28 j == 28 + 37
XPASS: gcc.dg/guality/pr41353-1.c -O3 -fomit-frame-pointer line 28 j == 28 + 37
XPASS: gcc.dg/guality/pr41353-1.c -O3 -g line 28 j == 28 + 37
XPASS: gcc.dg/guality/pr41353-1.c -Os line 28 j == 28 + 37
XPASS: gcc.dg/guality/pr41353-1.c -O2 -flto line 28 j == 28 + 37
XPASS: gcc.dg/guality/pr41353-1.c -O2 -fwhopr line 28 j == 28 + 37
XPASS: gcc.dg/guality/pr41447-1.c -O0 execution test
XPASS: gcc.dg/guality/pr41447-1.c -O1 execution test
XPASS: gcc.dg/guality/pr41447-1.c -Os execution test
XPASS: gcc.dg/guality/pr41616-1.c -O0 execution test
XPASS: gcc.dg/guality/pr41616-1.c -O1 execution test
XPASS: gcc.dg/guality/pr41616-1.c -O2 execution test
XPASS: gcc.dg/guality/pr41616-1.c -O3 -fomit-frame-pointer execution test
XPASS: gcc.dg/guality/pr41616-1.c -O3 -g execution test
XPASS: gcc.dg/guality/pr41616-1.c -Os execution test
FAIL: gcc.dg/guality/pr43077-1.c -O2 -flto line 42 varb == 2
FAIL: gcc.dg/guality/pr43077-1.c -O2 -fwhopr line 42 varb == 2
FAIL: gcc.dg/guality/pr43479.c -O2 -flto line 13 h == 9
FAIL: gcc.dg/guality/pr43479.c -O2 -flto line 18 h == 9
FAIL: gcc.dg/guality/pr43479.c -O2 -fwhopr line 13 h == 9
FAIL: gcc.dg/guality/pr43479.c -O2 -fwhopr line 18 h == 9
XPASS: gcc.dg/tree-ssa/20040204-1.c scan-tree-dump-times optimized "link_error" 0
FAIL: gcc.target/i386/pr45352-2.c (test for excess errors)
=== gcc Summary ===
# of expected passes 76422
# of unexpected failures 7
# of unexpected successes 31
# of expected failures 234
# of unsupported tests 795
/export/gnu/import/svn/gcc-test/bld/gcc/xgcc version 4.6.0 20101111 (experimental) [trunk revision 166612] (GCC)
=== gfortran tests ===
Running target unix
=== gfortran Summary ===
# of expected passes 37086
# of expected failures 53
# of unsupported tests 172
/export/gnu/import/svn/gcc-test/bld/gcc/testsuite/gfortran/../../gfortran version 4.6.0 20101111 (experimental) [trunk revision 166612] (GCC)
=== objc tests ===
Running target unix
XPASS: objc.dg-struct-layout-encoding-1/t026_main.m execution test
=== objc Summary ===
# of expected passes 2585
# of unexpected successes 1
# of expected failures 6
# of unsupported tests 74
/export/gnu/import/svn/gcc-test/bld/gcc/xgcc version 4.6.0 20101111 (experimental) [trunk revision 166612] (GCC)
=== libffi tests ===
Running target unix
=== libffi Summary ===
# of expected passes 1634
# of expected failures 10
# of unsupported tests 15
=== libgomp tests ===
Running target unix
FAIL: libgomp.graphite/force-parallel-1.c execution test
=== libgomp Summary ===
# of expected passes 2539
# of unexpected failures 1
=== libjava tests ===
Running target unix
=== libjava Summary ===
# of expected passes 2574
=== libmudflap tests ===
Running target unix
FAIL: libmudflap.c/fail40-frag.c output pattern test
FAIL: libmudflap.c/pass49-frag.c execution test
FAIL: libmudflap.c/pass49-frag.c output pattern test
FAIL: libmudflap.c/pass49-frag.c execution test
FAIL: libmudflap.c/pass49-frag.c output pattern test
FAIL: libmudflap.c/pass51-frag.c execution test
FAIL: libmudflap.c/pass51-frag.c execution test
FAIL: libmudflap.c/fail40-frag.c (-O2) output pattern test
FAIL: libmudflap.c/pass49-frag.c (-O2) execution test
FAIL: libmudflap.c/pass49-frag.c (-O2) output pattern test
FAIL: libmudflap.c/pass49-frag.c (-O2) execution test
FAIL: libmudflap.c/pass49-frag.c (-O2) output pattern test
FAIL: libmudflap.c/pass51-frag.c (-O2) execution test
FAIL: libmudflap.c/pass51-frag.c (-O2) execution test
FAIL: libmudflap.c/fail40-frag.c (-O3) output pattern test
FAIL: libmudflap.c/pass49-frag.c (-O3) execution test
FAIL: libmudflap.c/pass49-frag.c (-O3) output pattern test
FAIL: libmudflap.c/pass49-frag.c (-O3) execution test
FAIL: libmudflap.c/pass49-frag.c (-O3) output pattern test
FAIL: libmudflap.c/pass51-frag.c (-O3) execution test
FAIL: libmudflap.c/pass51-frag.c (-O3) execution test
=== libmudflap Summary ===
# of expected passes 1406
# of unexpected failures 21
=== libstdc++ tests ===
Running target unix
=== libstdc++ Summary ===
# of expected passes 8165
# of expected failures 86
# of unsupported tests 100
Compiler version: 4.6.0 20101111 (experimental) [trunk revision 166612] (GCC)
Platform: i686-pc-linux-gnu
configure flags: --enable-clocale=gnu --with-system-zlib --enable-shared --with-demangler-in-ld i686-linux -with-plugin-ld=ld.gold --enable-gold --with-fpmath=sse
More information about the Gcc-testresults
mailing list