Results for 4.6.0 20101105 (experimental) [trunk revision 166377] (GCC) testsuite on i386-pc-solaris2.9
Rainer Orth
ro@CeBiTec.Uni-Bielefeld.DE
Mon Nov 8 15:23:00 GMT 2010
LAST_UPDATED: Fri Nov 5 21:47:33 UTC 2010 (revision 166377)
=== acats tests ===
FAIL: c96006a
=== acats Summary ===
# of expected passes 2320
# of unexpected failures 1
Native configuration is i386-pc-solaris2.9
=== g++ tests ===
Running target unix
FAIL: g++.dg/eh/simd-2.C (test for excess errors)
FAIL: g++.dg/torture/pr36444.C -O0 (test for excess errors)
FAIL: g++.dg/torture/pr36444.C -O1 (test for excess errors)
FAIL: g++.dg/torture/pr36444.C -O2 (test for excess errors)
FAIL: g++.dg/torture/pr36444.C -O3 -fomit-frame-pointer (test for excess errors)
FAIL: g++.dg/torture/pr36444.C -O3 -g (test for excess errors)
FAIL: g++.dg/torture/pr36444.C -Os (test for excess errors)
FAIL: g++.dg/torture/pr36444.C -O2 -flto (test for excess errors)
FAIL: g++.dg/torture/pr36444.C -O2 -fwhopr (test for excess errors)
FAIL: g++.dg/torture/pr36445.C -O0 (test for excess errors)
FAIL: g++.dg/torture/pr36445.C -O1 (test for excess errors)
FAIL: g++.dg/torture/pr36445.C -O2 (test for excess errors)
FAIL: g++.dg/torture/pr36445.C -O3 -fomit-frame-pointer (test for excess errors)
FAIL: g++.dg/torture/pr36445.C -O3 -g (test for excess errors)
FAIL: g++.dg/torture/pr36445.C -Os (test for excess errors)
FAIL: g++.dg/torture/pr36445.C -O2 -flto (test for excess errors)
FAIL: g++.dg/torture/pr36445.C -O2 -fwhopr (test for excess errors)
=== g++ Summary ===
# of expected passes 25046
# of unexpected failures 17
# of expected failures 156
# of unsupported tests 184
/var/gcc/regression/trunk/9-gcc-gas/build/gcc/testsuite/g++/../../g++ version 4.6.0 20101105 (experimental) [trunk revision 166377] (GCC)
=== gcc tests ===
Running target unix
FAIL: gcc.c-torture/compile/pr34856.c -O0 (test for excess errors)
FAIL: gcc.c-torture/compile/pr34856.c -O1 (test for excess errors)
FAIL: gcc.c-torture/compile/pr34856.c -O2 (test for excess errors)
FAIL: gcc.c-torture/compile/pr34856.c -O3 -fomit-frame-pointer (test for excess errors)
FAIL: gcc.c-torture/compile/pr34856.c -O3 -fomit-frame-pointer -funroll-loops (test for excess errors)
FAIL: gcc.c-torture/compile/pr34856.c -O3 -fomit-frame-pointer -funroll-all-loops -finline-functions (test for excess errors)
FAIL: gcc.c-torture/compile/pr34856.c -O3 -g (test for excess errors)
FAIL: gcc.c-torture/compile/pr34856.c -Os (test for excess errors)
FAIL: gcc.c-torture/compile/pr34856.c -O2 -flto (test for excess errors)
FAIL: gcc.c-torture/compile/pr34856.c -O2 -fwhopr (test for excess errors)
FAIL: gcc.c-torture/compile/pr39928-1.c -O0 (test for excess errors)
FAIL: gcc.c-torture/compile/pr39928-1.c -O1 (test for excess errors)
FAIL: gcc.c-torture/compile/pr39928-1.c -O2 (test for excess errors)
FAIL: gcc.c-torture/compile/pr39928-1.c -O3 -fomit-frame-pointer (test for excess errors)
FAIL: gcc.c-torture/compile/pr39928-1.c -O3 -g (test for excess errors)
FAIL: gcc.c-torture/compile/pr39928-1.c -Os (test for excess errors)
FAIL: gcc.c-torture/compile/pr39928-1.c -O2 -flto (test for excess errors)
FAIL: gcc.c-torture/compile/pr39928-1.c -O2 -fwhopr (test for excess errors)
FAIL: gcc.c-torture/compile/vector-1.c -O0 (test for excess errors)
FAIL: gcc.c-torture/compile/vector-1.c -O1 (test for excess errors)
FAIL: gcc.c-torture/compile/vector-1.c -O2 (test for excess errors)
FAIL: gcc.c-torture/compile/vector-1.c -O3 -fomit-frame-pointer (test for excess errors)
FAIL: gcc.c-torture/compile/vector-1.c -O3 -g (test for excess errors)
FAIL: gcc.c-torture/compile/vector-1.c -Os (test for excess errors)
FAIL: gcc.c-torture/compile/vector-1.c -O2 -flto (test for excess errors)
FAIL: gcc.c-torture/compile/vector-1.c -O2 -fwhopr (test for excess errors)
FAIL: gcc.c-torture/compile/vector-2.c -O0 (test for excess errors)
FAIL: gcc.c-torture/compile/vector-2.c -O1 (test for excess errors)
FAIL: gcc.c-torture/compile/vector-2.c -O2 (test for excess errors)
FAIL: gcc.c-torture/compile/vector-2.c -O3 -fomit-frame-pointer (test for excess errors)
FAIL: gcc.c-torture/compile/vector-2.c -O3 -g (test for excess errors)
FAIL: gcc.c-torture/compile/vector-2.c -Os (test for excess errors)
FAIL: gcc.c-torture/compile/vector-2.c -O2 -flto (test for excess errors)
FAIL: gcc.c-torture/compile/vector-2.c -O2 -fwhopr (test for excess errors)
FAIL: gcc.c-torture/execute/va-arg-25.c compilation, -O0
UNRESOLVED: gcc.c-torture/execute/va-arg-25.c execution, -O0
FAIL: gcc.c-torture/execute/va-arg-25.c compilation, -O1
UNRESOLVED: gcc.c-torture/execute/va-arg-25.c execution, -O1
FAIL: gcc.c-torture/execute/va-arg-25.c compilation, -O2
UNRESOLVED: gcc.c-torture/execute/va-arg-25.c execution, -O2
FAIL: gcc.c-torture/execute/va-arg-25.c compilation, -O3 -fomit-frame-pointer
UNRESOLVED: gcc.c-torture/execute/va-arg-25.c execution, -O3 -fomit-frame-pointer
FAIL: gcc.c-torture/execute/va-arg-25.c compilation, -O3 -g
UNRESOLVED: gcc.c-torture/execute/va-arg-25.c execution, -O3 -g
FAIL: gcc.c-torture/execute/va-arg-25.c compilation, -Os
UNRESOLVED: gcc.c-torture/execute/va-arg-25.c execution, -Os
FAIL: gcc.c-torture/execute/va-arg-25.c compilation, -O2 -flto
UNRESOLVED: gcc.c-torture/execute/va-arg-25.c execution, -O2 -flto
FAIL: gcc.c-torture/execute/va-arg-25.c compilation, -O2 -fwhopr
UNRESOLVED: gcc.c-torture/execute/va-arg-25.c execution, -O2 -fwhopr
FAIL: gcc.c-torture/execute/vector-1.c compilation, -O0
UNRESOLVED: gcc.c-torture/execute/vector-1.c execution, -O0
FAIL: gcc.c-torture/execute/vector-1.c compilation, -O1
UNRESOLVED: gcc.c-torture/execute/vector-1.c execution, -O1
FAIL: gcc.c-torture/execute/vector-1.c compilation, -O2
UNRESOLVED: gcc.c-torture/execute/vector-1.c execution, -O2
FAIL: gcc.c-torture/execute/vector-1.c compilation, -O3 -fomit-frame-pointer
UNRESOLVED: gcc.c-torture/execute/vector-1.c execution, -O3 -fomit-frame-pointer
FAIL: gcc.c-torture/execute/vector-1.c compilation, -O3 -g
UNRESOLVED: gcc.c-torture/execute/vector-1.c execution, -O3 -g
FAIL: gcc.c-torture/execute/vector-1.c compilation, -Os
UNRESOLVED: gcc.c-torture/execute/vector-1.c execution, -Os
FAIL: gcc.c-torture/execute/vector-1.c compilation, -O2 -flto
UNRESOLVED: gcc.c-torture/execute/vector-1.c execution, -O2 -flto
FAIL: gcc.c-torture/execute/vector-1.c compilation, -O2 -fwhopr
UNRESOLVED: gcc.c-torture/execute/vector-1.c execution, -O2 -fwhopr
FAIL: gcc.c-torture/execute/vector-2.c compilation, -O0
UNRESOLVED: gcc.c-torture/execute/vector-2.c execution, -O0
FAIL: gcc.c-torture/execute/vector-2.c compilation, -O1
UNRESOLVED: gcc.c-torture/execute/vector-2.c execution, -O1
FAIL: gcc.c-torture/execute/vector-2.c compilation, -O2
UNRESOLVED: gcc.c-torture/execute/vector-2.c execution, -O2
FAIL: gcc.c-torture/execute/vector-2.c compilation, -O3 -fomit-frame-pointer
UNRESOLVED: gcc.c-torture/execute/vector-2.c execution, -O3 -fomit-frame-pointer
FAIL: gcc.c-torture/execute/vector-2.c compilation, -O3 -g
UNRESOLVED: gcc.c-torture/execute/vector-2.c execution, -O3 -g
FAIL: gcc.c-torture/execute/vector-2.c compilation, -Os
UNRESOLVED: gcc.c-torture/execute/vector-2.c execution, -Os
FAIL: gcc.c-torture/execute/vector-2.c compilation, -O2 -flto
UNRESOLVED: gcc.c-torture/execute/vector-2.c execution, -O2 -flto
FAIL: gcc.c-torture/execute/vector-2.c compilation, -O2 -fwhopr
UNRESOLVED: gcc.c-torture/execute/vector-2.c execution, -O2 -fwhopr
FAIL: gcc.dg/pr32912-1.c (test for excess errors)
FAIL: gcc.dg/vec-scal-opt.c scan-tree-dump-times veclower ">> k.[0-9_]*" 1
FAIL: gcc.dg/vec-scal-opt1.c scan-tree-dump-times veclower ">> 2" 1
FAIL: gcc.dg/vec-scal-opt2.c scan-tree-dump-times veclower ">> 2" 1
FAIL: gcc.dg/lto/20081201-2 c_lto_20081201-2_0.o-c_lto_20081201-2_1.o execute -O3 -fwhopr
FAIL: gcc.dg/lto/ipareference2 c_lto_ipareference2_0.o-c_lto_ipareference2_1.o execute -O1 -fwhopr -fwhole-program
FAIL: gcc.dg/tls/pr45870.c (test for excess errors)
FAIL: gcc.dg/tree-prof/inliner-1.c scan-tree-dump-not optimized "hot_function ..;"
XPASS: gcc.dg/tree-ssa/20040204-1.c scan-tree-dump-times optimized "link_error" 0
FAIL: gcc.dg/tree-ssa/forwprop-5.c (test for excess errors)
FAIL: gcc.dg/tree-ssa/fre-vce-1.c (test for excess errors)
FAIL: gcc.dg/tree-ssa/sra-4.c (test for excess errors)
FAIL: gcc.dg/tree-ssa/vector-1.c (test for excess errors)
FAIL: gcc.dg/tree-ssa/vector-2.c (test for excess errors)
FAIL: gcc.dg/vect/pr43430-2.c scan-tree-dump-times vect "vectorized 1 loops" 1
FAIL: gcc.target/i386/vect-args.c (test for excess errors)
FAIL: gcc.target/i386/vect-args.c -O (test for excess errors)
FAIL: gcc.target/i386/vect-args.c -mmmx (test for excess errors)
FAIL: gcc.target/i386/vect-args.c -mmmx -O (test for excess errors)
FAIL: gcc.target/i386/vect-args.c -m3dnow (test for excess errors)
FAIL: gcc.target/i386/vect-args.c -m3dnow -O (test for excess errors)
FAIL: gcc.target/i386/vect-args.c -msse (test for excess errors)
FAIL: gcc.target/i386/vect-args.c -msse -O (test for excess errors)
FAIL: gcc.target/i386/pr38240.c (internal compiler error)
FAIL: gcc.target/i386/pr38240.c (test for excess errors)
=== gcc Summary ===
# of expected passes 73722
# of unexpected failures 82
# of unexpected successes 1
# of expected failures 204
# of unresolved testcases 24
# of unsupported tests 815
/var/gcc/regression/trunk/9-gcc-gas/build/gcc/xgcc version 4.6.0 20101105 (experimental) [trunk revision 166377] (GCC)
=== gfortran tests ===
Running target unix
=== gfortran Summary ===
# of expected passes 36654
# of expected failures 42
# of unsupported tests 340
/var/gcc/regression/trunk/9-gcc-gas/build/gcc/testsuite/gfortran/../../gfortran version 4.6.0 20101105 (experimental) [trunk revision 166377] (GCC)
=== gnat tests ===
Running target unix
=== gnat Summary ===
# of expected passes 841
# of expected failures 10
# of unsupported tests 5
=== objc tests ===
Running target unix
XPASS: objc.dg-struct-layout-encoding-1/t026_main.m execution test
=== objc Summary ===
# of expected passes 2379
# of unexpected successes 1
# of expected failures 6
# of unsupported tests 107
/var/gcc/regression/trunk/9-gcc-gas/build/gcc/xgcc version 4.6.0 20101105 (experimental) [trunk revision 166377] (GCC)
=== libffi tests ===
Running target unix
=== libffi Summary ===
# of expected passes 1634
# of expected failures 10
# of unsupported tests 15
=== libgomp tests ===
Running target unix
=== libgomp Summary ===
# of expected passes 2490
# of unsupported tests 2
=== libjava tests ===
Running target unix
FAIL: Divide_1 output - source compiled test
FAIL: Divide_1 -findirect-dispatch output - source compiled test
FAIL: Divide_1 -O3 output - source compiled test
FAIL: Divide_1 -O3 -findirect-dispatch output - source compiled test
=== libjava Summary ===
# of expected passes 2570
# of unexpected failures 4
=== libstdc++ tests ===
Running target unix
FAIL: libstdc++-abi/abi_check
=== libstdc++ Summary ===
# of expected passes 6725
# of unexpected failures 1
# of expected failures 91
# of unsupported tests 713
Compiler version: 4.6.0 20101105 (experimental) [trunk revision 166377] (GCC)
Platform: i386-pc-solaris2.9
configure flags: --prefix=/vol/gcc --target=i386-pc-solaris2.9 --with-as=/vol/gcc/bin/gas-2.20.1 --with-gnu-as --with-gmp=/vol/gcc --with-mpfr=/vol/gcc --with-mpc=/vol/gcc --enable-languages=all,ada
BOOT_CFLAGS=-g -O2
More information about the Gcc-testresults
mailing list