Results for 4.5.2 20101029 (prerelease) [gcc-4_5-branch revision 166070] (GCC) testsuite on sparc-sun-solaris2.9
Rainer Orth
ro@CeBiTec.Uni-Bielefeld.DE
Tue Nov 2 17:52:00 GMT 2010
LAST_UPDATED: Fri Oct 29 19:51:05 UTC 2010 (revision 166070)
=== acats tests ===
=== acats Summary ===
# of expected passes 2321
# of unexpected failures 0
Native configuration is sparc-sun-solaris2.9
=== g++ tests ===
Running target unix
=== g++ Summary for unix ===
# of expected passes 22183
# of expected failures 152
# of unsupported tests 244
Running target unix/-m64
=== g++ Summary for unix/-m64 ===
# of expected passes 22144
# of expected failures 152
# of unsupported tests 245
=== g++ Summary ===
# of expected passes 44327
# of expected failures 304
# of unsupported tests 489
/var/gcc/regression/gcc-4.5-branch/9-gcc-gas/build/gcc/testsuite/g++/../../g++ version 4.5.2 20101029 (prerelease) [gcc-4_5-branch revision 166070] (GCC)
=== gcc tests ===
Running target unix
FAIL: gcc.c-torture/execute/pr38819.c execution, -O2
FAIL: gcc.c-torture/execute/pr38819.c execution, -O3 -fomit-frame-pointer
FAIL: gcc.c-torture/execute/pr38819.c execution, -O3 -fomit-frame-pointer -funroll-loops
FAIL: gcc.c-torture/execute/pr38819.c execution, -O3 -fomit-frame-pointer -funroll-all-loops -finline-functions
FAIL: gcc.c-torture/execute/pr38819.c execution, -O3 -g
FAIL: gcc.c-torture/execute/pr38819.c execution, -O2 -flto
FAIL: gcc.c-torture/execute/pr38819.c execution, -O2 -fwhopr
FAIL: gcc.dg/lto/20081201-2 c_lto_20081201-2_0.o-c_lto_20081201-2_1.o execute -O3 -fwhopr
FAIL: gcc.dg/vect/pr43430-1.c scan-tree-dump-times vect "vectorized 1 loops" 1
FAIL: gcc.dg/vect/slp-multitypes-2.c execution test
=== gcc Summary for unix ===
# of expected passes 64679
# of unexpected failures 10
# of expected failures 193
# of unsupported tests 933
Running target unix/-m64
FAIL: gcc.dg/cpp/trad/include.c (internal compiler error)
FAIL: gcc.dg/cpp/trad/include.c (test for excess errors)
FAIL: gcc.dg/lto/20081201-2 c_lto_20081201-2_0.o-c_lto_20081201-2_1.o execute -O3 -fwhopr
FAIL: gcc.dg/vect/pr43430-1.c scan-tree-dump-times vect "vectorized 1 loops" 1
=== gcc Summary for unix/-m64 ===
# of expected passes 64677
# of unexpected failures 4
# of expected failures 189
# of unsupported tests 938
=== gcc Summary ===
# of expected passes 129356
# of unexpected failures 14
# of expected failures 382
# of unsupported tests 1871
/var/gcc/regression/gcc-4.5-branch/9-gcc-gas/build/gcc/xgcc version 4.5.2 20101029 (prerelease) [gcc-4_5-branch revision 166070] (GCC)
=== gfortran tests ===
Running target unix
FAIL: gfortran.dg/array_constructor_33.f90 -O (test for excess errors)
WARNING: program timed out.
=== gfortran Summary for unix ===
# of expected passes 33721
# of unexpected failures 1
# of expected failures 23
# of unsupported tests 322
Running target unix/-m64
FAIL: gfortran.dg/array_constructor_33.f90 -O (test for excess errors)
WARNING: program timed out.
=== gfortran Summary for unix/-m64 ===
# of expected passes 33872
# of unexpected failures 1
# of expected failures 23
# of unsupported tests 249
=== gfortran Summary ===
# of expected passes 67593
# of unexpected failures 2
# of expected failures 46
# of unsupported tests 571
/var/gcc/regression/gcc-4.5-branch/9-gcc-gas/build/gcc/testsuite/gfortran/../../gfortran version 4.5.2 20101029 (prerelease) [gcc-4_5-branch revision 166070] (GCC)
=== gnat tests ===
Running target unix
=== gnat Summary for unix ===
# of expected passes 761
# of expected failures 7
# of unsupported tests 3
Running target unix/-m64
=== gnat Summary for unix/-m64 ===
# of expected passes 761
# of expected failures 7
# of unsupported tests 3
=== gnat Summary ===
# of expected passes 1522
# of expected failures 14
# of unsupported tests 6
=== objc tests ===
Running target unix
=== objc Summary for unix ===
# of expected passes 1874
# of expected failures 15
# of unsupported tests 20
Running target unix/-m64
=== objc Summary for unix/-m64 ===
# of expected passes 1874
# of expected failures 15
# of unsupported tests 20
=== objc Summary ===
# of expected passes 3748
# of expected failures 30
# of unsupported tests 40
/var/gcc/regression/gcc-4.5-branch/9-gcc-gas/build/gcc/xgcc version 4.5.2 20101029 (prerelease) [gcc-4_5-branch revision 166070] (GCC)
=== libffi tests ===
Running target unix
=== libffi Summary for unix ===
# of expected passes 1634
# of expected failures 10
# of unsupported tests 15
Running target unix/-m64
=== libffi Summary for unix/-m64 ===
# of expected passes 1634
# of expected failures 10
# of unsupported tests 15
=== libffi Summary ===
# of expected passes 3268
# of expected failures 20
# of unsupported tests 30
=== libgomp tests ===
Running target unix
=== libgomp Summary for unix ===
# of expected passes 2476
# of unsupported tests 9
Running target unix/-m64
=== libgomp Summary for unix/-m64 ===
# of expected passes 2476
# of unsupported tests 9
=== libgomp Summary ===
# of expected passes 4952
# of unsupported tests 18
=== libjava tests ===
Running target unix
=== libjava Summary for unix ===
# of expected passes 2574
Running target unix/-m64
=== libjava Summary for unix/-m64 ===
# of expected passes 2574
=== libjava Summary ===
# of expected passes 5148
=== libstdc++ tests ===
Running target unix
=== libstdc++ Summary for unix ===
# of expected passes 6336
# of expected failures 91
# of unsupported tests 622
Running target unix/-m64
=== libstdc++ Summary for unix/-m64 ===
# of expected passes 6336
# of expected failures 91
# of unsupported tests 622
=== libstdc++ Summary ===
# of expected passes 12672
# of expected failures 182
# of unsupported tests 1244
=== libstdc++ Summary ===
Compiler version: 4.5.2 20101029 (prerelease) [gcc-4_5-branch revision 166070] (GCC)
Platform: sparc-sun-solaris2.9
configure flags: --prefix=/vol/gcc --target=sparc-sun-solaris2.9 --with-as=/vol/gcc/bin/gas-2.20.1 --with-gnu-as --with-gmp=/vol/gcc --with-mpfr=/vol/gcc --with-mpc=/vol/gcc --enable-languages=all,ada
BOOT_CFLAGS=-g -O2
More information about the Gcc-testresults
mailing list