Results for 4.5.2 20101030 (prerelease) [gcc-4_5-branch revision 166091] (GCC) testsuite on hppa2.0w-hp-hpux11.11
John David Anglin
dave@hiauly3.hia.nrc.ca
Mon Nov 1 04:04:00 GMT 2010
=== acats tests ===
=== acats Summary ===
# of expected passes 2321
# of unexpected failures 0
Native configuration is hppa2.0w-hp-hpux11.11
=== g++ tests ===
Running target unix
WARNING: g++.dg/ext/label13.C compilation failed to produce executable
=== g++ Summary ===
# of expected passes 20151
# of expected failures 152
# of unsupported tests 302
/mnt/gnu/gcc/objdir-test/gcc/testsuite/g++/../../g++ version 4.5.2 20101030 (prerelease) [gcc-4_5-branch revision 166091] (GCC)
=== gcc tests ===
Running target unix
WARNING: program timed out.
=== gcc Summary ===
# of expected passes 52599
# of expected failures 87
# of unsupported tests 769
/mnt/gnu/gcc/objdir-test/gcc/xgcc version 4.5.2 20101030 (prerelease) [gcc-4_5-branch revision 166091] (GCC)
=== gfortran tests ===
Running target unix
=== gfortran Summary ===
# of expected passes 33036
# of expected failures 20
# of unsupported tests 306
/mnt/gnu/gcc/objdir-test/gcc/testsuite/gfortran/../../gfortran version 4.5.2 20101030 (prerelease) [gcc-4_5-branch revision 166091] (GCC)
=== gnat tests ===
Running target unix
=== gnat Summary ===
# of expected passes 763
# of expected failures 7
# of unsupported tests 2
=== obj-c++ tests ===
Running target unix
WARNING: obj-c++.dg/lookup-2.mm -fgnu-runtime compilation failed to produce executable
WARNING: obj-c++.dg/try-catch-2.mm -fgnu-runtime compilation failed to produce executable
WARNING: obj-c++.dg/try-catch-9.mm -fgnu-runtime compilation failed to produce executable
=== obj-c++ Summary ===
# of expected passes 438
# of expected failures 3
# of unsupported tests 15
/mnt/gnu/gcc/objdir-test/gcc/testsuite/obj-c++/../../g++ version 4.5.2 20101030 (prerelease) [gcc-4_5-branch revision 166091] (GCC)
=== objc tests ===
Running target unix
=== objc Summary ===
# of expected passes 1868
# of expected failures 15
# of unsupported tests 23
/mnt/gnu/gcc/objdir-test/gcc/xgcc version 4.5.2 20101030 (prerelease) [gcc-4_5-branch revision 166091] (GCC)
=== libffi tests ===
Running target unix
=== libffi Summary ===
# of expected passes 1634
# of expected failures 10
# of unsupported tests 15
=== libgomp tests ===
Running target unix
=== libgomp Summary ===
# of expected passes 2476
# of unsupported tests 9
=== libjava tests ===
Running target unix
FAIL: LargeFile execution - source compiled test
FAIL: LargeFile -findirect-dispatch execution - source compiled test
FAIL: LargeFile -O3 execution - source compiled test
FAIL: LargeFile -O3 -findirect-dispatch execution - source compiled test
=== libjava Summary ===
# of expected passes 2566
# of unexpected failures 4
# of untested testcases 4
=== libstdc++ tests ===
Running target unix
=== libstdc++ Summary ===
# of expected passes 6337
# of expected failures 89
# of unsupported tests 616
Compiler version: 4.5.2 20101030 (prerelease) [gcc-4_5-branch revision 166091] (GCC)
Platform: hppa2.0w-hp-hpux11.11
configure flags:Test Run By dave on Sat Oct 30 23:12:33 EDT 2010
More information about the Gcc-testresults
mailing list