Results for 4.6.0 20100520 (experimental) (GCC) testsuite on i386-pc-solaris2.11
Rainer Orth
ro@CeBiTec.Uni-Bielefeld.DE
Thu May 27 18:54:00 GMT 2010
=== acats tests ===
FAIL: c52103x
FAIL: c52104x
FAIL: c52104y
FAIL: cb1010a
FAIL: cb1010c
FAIL: cb1010d
=== acats Summary ===
# of expected passes 2315
# of unexpected failures 6
Native configuration is i386-pc-solaris2.11
=== g++ tests ===
Running target unix
FAIL: g++.dg/opt/mmx2.C (internal compiler error)
FAIL: g++.dg/opt/mmx2.C (test for excess errors)
FAIL: g++.dg/lto/20081109 cp_lto_20081109_0.o-cp_lto_20081109_1.o execute -O2 -fwhopr
XPASS: g++.old-deja/g++.oliva/dwarf2.C (test for excess errors)
XPASS: g++.old-deja/g++.oliva/dwarf3.C (test for excess errors)
XPASS: g++.old-deja/g++.other/init19.C execution test
=== g++ Summary for unix ===
# of expected passes 23360
# of unexpected failures 3
# of unexpected successes 3
# of expected failures 152
# of unsupported tests 162
Running target unix/-m64
FAIL: g++.dg/opt/mmx2.C (internal compiler error)
FAIL: g++.dg/opt/mmx2.C (test for excess errors)
WARNING: program timed out.
FAIL: g++.dg/lto/20091210-1 cp_lto_20091210-1_0.o-cp_lto_20091210-1_1.o link
UNRESOLVED: g++.dg/lto/20091210-1 cp_lto_20091210-1_0.o-cp_lto_20091210-1_1.o execute -O0 -fwhopr
FAIL: g++.dg/tls/static-1.C execution test
XPASS: g++.old-deja/g++.oliva/dwarf2.C (test for excess errors)
XPASS: g++.old-deja/g++.oliva/dwarf3.C (test for excess errors)
XPASS: g++.old-deja/g++.other/init19.C execution test
=== g++ Summary for unix/-m64 ===
# of expected passes 22947
# of unexpected failures 4
# of unexpected successes 3
# of expected failures 152
# of unresolved testcases 1
# of unsupported tests 361
=== g++ Summary ===
# of expected passes 46307
# of unexpected failures 7
# of unexpected successes 6
# of expected failures 304
# of unresolved testcases 1
# of unsupported tests 523
/vol/gcc/obj/regression/trunk/11-gcc-gas/build/gcc/testsuite/g++/../../g++ version 4.6.0 20100520 (experimental) (GCC)
=== gcc tests ===
Running target unix
FAIL: gcc.c-torture/compile/limits-exprparen.c -O0 (test for excess errors)
FAIL: gcc.c-torture/compile/limits-exprparen.c -O1 (test for excess errors)
FAIL: gcc.c-torture/compile/limits-exprparen.c -O2 (test for excess errors)
FAIL: gcc.c-torture/compile/limits-exprparen.c -O3 -fomit-frame-pointer (test for excess errors)
FAIL: gcc.c-torture/compile/limits-exprparen.c -O3 -g (test for excess errors)
FAIL: gcc.c-torture/compile/limits-exprparen.c -Os (test for excess errors)
FAIL: gcc.c-torture/compile/limits-exprparen.c -O2 -flto (test for excess errors)
FAIL: gcc.c-torture/compile/limits-exprparen.c -O2 -fwhopr (test for excess errors)
FAIL: gcc.c-torture/execute/20090207-1.c compilation, -O2 -fwhopr
UNRESOLVED: gcc.c-torture/execute/20090207-1.c execution, -O2 -fwhopr
FAIL: gcc.c-torture/execute/memcpy-2.c compilation, -O2 -fwhopr
UNRESOLVED: gcc.c-torture/execute/memcpy-2.c execution, -O2 -fwhopr
WARNING: program timed out.
WARNING: program timed out.
FAIL: gcc.dg/pr34668-1.c (test for excess errors)
FAIL: gcc.dg/lto/20090126-1 c_lto_20090126-1_0.o-c_lto_20090126-1_0.o link, (internal compiler error)
UNRESOLVED: gcc.dg/lto/20090126-1 c_lto_20090126-1_0.o-c_lto_20090126-1_0.o execute -O0 -fwhopr
UNRESOLVED: one_time_plugin.c compilation, -I. -I/vol/gcc/src/hg/trunk/local/gcc/testsuite -I/vol/gcc/src/hg/trunk/local/gcc/testsuite/../../gcc -I/vol/gcc/obj/regression/trunk/11-gcc-gas/build/gcc/testsuite/gcc/../../../gcc -I/vol/gcc/src/hg/trunk/local/gcc/testsuite/../../include -I/vol/gcc/src/hg/trunk/local/gcc/testsuite/../../libcpp/include -I/vol/gcc/include -I/vol/gcc/include -I/vol/gcc/include -DIN_GCC -fPIC -shared
FAIL: gcc.dg/tree-ssa/prefetch-3.c scan-tree-dump-times aprefetch "unroll factor 4" 1
FAIL: gcc.dg/tree-ssa/prefetch-5.c scan-tree-dump-times aprefetch "Issued prefetch" 2
FAIL: gcc.dg/tree-ssa/prefetch-6.c scan-tree-dump-times aprefetch "Issued prefetch" 5
FAIL: gcc.dg/tree-ssa/prefetch-6.c scan-tree-dump-times aprefetch "Issued nontemporal prefetch" 3
FAIL: gcc.dg/tree-ssa/prefetch-6.c scan-assembler-times prefetcht 5
FAIL: gcc.dg/tree-ssa/prefetch-6.c scan-assembler-times prefetchnta 3
FAIL: gcc.dg/tree-ssa/prefetch-7.c scan-tree-dump-times aprefetch "Issued prefetch" 5
FAIL: gcc.dg/tree-ssa/prefetch-7.c scan-tree-dump-times aprefetch "Issued nontemporal prefetch" 3
FAIL: gcc.dg/tree-ssa/prefetch-7.c scan-tree-dump-times aprefetch "a nontemporal store" 2
FAIL: gcc.dg/tree-ssa/prefetch-7.c scan-tree-dump-times optimized "builtin_prefetch" 8
FAIL: gcc.dg/tree-ssa/prefetch-7.c scan-tree-dump-times optimized "={nt}" 2
FAIL: gcc.dg/tree-ssa/prefetch-7.c scan-tree-dump-times optimized "__builtin_ia32_mfence" 2
FAIL: gcc.dg/tree-ssa/prefetch-7.c scan-assembler-times prefetchw 5
FAIL: gcc.dg/tree-ssa/prefetch-7.c scan-assembler-times prefetcht 1
FAIL: gcc.dg/tree-ssa/prefetch-7.c scan-assembler-times prefetchnta 2
FAIL: gcc.dg/tree-ssa/prefetch-7.c scan-assembler-times movnti 2
FAIL: gcc.dg/tree-ssa/prefetch-7.c scan-assembler-times mfence 2
FAIL: gcc.dg/tree-ssa/update-unroll-1.c scan-tree-dump-not aprefetch "SUCC: 7 .100.0%"
WARNING: program timed out.
FAIL: gcc.dg/vect/vect-78.c (test for excess errors)
FAIL: gcc.dg/vect/vect-78.c execution test
FAIL: gcc.target/i386/3dnow-1.c -Wl,-M,/vol/gcc/src/hg/trunk/local/gcc/testsuite/gcc.target/i386/clearcap.map (internal compiler error)
FAIL: gcc.target/i386/3dnow-1.c -Wl,-M,/vol/gcc/src/hg/trunk/local/gcc/testsuite/gcc.target/i386/clearcap.map (test for excess errors)
FAIL: gcc.target/i386/3dnow-2.c -Wl,-M,/vol/gcc/src/hg/trunk/local/gcc/testsuite/gcc.target/i386/clearcap.map (internal compiler error)
FAIL: gcc.target/i386/3dnow-2.c -Wl,-M,/vol/gcc/src/hg/trunk/local/gcc/testsuite/gcc.target/i386/clearcap.map (test for excess errors)
FAIL: gcc.target/i386/3dnowA-1.c -Wl,-M,/vol/gcc/src/hg/trunk/local/gcc/testsuite/gcc.target/i386/clearcap.map (internal compiler error)
FAIL: gcc.target/i386/3dnowA-1.c -Wl,-M,/vol/gcc/src/hg/trunk/local/gcc/testsuite/gcc.target/i386/clearcap.map (test for excess errors)
FAIL: gcc.target/i386/3dnowA-2.c -Wl,-M,/vol/gcc/src/hg/trunk/local/gcc/testsuite/gcc.target/i386/clearcap.map (internal compiler error)
FAIL: gcc.target/i386/3dnowA-2.c -Wl,-M,/vol/gcc/src/hg/trunk/local/gcc/testsuite/gcc.target/i386/clearcap.map (test for excess errors)
FAIL: gcc.target/i386/abi-2.c scan-assembler-times ymm0 1
FAIL: gcc.target/i386/avx-1.c -Wl,-M,/vol/gcc/src/hg/trunk/local/gcc/testsuite/gcc.target/i386/clearcap.map (internal compiler error)
FAIL: gcc.target/i386/avx-1.c -Wl,-M,/vol/gcc/src/hg/trunk/local/gcc/testsuite/gcc.target/i386/clearcap.map (test for excess errors)
FAIL: gcc.target/i386/avx-2.c -Wl,-M,/vol/gcc/src/hg/trunk/local/gcc/testsuite/gcc.target/i386/clearcap.map (internal compiler error)
FAIL: gcc.target/i386/avx-2.c -Wl,-M,/vol/gcc/src/hg/trunk/local/gcc/testsuite/gcc.target/i386/clearcap.map (test for excess errors)
FAIL: gcc.target/i386/avx-vmovntdq-256-1.c -Wl,-M,/vol/gcc/src/hg/trunk/local/gcc/testsuite/gcc.target/i386/clearcap.map (test for excess errors)
WARNING: gcc.target/i386/avx-vmovntdq-256-1.c -Wl,-M,/vol/gcc/src/hg/trunk/local/gcc/testsuite/gcc.target/i386/clearcap.map compilation failed to produce executable
FAIL: gcc.target/i386/avx-vmovntpd-256-1.c -Wl,-M,/vol/gcc/src/hg/trunk/local/gcc/testsuite/gcc.target/i386/clearcap.map (test for excess errors)
WARNING: gcc.target/i386/avx-vmovntpd-256-1.c -Wl,-M,/vol/gcc/src/hg/trunk/local/gcc/testsuite/gcc.target/i386/clearcap.map compilation failed to produce executable
FAIL: gcc.target/i386/avx-vmovntps-256-1.c -Wl,-M,/vol/gcc/src/hg/trunk/local/gcc/testsuite/gcc.target/i386/clearcap.map (test for excess errors)
WARNING: gcc.target/i386/avx-vmovntps-256-1.c -Wl,-M,/vol/gcc/src/hg/trunk/local/gcc/testsuite/gcc.target/i386/clearcap.map compilation failed to produce executable
FAIL: gcc.target/i386/avx-vzeroall-1.c -Wl,-M,/vol/gcc/src/hg/trunk/local/gcc/testsuite/gcc.target/i386/clearcap.map (internal compiler error)
FAIL: gcc.target/i386/avx-vzeroall-1.c -Wl,-M,/vol/gcc/src/hg/trunk/local/gcc/testsuite/gcc.target/i386/clearcap.map (test for excess errors)
WARNING: gcc.target/i386/avx-vzeroall-1.c -Wl,-M,/vol/gcc/src/hg/trunk/local/gcc/testsuite/gcc.target/i386/clearcap.map compilation failed to produce executable
FAIL: gcc.target/i386/avx-vzeroall-2.c -Wl,-M,/vol/gcc/src/hg/trunk/local/gcc/testsuite/gcc.target/i386/clearcap.map (internal compiler error)
FAIL: gcc.target/i386/avx-vzeroall-2.c -Wl,-M,/vol/gcc/src/hg/trunk/local/gcc/testsuite/gcc.target/i386/clearcap.map (test for excess errors)
WARNING: gcc.target/i386/avx-vzeroall-2.c -Wl,-M,/vol/gcc/src/hg/trunk/local/gcc/testsuite/gcc.target/i386/clearcap.map compilation failed to produce executable
FAIL: gcc.target/i386/avx-vzeroupper-1.c -Wl,-M,/vol/gcc/src/hg/trunk/local/gcc/testsuite/gcc.target/i386/clearcap.map (internal compiler error)
FAIL: gcc.target/i386/avx-vzeroupper-1.c -Wl,-M,/vol/gcc/src/hg/trunk/local/gcc/testsuite/gcc.target/i386/clearcap.map (test for excess errors)
WARNING: gcc.target/i386/avx-vzeroupper-1.c -Wl,-M,/vol/gcc/src/hg/trunk/local/gcc/testsuite/gcc.target/i386/clearcap.map compilation failed to produce executable
FAIL: gcc.target/i386/avx-vzeroupper-2.c -Wl,-M,/vol/gcc/src/hg/trunk/local/gcc/testsuite/gcc.target/i386/clearcap.map (internal compiler error)
FAIL: gcc.target/i386/avx-vzeroupper-2.c -Wl,-M,/vol/gcc/src/hg/trunk/local/gcc/testsuite/gcc.target/i386/clearcap.map (test for excess errors)
WARNING: gcc.target/i386/avx-vzeroupper-2.c -Wl,-M,/vol/gcc/src/hg/trunk/local/gcc/testsuite/gcc.target/i386/clearcap.map compilation failed to produce executable
FAIL: gcc.target/i386/mmx-1.c -Wl,-M,/vol/gcc/src/hg/trunk/local/gcc/testsuite/gcc.target/i386/clearcap.map (internal compiler error)
FAIL: gcc.target/i386/mmx-1.c -Wl,-M,/vol/gcc/src/hg/trunk/local/gcc/testsuite/gcc.target/i386/clearcap.map (test for excess errors)
FAIL: gcc.target/i386/mmx-2.c -Wl,-M,/vol/gcc/src/hg/trunk/local/gcc/testsuite/gcc.target/i386/clearcap.map (internal compiler error)
FAIL: gcc.target/i386/mmx-2.c -Wl,-M,/vol/gcc/src/hg/trunk/local/gcc/testsuite/gcc.target/i386/clearcap.map (test for excess errors)
FAIL: gcc.target/i386/mmx-7.c -Wl,-M,/vol/gcc/src/hg/trunk/local/gcc/testsuite/gcc.target/i386/clearcap.map (internal compiler error)
FAIL: gcc.target/i386/mmx-7.c -Wl,-M,/vol/gcc/src/hg/trunk/local/gcc/testsuite/gcc.target/i386/clearcap.map (test for excess errors)
FAIL: gcc.target/i386/pr22076.c scan-assembler-times movq 3
FAIL: gcc.target/i386/pr22076.c scan-assembler-not movl
FAIL: gcc.target/i386/pr36438.c -Wl,-M,/vol/gcc/src/hg/trunk/local/gcc/testsuite/gcc.target/i386/clearcap.map (internal compiler error)
FAIL: gcc.target/i386/pr36438.c -Wl,-M,/vol/gcc/src/hg/trunk/local/gcc/testsuite/gcc.target/i386/clearcap.map (test for excess errors)
FAIL: gcc.target/i386/pr42549.c -Wl,-M,/vol/gcc/src/hg/trunk/local/gcc/testsuite/gcc.target/i386/clearcap.map (internal compiler error)
FAIL: gcc.target/i386/pr42549.c -Wl,-M,/vol/gcc/src/hg/trunk/local/gcc/testsuite/gcc.target/i386/clearcap.map (test for excess errors)
WARNING: gcc.target/i386/pr42549.c -Wl,-M,/vol/gcc/src/hg/trunk/local/gcc/testsuite/gcc.target/i386/clearcap.map compilation failed to produce executable
FAIL: gcc.target/i386/sse-13.c -Wl,-M,/vol/gcc/src/hg/trunk/local/gcc/testsuite/gcc.target/i386/clearcap.map (internal compiler error)
FAIL: gcc.target/i386/sse-13.c -Wl,-M,/vol/gcc/src/hg/trunk/local/gcc/testsuite/gcc.target/i386/clearcap.map (test for excess errors)
FAIL: gcc.target/i386/sse-14.c -Wl,-M,/vol/gcc/src/hg/trunk/local/gcc/testsuite/gcc.target/i386/clearcap.map (internal compiler error)
FAIL: gcc.target/i386/sse-14.c -Wl,-M,/vol/gcc/src/hg/trunk/local/gcc/testsuite/gcc.target/i386/clearcap.map (test for excess errors)
FAIL: gcc.target/i386/sse-22.c -Wl,-M,/vol/gcc/src/hg/trunk/local/gcc/testsuite/gcc.target/i386/clearcap.map (internal compiler error)
FAIL: gcc.target/i386/sse-22.c -Wl,-M,/vol/gcc/src/hg/trunk/local/gcc/testsuite/gcc.target/i386/clearcap.map (test for excess errors)
FAIL: gcc.target/i386/sse-23.c -Wl,-M,/vol/gcc/src/hg/trunk/local/gcc/testsuite/gcc.target/i386/clearcap.map (internal compiler error)
FAIL: gcc.target/i386/sse-23.c -Wl,-M,/vol/gcc/src/hg/trunk/local/gcc/testsuite/gcc.target/i386/clearcap.map (test for excess errors)
WARNING: program timed out.
FAIL: gcc.target/i386/sse-minps-1.c -Wl,-M,/vol/gcc/src/hg/trunk/local/gcc/testsuite/gcc.target/i386/clearcap.map (test for excess errors)
FAIL: gcc.target/i386/sse-minps-1.c -Wl,-M,/vol/gcc/src/hg/trunk/local/gcc/testsuite/gcc.target/i386/clearcap.map execution test
FAIL: gcc.target/i386/sse2-mmx.c -Wl,-M,/vol/gcc/src/hg/trunk/local/gcc/testsuite/gcc.target/i386/clearcap.map (internal compiler error)
FAIL: gcc.target/i386/sse2-mmx.c -Wl,-M,/vol/gcc/src/hg/trunk/local/gcc/testsuite/gcc.target/i386/clearcap.map (test for excess errors)
WARNING: gcc.target/i386/sse2-mmx.c -Wl,-M,/vol/gcc/src/hg/trunk/local/gcc/testsuite/gcc.target/i386/clearcap.map compilation failed to produce executable
FAIL: gcc.target/i386/ssse3-pabsb.c -Wl,-M,/vol/gcc/src/hg/trunk/local/gcc/testsuite/gcc.target/i386/clearcap.map (internal compiler error)
FAIL: gcc.target/i386/ssse3-pabsb.c -Wl,-M,/vol/gcc/src/hg/trunk/local/gcc/testsuite/gcc.target/i386/clearcap.map (test for excess errors)
WARNING: gcc.target/i386/ssse3-pabsb.c -Wl,-M,/vol/gcc/src/hg/trunk/local/gcc/testsuite/gcc.target/i386/clearcap.map compilation failed to produce executable
FAIL: gcc.target/i386/ssse3-pabsd.c -Wl,-M,/vol/gcc/src/hg/trunk/local/gcc/testsuite/gcc.target/i386/clearcap.map (internal compiler error)
FAIL: gcc.target/i386/ssse3-pabsd.c -Wl,-M,/vol/gcc/src/hg/trunk/local/gcc/testsuite/gcc.target/i386/clearcap.map (test for excess errors)
WARNING: gcc.target/i386/ssse3-pabsd.c -Wl,-M,/vol/gcc/src/hg/trunk/local/gcc/testsuite/gcc.target/i386/clearcap.map compilation failed to produce executable
FAIL: gcc.target/i386/ssse3-pabsw.c -Wl,-M,/vol/gcc/src/hg/trunk/local/gcc/testsuite/gcc.target/i386/clearcap.map (internal compiler error)
FAIL: gcc.target/i386/ssse3-pabsw.c -Wl,-M,/vol/gcc/src/hg/trunk/local/gcc/testsuite/gcc.target/i386/clearcap.map (test for excess errors)
WARNING: gcc.target/i386/ssse3-pabsw.c -Wl,-M,/vol/gcc/src/hg/trunk/local/gcc/testsuite/gcc.target/i386/clearcap.map compilation failed to produce executable
FAIL: gcc.target/i386/ssse3-palignr.c -Wl,-M,/vol/gcc/src/hg/trunk/local/gcc/testsuite/gcc.target/i386/clearcap.map (internal compiler error)
FAIL: gcc.target/i386/ssse3-palignr.c -Wl,-M,/vol/gcc/src/hg/trunk/local/gcc/testsuite/gcc.target/i386/clearcap.map (test for excess errors)
WARNING: gcc.target/i386/ssse3-palignr.c -Wl,-M,/vol/gcc/src/hg/trunk/local/gcc/testsuite/gcc.target/i386/clearcap.map compilation failed to produce executable
FAIL: gcc.target/i386/ssse3-phaddd.c -Wl,-M,/vol/gcc/src/hg/trunk/local/gcc/testsuite/gcc.target/i386/clearcap.map (internal compiler error)
FAIL: gcc.target/i386/ssse3-phaddd.c -Wl,-M,/vol/gcc/src/hg/trunk/local/gcc/testsuite/gcc.target/i386/clearcap.map (test for excess errors)
WARNING: gcc.target/i386/ssse3-phaddd.c -Wl,-M,/vol/gcc/src/hg/trunk/local/gcc/testsuite/gcc.target/i386/clearcap.map compilation failed to produce executable
FAIL: gcc.target/i386/ssse3-phaddsw.c -Wl,-M,/vol/gcc/src/hg/trunk/local/gcc/testsuite/gcc.target/i386/clearcap.map (internal compiler error)
FAIL: gcc.target/i386/ssse3-phaddsw.c -Wl,-M,/vol/gcc/src/hg/trunk/local/gcc/testsuite/gcc.target/i386/clearcap.map (test for excess errors)
WARNING: gcc.target/i386/ssse3-phaddsw.c -Wl,-M,/vol/gcc/src/hg/trunk/local/gcc/testsuite/gcc.target/i386/clearcap.map compilation failed to produce executable
FAIL: gcc.target/i386/ssse3-phaddw.c -Wl,-M,/vol/gcc/src/hg/trunk/local/gcc/testsuite/gcc.target/i386/clearcap.map (internal compiler error)
FAIL: gcc.target/i386/ssse3-phaddw.c -Wl,-M,/vol/gcc/src/hg/trunk/local/gcc/testsuite/gcc.target/i386/clearcap.map (test for excess errors)
WARNING: gcc.target/i386/ssse3-phaddw.c -Wl,-M,/vol/gcc/src/hg/trunk/local/gcc/testsuite/gcc.target/i386/clearcap.map compilation failed to produce executable
FAIL: gcc.target/i386/ssse3-phsubd.c -Wl,-M,/vol/gcc/src/hg/trunk/local/gcc/testsuite/gcc.target/i386/clearcap.map (internal compiler error)
FAIL: gcc.target/i386/ssse3-phsubd.c -Wl,-M,/vol/gcc/src/hg/trunk/local/gcc/testsuite/gcc.target/i386/clearcap.map (test for excess errors)
WARNING: gcc.target/i386/ssse3-phsubd.c -Wl,-M,/vol/gcc/src/hg/trunk/local/gcc/testsuite/gcc.target/i386/clearcap.map compilation failed to produce executable
FAIL: gcc.target/i386/ssse3-phsubsw.c -Wl,-M,/vol/gcc/src/hg/trunk/local/gcc/testsuite/gcc.target/i386/clearcap.map (internal compiler error)
FAIL: gcc.target/i386/ssse3-phsubsw.c -Wl,-M,/vol/gcc/src/hg/trunk/local/gcc/testsuite/gcc.target/i386/clearcap.map (test for excess errors)
WARNING: gcc.target/i386/ssse3-phsubsw.c -Wl,-M,/vol/gcc/src/hg/trunk/local/gcc/testsuite/gcc.target/i386/clearcap.map compilation failed to produce executable
FAIL: gcc.target/i386/ssse3-phsubw.c -Wl,-M,/vol/gcc/src/hg/trunk/local/gcc/testsuite/gcc.target/i386/clearcap.map (internal compiler error)
FAIL: gcc.target/i386/ssse3-phsubw.c -Wl,-M,/vol/gcc/src/hg/trunk/local/gcc/testsuite/gcc.target/i386/clearcap.map (test for excess errors)
WARNING: gcc.target/i386/ssse3-phsubw.c -Wl,-M,/vol/gcc/src/hg/trunk/local/gcc/testsuite/gcc.target/i386/clearcap.map compilation failed to produce executable
FAIL: gcc.target/i386/ssse3-pmaddubsw.c -Wl,-M,/vol/gcc/src/hg/trunk/local/gcc/testsuite/gcc.target/i386/clearcap.map (internal compiler error)
FAIL: gcc.target/i386/ssse3-pmaddubsw.c -Wl,-M,/vol/gcc/src/hg/trunk/local/gcc/testsuite/gcc.target/i386/clearcap.map (test for excess errors)
WARNING: gcc.target/i386/ssse3-pmaddubsw.c -Wl,-M,/vol/gcc/src/hg/trunk/local/gcc/testsuite/gcc.target/i386/clearcap.map compilation failed to produce executable
FAIL: gcc.target/i386/ssse3-pmulhrsw.c -Wl,-M,/vol/gcc/src/hg/trunk/local/gcc/testsuite/gcc.target/i386/clearcap.map (internal compiler error)
FAIL: gcc.target/i386/ssse3-pmulhrsw.c -Wl,-M,/vol/gcc/src/hg/trunk/local/gcc/testsuite/gcc.target/i386/clearcap.map (test for excess errors)
WARNING: gcc.target/i386/ssse3-pmulhrsw.c -Wl,-M,/vol/gcc/src/hg/trunk/local/gcc/testsuite/gcc.target/i386/clearcap.map compilation failed to produce executable
FAIL: gcc.target/i386/ssse3-pshufb.c -Wl,-M,/vol/gcc/src/hg/trunk/local/gcc/testsuite/gcc.target/i386/clearcap.map (internal compiler error)
FAIL: gcc.target/i386/ssse3-pshufb.c -Wl,-M,/vol/gcc/src/hg/trunk/local/gcc/testsuite/gcc.target/i386/clearcap.map (test for excess errors)
WARNING: gcc.target/i386/ssse3-pshufb.c -Wl,-M,/vol/gcc/src/hg/trunk/local/gcc/testsuite/gcc.target/i386/clearcap.map compilation failed to produce executable
FAIL: gcc.target/i386/ssse3-psignb.c -Wl,-M,/vol/gcc/src/hg/trunk/local/gcc/testsuite/gcc.target/i386/clearcap.map (internal compiler error)
FAIL: gcc.target/i386/ssse3-psignb.c -Wl,-M,/vol/gcc/src/hg/trunk/local/gcc/testsuite/gcc.target/i386/clearcap.map (test for excess errors)
WARNING: gcc.target/i386/ssse3-psignb.c -Wl,-M,/vol/gcc/src/hg/trunk/local/gcc/testsuite/gcc.target/i386/clearcap.map compilation failed to produce executable
FAIL: gcc.target/i386/ssse3-psignd.c -Wl,-M,/vol/gcc/src/hg/trunk/local/gcc/testsuite/gcc.target/i386/clearcap.map (internal compiler error)
FAIL: gcc.target/i386/ssse3-psignd.c -Wl,-M,/vol/gcc/src/hg/trunk/local/gcc/testsuite/gcc.target/i386/clearcap.map (test for excess errors)
WARNING: gcc.target/i386/ssse3-psignd.c -Wl,-M,/vol/gcc/src/hg/trunk/local/gcc/testsuite/gcc.target/i386/clearcap.map compilation failed to produce executable
FAIL: gcc.target/i386/ssse3-psignw.c -Wl,-M,/vol/gcc/src/hg/trunk/local/gcc/testsuite/gcc.target/i386/clearcap.map (internal compiler error)
FAIL: gcc.target/i386/ssse3-psignw.c -Wl,-M,/vol/gcc/src/hg/trunk/local/gcc/testsuite/gcc.target/i386/clearcap.map (test for excess errors)
WARNING: gcc.target/i386/ssse3-psignw.c -Wl,-M,/vol/gcc/src/hg/trunk/local/gcc/testsuite/gcc.target/i386/clearcap.map compilation failed to produce executable
=== gcc Summary for unix ===
# of expected passes 71430
# of unexpected failures 112
# of expected failures 172
# of unresolved testcases 4
# of unsupported tests 692
Running target unix/-m64
FAIL: gcc.c-torture/compile/limits-exprparen.c -O0 (test for excess errors)
FAIL: gcc.c-torture/compile/limits-exprparen.c -O1 (test for excess errors)
FAIL: gcc.c-torture/compile/limits-exprparen.c -O2 (test for excess errors)
FAIL: gcc.c-torture/compile/limits-exprparen.c -O3 -fomit-frame-pointer (test for excess errors)
FAIL: gcc.c-torture/compile/limits-exprparen.c -O3 -g (test for excess errors)
FAIL: gcc.c-torture/compile/limits-exprparen.c -Os (test for excess errors)
FAIL: gcc.c-torture/compile/limits-exprparen.c -O2 -flto (test for excess errors)
FAIL: gcc.c-torture/compile/limits-exprparen.c -O2 -fwhopr (test for excess errors)
WARNING: program timed out.
FAIL: gcc.c-torture/unsorted/dump-noaddr.c, -O3 -fomit-frame-pointer -dumpbase dump2/dump-noaddr.c -DMASK=2 -x c -fdump-ipa-all -fdump-rtl-all -fdump-tree-all -fdump-noaddr
FAIL: gcc.c-torture/unsorted/dump-noaddr.c.000i.cgraph, -O3 -fomit-frame-pointer comparison
FAIL: gcc.c-torture/unsorted/dump-noaddr.c.163r.loop2, -O3 -fomit-frame-pointer comparison
FAIL: gcc.c-torture/unsorted/dump-noaddr.c.164r.loop2_init, -O3 -fomit-frame-pointer comparison
FAIL: gcc.c-torture/unsorted/dump-noaddr.c.165r.loop2_invariant, -O3 -fomit-frame-pointer comparison
FAIL: gcc.c-torture/unsorted/dump-noaddr.c.166r.loop2_unswitch, -O3 -fomit-frame-pointer comparison
FAIL: gcc.c-torture/unsorted/dump-noaddr.c.169r.loop2_done, -O3 -fomit-frame-pointer comparison
FAIL: gcc.c-torture/unsorted/dump-noaddr.c.171r.cprop3, -O3 -fomit-frame-pointer comparison
FAIL: gcc.c-torture/unsorted/dump-noaddr.c.172r.cse2, -O3 -fomit-frame-pointer comparison
FAIL: gcc.c-torture/unsorted/dump-noaddr.c.173r.dse1, -O3 -fomit-frame-pointer comparison
FAIL: gcc.c-torture/unsorted/dump-noaddr.c.174r.fwprop2, -O3 -fomit-frame-pointer comparison
FAIL: gcc.c-torture/unsorted/dump-noaddr.c.176r.init-regs, -O3 -fomit-frame-pointer comparison
FAIL: gcc.c-torture/unsorted/dump-noaddr.c.177r.dce, -O3 -fomit-frame-pointer comparison
FAIL: gcc.c-torture/unsorted/dump-noaddr.c.178r.combine, -O3 -fomit-frame-pointer comparison
FAIL: gcc.c-torture/unsorted/dump-noaddr.c.179r.ce2, -O3 -fomit-frame-pointer comparison
FAIL: gcc.c-torture/unsorted/dump-noaddr.c.181r.regmove, -O3 -fomit-frame-pointer comparison
FAIL: gcc.c-torture/unsorted/dump-noaddr.c.182r.outof_cfglayout, -O3 -fomit-frame-pointer comparison
FAIL: gcc.c-torture/unsorted/dump-noaddr.c.183r.split1, -O3 -fomit-frame-pointer comparison
FAIL: gcc.c-torture/unsorted/dump-noaddr.c.184r.subreg2, -O3 -fomit-frame-pointer comparison
FAIL: gcc.c-torture/unsorted/dump-noaddr.c.186r.mode_sw, -O3 -fomit-frame-pointer comparison
FAIL: gcc.c-torture/unsorted/dump-noaddr.c.187r.asmcons, -O3 -fomit-frame-pointer comparison
FAIL: gcc.c-torture/unsorted/dump-noaddr.c.190r.ira, -O3 -fomit-frame-pointer comparison
FAIL: gcc.c-torture/unsorted/dump-noaddr.c.191r.postreload, -O3 -fomit-frame-pointer comparison
FAIL: gcc.c-torture/unsorted/dump-noaddr.c.192r.gcse2, -O3 -fomit-frame-pointer comparison
FAIL: gcc.c-torture/unsorted/dump-noaddr.c.193r.split2, -O3 -fomit-frame-pointer comparison
FAIL: gcc.c-torture/unsorted/dump-noaddr.c.196r.pro_and_epilogue, -O3 -fomit-frame-pointer comparison
FAIL: gcc.c-torture/unsorted/dump-noaddr.c.197r.dse2, -O3 -fomit-frame-pointer comparison
FAIL: gcc.c-torture/unsorted/dump-noaddr.c.198r.csa, -O3 -fomit-frame-pointer comparison
FAIL: gcc.c-torture/unsorted/dump-noaddr.c.199r.peephole2, -O3 -fomit-frame-pointer comparison
FAIL: gcc.c-torture/unsorted/dump-noaddr.c.200r.ce3, -O3 -fomit-frame-pointer comparison
FAIL: gcc.c-torture/unsorted/dump-noaddr.c.202r.cprop_hardreg, -O3 -fomit-frame-pointer comparison
FAIL: gcc.c-torture/unsorted/dump-noaddr.c.203r.dce, -O3 -fomit-frame-pointer comparison
FAIL: gcc.c-torture/unsorted/dump-noaddr.c.204r.bbro, -O3 -fomit-frame-pointer comparison
FAIL: gcc.c-torture/unsorted/dump-noaddr.c.206r.split4, -O3 -fomit-frame-pointer comparison
FAIL: gcc.c-torture/unsorted/dump-noaddr.c.207r.sched2, -O3 -fomit-frame-pointer comparison
FAIL: gcc.c-torture/unsorted/dump-noaddr.c.209r.stack, -O3 -fomit-frame-pointer comparison
FAIL: gcc.c-torture/unsorted/dump-noaddr.c.210r.alignments, -O3 -fomit-frame-pointer comparison
FAIL: gcc.c-torture/unsorted/dump-noaddr.c.211r.compgotos, -O3 -fomit-frame-pointer comparison
FAIL: gcc.c-torture/unsorted/dump-noaddr.c.213r.mach, -O3 -fomit-frame-pointer comparison
FAIL: gcc.c-torture/unsorted/dump-noaddr.c.214r.barriers, -O3 -fomit-frame-pointer comparison
FAIL: gcc.c-torture/unsorted/dump-noaddr.c.218r.shorten, -O3 -fomit-frame-pointer comparison
FAIL: gcc.c-torture/unsorted/dump-noaddr.c.219r.nothrow, -O3 -fomit-frame-pointer comparison
FAIL: gcc.c-torture/unsorted/dump-noaddr.c.220r.final, -O3 -fomit-frame-pointer comparison
FAIL: gcc.c-torture/unsorted/dump-noaddr.c.221r.dfinish, -O3 -fomit-frame-pointer comparison
FAIL: gcc.c-torture/unsorted/dump-noaddr.c.222t.statistics, -O3 -fomit-frame-pointer comparison
WARNING: program timed out.
FAIL: gcc.c-torture/unsorted/dump-noaddr.c, -O3 -fomit-frame-pointer -funroll-loops -dumpbase dump1/dump-noaddr.c -DMASK=1 -x c --param ggc-min-heapsize=1 -fdump-ipa-all -fdump-rtl-all -fdump-tree-all -fdump-noaddr
WARNING: program timed out.
FAIL: gcc.c-torture/unsorted/dump-noaddr.c, -O3 -fomit-frame-pointer -funroll-loops -dumpbase dump2/dump-noaddr.c -DMASK=2 -x c -fdump-ipa-all -fdump-rtl-all -fdump-tree-all -fdump-noaddr
FAIL: gcc.c-torture/unsorted/dump-noaddr.c.047i.inline, -O3 -fomit-frame-pointer -funroll-loops comparison
FAIL: gcc.c-torture/unsorted/dump-noaddr.c.056t.addressables, -O3 -fomit-frame-pointer -funroll-loops comparison
FAIL: gcc.c-torture/unsorted/dump-noaddr.c.057t.copyrename2, -O3 -fomit-frame-pointer -funroll-loops comparison
FAIL: gcc.c-torture/unsorted/dump-noaddr.c.058t.cunrolli, -O3 -fomit-frame-pointer -funroll-loops comparison
FAIL: gcc.c-torture/unsorted/dump-noaddr.c.059t.ccp2, -O3 -fomit-frame-pointer -funroll-loops comparison
FAIL: gcc.c-torture/unsorted/dump-noaddr.c.060t.forwprop2, -O3 -fomit-frame-pointer -funroll-loops comparison
FAIL: gcc.c-torture/unsorted/dump-noaddr.c.061t.cdce, -O3 -fomit-frame-pointer -funroll-loops comparison
FAIL: gcc.c-torture/unsorted/dump-noaddr.c.062t.alias, -O3 -fomit-frame-pointer -funroll-loops comparison
FAIL: gcc.c-torture/unsorted/dump-noaddr.c.063t.retslot, -O3 -fomit-frame-pointer -funroll-loops comparison
FAIL: gcc.c-torture/unsorted/dump-noaddr.c.064t.phiprop, -O3 -fomit-frame-pointer -funroll-loops comparison
FAIL: gcc.c-torture/unsorted/dump-noaddr.c.065t.fre, -O3 -fomit-frame-pointer -funroll-loops comparison
FAIL: gcc.c-torture/unsorted/dump-noaddr.c.066t.copyprop2, -O3 -fomit-frame-pointer -funroll-loops comparison
FAIL: gcc.c-torture/unsorted/dump-noaddr.c.067t.mergephi2, -O3 -fomit-frame-pointer -funroll-loops comparison
FAIL: gcc.c-torture/unsorted/dump-noaddr.c.068t.vrp1, -O3 -fomit-frame-pointer -funroll-loops comparison
FAIL: gcc.c-torture/unsorted/dump-noaddr.c.069t.dce1, -O3 -fomit-frame-pointer -funroll-loops comparison
WARNING: dump2/dump-noaddr.c.070t.cselim doesn't exist
WARNING: dump2/dump-noaddr.c.071t.ifcombine doesn't exist
WARNING: dump2/dump-noaddr.c.072t.phiopt1 doesn't exist
WARNING: dump2/dump-noaddr.c.073t.tailr2 doesn't exist
WARNING: dump2/dump-noaddr.c.074t.ch doesn't exist
WARNING: dump2/dump-noaddr.c.076t.cplxlower doesn't exist
WARNING: dump2/dump-noaddr.c.077t.sra doesn't exist
WARNING: dump2/dump-noaddr.c.078t.copyrename3 doesn't exist
WARNING: dump2/dump-noaddr.c.079t.dom1 doesn't exist
WARNING: dump2/dump-noaddr.c.080t.phicprop1 doesn't exist
WARNING: dump2/dump-noaddr.c.081t.dse1 doesn't exist
WARNING: dump2/dump-noaddr.c.082t.reassoc1 doesn't exist
WARNING: dump2/dump-noaddr.c.083t.dce2 doesn't exist
WARNING: dump2/dump-noaddr.c.084t.forwprop3 doesn't exist
WARNING: dump2/dump-noaddr.c.085t.phiopt2 doesn't exist
WARNING: dump2/dump-noaddr.c.086t.objsz doesn't exist
WARNING: dump2/dump-noaddr.c.087t.ccp3 doesn't exist
WARNING: dump2/dump-noaddr.c.088t.copyprop3 doesn't exist
WARNING: dump2/dump-noaddr.c.089t.sincos doesn't exist
WARNING: dump2/dump-noaddr.c.090t.bswap doesn't exist
WARNING: dump2/dump-noaddr.c.091t.crited doesn't exist
WARNING: dump2/dump-noaddr.c.092t.pre doesn't exist
WARNING: dump2/dump-noaddr.c.093t.sink doesn't exist
WARNING: dump2/dump-noaddr.c.094t.loop doesn't exist
WARNING: dump2/dump-noaddr.c.095t.loopinit doesn't exist
WARNING: dump2/dump-noaddr.c.096t.lim1 doesn't exist
WARNING: dump2/dump-noaddr.c.097t.copyprop4 doesn't exist
WARNING: dump2/dump-noaddr.c.098t.dceloop1 doesn't exist
WARNING: dump2/dump-noaddr.c.099t.unswitch doesn't exist
WARNING: dump2/dump-noaddr.c.100t.sccp doesn't exist
WARNING: dump2/dump-noaddr.c.108t.ivcanon doesn't exist
WARNING: dump2/dump-noaddr.c.109t.ifcvt doesn't exist
WARNING: dump2/dump-noaddr.c.110t.vect doesn't exist
WARNING: dump2/dump-noaddr.c.111t.veclower2 doesn't exist
WARNING: dump2/dump-noaddr.c.112t.dceloop3 doesn't exist
WARNING: dump2/dump-noaddr.c.113t.pcom doesn't exist
WARNING: dump2/dump-noaddr.c.114t.cunroll doesn't exist
WARNING: dump2/dump-noaddr.c.115t.slp doesn't exist
WARNING: dump2/dump-noaddr.c.118t.ivopts doesn't exist
WARNING: dump2/dump-noaddr.c.119t.loopdone doesn't exist
WARNING: dump2/dump-noaddr.c.121t.reassoc2 doesn't exist
WARNING: dump2/dump-noaddr.c.122t.vrp2 doesn't exist
WARNING: dump2/dump-noaddr.c.123t.dom2 doesn't exist
WARNING: dump2/dump-noaddr.c.124t.phicprop2 doesn't exist
WARNING: dump2/dump-noaddr.c.125t.cddce2 doesn't exist
WARNING: dump2/dump-noaddr.c.128t.dse2 doesn't exist
WARNING: dump2/dump-noaddr.c.129t.forwprop4 doesn't exist
WARNING: dump2/dump-noaddr.c.130t.phiopt3 doesn't exist
WARNING: dump2/dump-noaddr.c.131t.fab doesn't exist
WARNING: dump2/dump-noaddr.c.132t.widening_mul doesn't exist
WARNING: dump2/dump-noaddr.c.133t.tailc doesn't exist
WARNING: dump2/dump-noaddr.c.134t.copyrename4 doesn't exist
WARNING: dump2/dump-noaddr.c.135t.uncprop doesn't exist
WARNING: dump2/dump-noaddr.c.136t.local-pure-const2 doesn't exist
WARNING: dump2/dump-noaddr.c.140t.nrv doesn't exist
WARNING: dump2/dump-noaddr.c.142t.optimized doesn't exist
WARNING: dump2/dump-noaddr.c.143r.expand doesn't exist
WARNING: dump2/dump-noaddr.c.144r.sibling doesn't exist
WARNING: dump2/dump-noaddr.c.146r.initvals doesn't exist
WARNING: dump2/dump-noaddr.c.147r.unshare doesn't exist
WARNING: dump2/dump-noaddr.c.148r.vregs doesn't exist
WARNING: dump2/dump-noaddr.c.149r.into_cfglayout doesn't exist
WARNING: dump2/dump-noaddr.c.150r.jump doesn't exist
WARNING: dump2/dump-noaddr.c.151r.subreg1 doesn't exist
WARNING: dump2/dump-noaddr.c.152r.dfinit doesn't exist
WARNING: dump2/dump-noaddr.c.153r.cse1 doesn't exist
WARNING: dump2/dump-noaddr.c.154r.fwprop1 doesn't exist
WARNING: dump2/dump-noaddr.c.155r.cprop1 doesn't exist
WARNING: dump2/dump-noaddr.c.156r.pre doesn't exist
WARNING: dump2/dump-noaddr.c.158r.cprop2 doesn't exist
WARNING: dump2/dump-noaddr.c.161r.ce1 doesn't exist
WARNING: dump2/dump-noaddr.c.162r.reginfo doesn't exist
WARNING: dump2/dump-noaddr.c.163r.loop2 doesn't exist
WARNING: dump2/dump-noaddr.c.164r.loop2_init doesn't exist
WARNING: dump2/dump-noaddr.c.165r.loop2_invariant doesn't exist
WARNING: dump2/dump-noaddr.c.166r.loop2_unswitch doesn't exist
WARNING: dump2/dump-noaddr.c.167r.loop2_unroll doesn't exist
WARNING: dump2/dump-noaddr.c.169r.loop2_done doesn't exist
WARNING: dump2/dump-noaddr.c.170r.web doesn't exist
WARNING: dump2/dump-noaddr.c.171r.cprop3 doesn't exist
WARNING: dump2/dump-noaddr.c.172r.cse2 doesn't exist
WARNING: dump2/dump-noaddr.c.173r.dse1 doesn't exist
WARNING: dump2/dump-noaddr.c.174r.fwprop2 doesn't exist
WARNING: dump2/dump-noaddr.c.176r.init-regs doesn't exist
WARNING: dump2/dump-noaddr.c.177r.dce doesn't exist
WARNING: dump2/dump-noaddr.c.178r.combine doesn't exist
WARNING: dump2/dump-noaddr.c.179r.ce2 doesn't exist
WARNING: dump2/dump-noaddr.c.181r.regmove doesn't exist
WARNING: dump2/dump-noaddr.c.182r.outof_cfglayout doesn't exist
WARNING: dump2/dump-noaddr.c.183r.split1 doesn't exist
WARNING: dump2/dump-noaddr.c.184r.subreg2 doesn't exist
WARNING: dump2/dump-noaddr.c.186r.mode_sw doesn't exist
WARNING: dump2/dump-noaddr.c.187r.asmcons doesn't exist
WARNING: dump2/dump-noaddr.c.190r.ira doesn't exist
WARNING: dump2/dump-noaddr.c.191r.postreload doesn't exist
WARNING: dump2/dump-noaddr.c.192r.gcse2 doesn't exist
WARNING: dump2/dump-noaddr.c.193r.split2 doesn't exist
WARNING: dump2/dump-noaddr.c.196r.pro_and_epilogue doesn't exist
WARNING: dump2/dump-noaddr.c.197r.dse2 doesn't exist
WARNING: dump2/dump-noaddr.c.198r.csa doesn't exist
WARNING: dump2/dump-noaddr.c.199r.peephole2 doesn't exist
WARNING: dump2/dump-noaddr.c.200r.ce3 doesn't exist
WARNING: dump2/dump-noaddr.c.201r.rnreg doesn't exist
WARNING: dump2/dump-noaddr.c.202r.cprop_hardreg doesn't exist
WARNING: dump2/dump-noaddr.c.203r.dce doesn't exist
WARNING: dump2/dump-noaddr.c.204r.bbro doesn't exist
WARNING: dump2/dump-noaddr.c.206r.split4 doesn't exist
WARNING: dump2/dump-noaddr.c.207r.sched2 doesn't exist
WARNING: dump2/dump-noaddr.c.209r.stack doesn't exist
WARNING: dump2/dump-noaddr.c.210r.alignments doesn't exist
WARNING: dump2/dump-noaddr.c.211r.compgotos doesn't exist
WARNING: dump2/dump-noaddr.c.213r.mach doesn't exist
WARNING: dump2/dump-noaddr.c.214r.barriers doesn't exist
WARNING: dump2/dump-noaddr.c.218r.shorten doesn't exist
WARNING: dump2/dump-noaddr.c.219r.nothrow doesn't exist
WARNING: dump2/dump-noaddr.c.220r.final doesn't exist
WARNING: dump2/dump-noaddr.c.221r.dfinish doesn't exist
FAIL: gcc.dg/cpp/trad/include.c (internal compiler error)
FAIL: gcc.dg/cpp/trad/include.c (test for excess errors)
FAIL: gcc.dg/pr34668-1.c (test for excess errors)
FAIL: gcc.dg/lto/20090126-1 c_lto_20090126-1_0.o-c_lto_20090126-1_0.o link, (internal compiler error)
UNRESOLVED: gcc.dg/lto/20090126-1 c_lto_20090126-1_0.o-c_lto_20090126-1_0.o execute -O0 -fwhopr
UNRESOLVED: one_time_plugin.c compilation, -I. -I/vol/gcc/src/hg/trunk/local/gcc/testsuite -I/vol/gcc/src/hg/trunk/local/gcc/testsuite/../../gcc -I/vol/gcc/obj/regression/trunk/11-gcc-gas/build/gcc/testsuite/gcc/../../../gcc -I/vol/gcc/src/hg/trunk/local/gcc/testsuite/../../include -I/vol/gcc/src/hg/trunk/local/gcc/testsuite/../../libcpp/include -I/vol/gcc/include -I/vol/gcc/include -I/vol/gcc/include -DIN_GCC -fPIC -shared
FAIL: gcc.target/i386/3dnow-1.c -Wl,-M,/vol/gcc/src/hg/trunk/local/gcc/testsuite/gcc.target/i386/clearcap.map (internal compiler error)
FAIL: gcc.target/i386/3dnow-1.c -Wl,-M,/vol/gcc/src/hg/trunk/local/gcc/testsuite/gcc.target/i386/clearcap.map (test for excess errors)
FAIL: gcc.target/i386/3dnow-2.c -Wl,-M,/vol/gcc/src/hg/trunk/local/gcc/testsuite/gcc.target/i386/clearcap.map (internal compiler error)
FAIL: gcc.target/i386/3dnow-2.c -Wl,-M,/vol/gcc/src/hg/trunk/local/gcc/testsuite/gcc.target/i386/clearcap.map (test for excess errors)
FAIL: gcc.target/i386/3dnowA-1.c -Wl,-M,/vol/gcc/src/hg/trunk/local/gcc/testsuite/gcc.target/i386/clearcap.map (internal compiler error)
FAIL: gcc.target/i386/3dnowA-1.c -Wl,-M,/vol/gcc/src/hg/trunk/local/gcc/testsuite/gcc.target/i386/clearcap.map (test for excess errors)
FAIL: gcc.target/i386/3dnowA-2.c -Wl,-M,/vol/gcc/src/hg/trunk/local/gcc/testsuite/gcc.target/i386/clearcap.map (internal compiler error)
FAIL: gcc.target/i386/3dnowA-2.c -Wl,-M,/vol/gcc/src/hg/trunk/local/gcc/testsuite/gcc.target/i386/clearcap.map (test for excess errors)
FAIL: gcc.target/i386/avx-1.c -Wl,-M,/vol/gcc/src/hg/trunk/local/gcc/testsuite/gcc.target/i386/clearcap.map (internal compiler error)
FAIL: gcc.target/i386/avx-1.c -Wl,-M,/vol/gcc/src/hg/trunk/local/gcc/testsuite/gcc.target/i386/clearcap.map (test for excess errors)
FAIL: gcc.target/i386/avx-2.c -Wl,-M,/vol/gcc/src/hg/trunk/local/gcc/testsuite/gcc.target/i386/clearcap.map (internal compiler error)
FAIL: gcc.target/i386/avx-2.c -Wl,-M,/vol/gcc/src/hg/trunk/local/gcc/testsuite/gcc.target/i386/clearcap.map (test for excess errors)
FAIL: gcc.target/i386/avx-vmovntdq-256-1.c -Wl,-M,/vol/gcc/src/hg/trunk/local/gcc/testsuite/gcc.target/i386/clearcap.map (test for excess errors)
WARNING: gcc.target/i386/avx-vmovntdq-256-1.c -Wl,-M,/vol/gcc/src/hg/trunk/local/gcc/testsuite/gcc.target/i386/clearcap.map compilation failed to produce executable
FAIL: gcc.target/i386/avx-vmovntpd-256-1.c -Wl,-M,/vol/gcc/src/hg/trunk/local/gcc/testsuite/gcc.target/i386/clearcap.map (test for excess errors)
WARNING: gcc.target/i386/avx-vmovntpd-256-1.c -Wl,-M,/vol/gcc/src/hg/trunk/local/gcc/testsuite/gcc.target/i386/clearcap.map compilation failed to produce executable
FAIL: gcc.target/i386/avx-vmovntps-256-1.c -Wl,-M,/vol/gcc/src/hg/trunk/local/gcc/testsuite/gcc.target/i386/clearcap.map (test for excess errors)
WARNING: gcc.target/i386/avx-vmovntps-256-1.c -Wl,-M,/vol/gcc/src/hg/trunk/local/gcc/testsuite/gcc.target/i386/clearcap.map compilation failed to produce executable
FAIL: gcc.target/i386/avx-vzeroall-1.c -Wl,-M,/vol/gcc/src/hg/trunk/local/gcc/testsuite/gcc.target/i386/clearcap.map (internal compiler error)
FAIL: gcc.target/i386/avx-vzeroall-1.c -Wl,-M,/vol/gcc/src/hg/trunk/local/gcc/testsuite/gcc.target/i386/clearcap.map (test for excess errors)
WARNING: gcc.target/i386/avx-vzeroall-1.c -Wl,-M,/vol/gcc/src/hg/trunk/local/gcc/testsuite/gcc.target/i386/clearcap.map compilation failed to produce executable
FAIL: gcc.target/i386/avx-vzeroall-2.c -Wl,-M,/vol/gcc/src/hg/trunk/local/gcc/testsuite/gcc.target/i386/clearcap.map (internal compiler error)
FAIL: gcc.target/i386/avx-vzeroall-2.c -Wl,-M,/vol/gcc/src/hg/trunk/local/gcc/testsuite/gcc.target/i386/clearcap.map (test for excess errors)
WARNING: gcc.target/i386/avx-vzeroall-2.c -Wl,-M,/vol/gcc/src/hg/trunk/local/gcc/testsuite/gcc.target/i386/clearcap.map compilation failed to produce executable
FAIL: gcc.target/i386/avx-vzeroupper-1.c -Wl,-M,/vol/gcc/src/hg/trunk/local/gcc/testsuite/gcc.target/i386/clearcap.map (internal compiler error)
FAIL: gcc.target/i386/avx-vzeroupper-1.c -Wl,-M,/vol/gcc/src/hg/trunk/local/gcc/testsuite/gcc.target/i386/clearcap.map (test for excess errors)
WARNING: gcc.target/i386/avx-vzeroupper-1.c -Wl,-M,/vol/gcc/src/hg/trunk/local/gcc/testsuite/gcc.target/i386/clearcap.map compilation failed to produce executable
FAIL: gcc.target/i386/avx-vzeroupper-2.c -Wl,-M,/vol/gcc/src/hg/trunk/local/gcc/testsuite/gcc.target/i386/clearcap.map (internal compiler error)
FAIL: gcc.target/i386/avx-vzeroupper-2.c -Wl,-M,/vol/gcc/src/hg/trunk/local/gcc/testsuite/gcc.target/i386/clearcap.map (test for excess errors)
WARNING: gcc.target/i386/avx-vzeroupper-2.c -Wl,-M,/vol/gcc/src/hg/trunk/local/gcc/testsuite/gcc.target/i386/clearcap.map compilation failed to produce executable
FAIL: gcc.target/i386/mmx-1.c -Wl,-M,/vol/gcc/src/hg/trunk/local/gcc/testsuite/gcc.target/i386/clearcap.map (internal compiler error)
FAIL: gcc.target/i386/mmx-1.c -Wl,-M,/vol/gcc/src/hg/trunk/local/gcc/testsuite/gcc.target/i386/clearcap.map (test for excess errors)
FAIL: gcc.target/i386/mmx-2.c -Wl,-M,/vol/gcc/src/hg/trunk/local/gcc/testsuite/gcc.target/i386/clearcap.map (internal compiler error)
FAIL: gcc.target/i386/mmx-2.c -Wl,-M,/vol/gcc/src/hg/trunk/local/gcc/testsuite/gcc.target/i386/clearcap.map (test for excess errors)
FAIL: gcc.target/i386/mmx-7.c -Wl,-M,/vol/gcc/src/hg/trunk/local/gcc/testsuite/gcc.target/i386/clearcap.map (internal compiler error)
FAIL: gcc.target/i386/mmx-7.c -Wl,-M,/vol/gcc/src/hg/trunk/local/gcc/testsuite/gcc.target/i386/clearcap.map (test for excess errors)
FAIL: gcc.target/i386/pr36438.c -Wl,-M,/vol/gcc/src/hg/trunk/local/gcc/testsuite/gcc.target/i386/clearcap.map (internal compiler error)
FAIL: gcc.target/i386/pr36438.c -Wl,-M,/vol/gcc/src/hg/trunk/local/gcc/testsuite/gcc.target/i386/clearcap.map (test for excess errors)
FAIL: gcc.target/i386/pr42549.c -Wl,-M,/vol/gcc/src/hg/trunk/local/gcc/testsuite/gcc.target/i386/clearcap.map (internal compiler error)
FAIL: gcc.target/i386/pr42549.c -Wl,-M,/vol/gcc/src/hg/trunk/local/gcc/testsuite/gcc.target/i386/clearcap.map (test for excess errors)
WARNING: gcc.target/i386/pr42549.c -Wl,-M,/vol/gcc/src/hg/trunk/local/gcc/testsuite/gcc.target/i386/clearcap.map compilation failed to produce executable
FAIL: gcc.target/i386/sse-13.c -Wl,-M,/vol/gcc/src/hg/trunk/local/gcc/testsuite/gcc.target/i386/clearcap.map (internal compiler error)
FAIL: gcc.target/i386/sse-13.c -Wl,-M,/vol/gcc/src/hg/trunk/local/gcc/testsuite/gcc.target/i386/clearcap.map (test for excess errors)
FAIL: gcc.target/i386/sse-14.c -Wl,-M,/vol/gcc/src/hg/trunk/local/gcc/testsuite/gcc.target/i386/clearcap.map (internal compiler error)
FAIL: gcc.target/i386/sse-14.c -Wl,-M,/vol/gcc/src/hg/trunk/local/gcc/testsuite/gcc.target/i386/clearcap.map (test for excess errors)
FAIL: gcc.target/i386/sse-22.c -Wl,-M,/vol/gcc/src/hg/trunk/local/gcc/testsuite/gcc.target/i386/clearcap.map (internal compiler error)
FAIL: gcc.target/i386/sse-22.c -Wl,-M,/vol/gcc/src/hg/trunk/local/gcc/testsuite/gcc.target/i386/clearcap.map (test for excess errors)
FAIL: gcc.target/i386/sse-23.c -Wl,-M,/vol/gcc/src/hg/trunk/local/gcc/testsuite/gcc.target/i386/clearcap.map (internal compiler error)
FAIL: gcc.target/i386/sse-23.c -Wl,-M,/vol/gcc/src/hg/trunk/local/gcc/testsuite/gcc.target/i386/clearcap.map (test for excess errors)
FAIL: gcc.target/i386/sse2-mmx.c -Wl,-M,/vol/gcc/src/hg/trunk/local/gcc/testsuite/gcc.target/i386/clearcap.map (internal compiler error)
FAIL: gcc.target/i386/sse2-mmx.c -Wl,-M,/vol/gcc/src/hg/trunk/local/gcc/testsuite/gcc.target/i386/clearcap.map (test for excess errors)
WARNING: gcc.target/i386/sse2-mmx.c -Wl,-M,/vol/gcc/src/hg/trunk/local/gcc/testsuite/gcc.target/i386/clearcap.map compilation failed to produce executable
FAIL: gcc.target/i386/ssse3-pabsb.c -Wl,-M,/vol/gcc/src/hg/trunk/local/gcc/testsuite/gcc.target/i386/clearcap.map (internal compiler error)
FAIL: gcc.target/i386/ssse3-pabsb.c -Wl,-M,/vol/gcc/src/hg/trunk/local/gcc/testsuite/gcc.target/i386/clearcap.map (test for excess errors)
WARNING: gcc.target/i386/ssse3-pabsb.c -Wl,-M,/vol/gcc/src/hg/trunk/local/gcc/testsuite/gcc.target/i386/clearcap.map compilation failed to produce executable
FAIL: gcc.target/i386/ssse3-pabsd.c -Wl,-M,/vol/gcc/src/hg/trunk/local/gcc/testsuite/gcc.target/i386/clearcap.map (internal compiler error)
FAIL: gcc.target/i386/ssse3-pabsd.c -Wl,-M,/vol/gcc/src/hg/trunk/local/gcc/testsuite/gcc.target/i386/clearcap.map (test for excess errors)
WARNING: gcc.target/i386/ssse3-pabsd.c -Wl,-M,/vol/gcc/src/hg/trunk/local/gcc/testsuite/gcc.target/i386/clearcap.map compilation failed to produce executable
FAIL: gcc.target/i386/ssse3-pabsw.c -Wl,-M,/vol/gcc/src/hg/trunk/local/gcc/testsuite/gcc.target/i386/clearcap.map (internal compiler error)
FAIL: gcc.target/i386/ssse3-pabsw.c -Wl,-M,/vol/gcc/src/hg/trunk/local/gcc/testsuite/gcc.target/i386/clearcap.map (test for excess errors)
WARNING: gcc.target/i386/ssse3-pabsw.c -Wl,-M,/vol/gcc/src/hg/trunk/local/gcc/testsuite/gcc.target/i386/clearcap.map compilation failed to produce executable
FAIL: gcc.target/i386/ssse3-palignr.c -Wl,-M,/vol/gcc/src/hg/trunk/local/gcc/testsuite/gcc.target/i386/clearcap.map (internal compiler error)
FAIL: gcc.target/i386/ssse3-palignr.c -Wl,-M,/vol/gcc/src/hg/trunk/local/gcc/testsuite/gcc.target/i386/clearcap.map (test for excess errors)
WARNING: gcc.target/i386/ssse3-palignr.c -Wl,-M,/vol/gcc/src/hg/trunk/local/gcc/testsuite/gcc.target/i386/clearcap.map compilation failed to produce executable
FAIL: gcc.target/i386/ssse3-phaddd.c -Wl,-M,/vol/gcc/src/hg/trunk/local/gcc/testsuite/gcc.target/i386/clearcap.map (internal compiler error)
FAIL: gcc.target/i386/ssse3-phaddd.c -Wl,-M,/vol/gcc/src/hg/trunk/local/gcc/testsuite/gcc.target/i386/clearcap.map (test for excess errors)
WARNING: gcc.target/i386/ssse3-phaddd.c -Wl,-M,/vol/gcc/src/hg/trunk/local/gcc/testsuite/gcc.target/i386/clearcap.map compilation failed to produce executable
FAIL: gcc.target/i386/ssse3-phaddsw.c -Wl,-M,/vol/gcc/src/hg/trunk/local/gcc/testsuite/gcc.target/i386/clearcap.map (internal compiler error)
FAIL: gcc.target/i386/ssse3-phaddsw.c -Wl,-M,/vol/gcc/src/hg/trunk/local/gcc/testsuite/gcc.target/i386/clearcap.map (test for excess errors)
WARNING: gcc.target/i386/ssse3-phaddsw.c -Wl,-M,/vol/gcc/src/hg/trunk/local/gcc/testsuite/gcc.target/i386/clearcap.map compilation failed to produce executable
FAIL: gcc.target/i386/ssse3-phaddw.c -Wl,-M,/vol/gcc/src/hg/trunk/local/gcc/testsuite/gcc.target/i386/clearcap.map (internal compiler error)
FAIL: gcc.target/i386/ssse3-phaddw.c -Wl,-M,/vol/gcc/src/hg/trunk/local/gcc/testsuite/gcc.target/i386/clearcap.map (test for excess errors)
WARNING: gcc.target/i386/ssse3-phaddw.c -Wl,-M,/vol/gcc/src/hg/trunk/local/gcc/testsuite/gcc.target/i386/clearcap.map compilation failed to produce executable
FAIL: gcc.target/i386/ssse3-phsubd.c -Wl,-M,/vol/gcc/src/hg/trunk/local/gcc/testsuite/gcc.target/i386/clearcap.map (internal compiler error)
FAIL: gcc.target/i386/ssse3-phsubd.c -Wl,-M,/vol/gcc/src/hg/trunk/local/gcc/testsuite/gcc.target/i386/clearcap.map (test for excess errors)
WARNING: gcc.target/i386/ssse3-phsubd.c -Wl,-M,/vol/gcc/src/hg/trunk/local/gcc/testsuite/gcc.target/i386/clearcap.map compilation failed to produce executable
FAIL: gcc.target/i386/ssse3-phsubsw.c -Wl,-M,/vol/gcc/src/hg/trunk/local/gcc/testsuite/gcc.target/i386/clearcap.map (internal compiler error)
FAIL: gcc.target/i386/ssse3-phsubsw.c -Wl,-M,/vol/gcc/src/hg/trunk/local/gcc/testsuite/gcc.target/i386/clearcap.map (test for excess errors)
WARNING: gcc.target/i386/ssse3-phsubsw.c -Wl,-M,/vol/gcc/src/hg/trunk/local/gcc/testsuite/gcc.target/i386/clearcap.map compilation failed to produce executable
FAIL: gcc.target/i386/ssse3-phsubw.c -Wl,-M,/vol/gcc/src/hg/trunk/local/gcc/testsuite/gcc.target/i386/clearcap.map (internal compiler error)
FAIL: gcc.target/i386/ssse3-phsubw.c -Wl,-M,/vol/gcc/src/hg/trunk/local/gcc/testsuite/gcc.target/i386/clearcap.map (test for excess errors)
WARNING: gcc.target/i386/ssse3-phsubw.c -Wl,-M,/vol/gcc/src/hg/trunk/local/gcc/testsuite/gcc.target/i386/clearcap.map compilation failed to produce executable
FAIL: gcc.target/i386/ssse3-pmaddubsw.c -Wl,-M,/vol/gcc/src/hg/trunk/local/gcc/testsuite/gcc.target/i386/clearcap.map (internal compiler error)
FAIL: gcc.target/i386/ssse3-pmaddubsw.c -Wl,-M,/vol/gcc/src/hg/trunk/local/gcc/testsuite/gcc.target/i386/clearcap.map (test for excess errors)
WARNING: gcc.target/i386/ssse3-pmaddubsw.c -Wl,-M,/vol/gcc/src/hg/trunk/local/gcc/testsuite/gcc.target/i386/clearcap.map compilation failed to produce executable
FAIL: gcc.target/i386/ssse3-pmulhrsw.c -Wl,-M,/vol/gcc/src/hg/trunk/local/gcc/testsuite/gcc.target/i386/clearcap.map (internal compiler error)
FAIL: gcc.target/i386/ssse3-pmulhrsw.c -Wl,-M,/vol/gcc/src/hg/trunk/local/gcc/testsuite/gcc.target/i386/clearcap.map (test for excess errors)
WARNING: gcc.target/i386/ssse3-pmulhrsw.c -Wl,-M,/vol/gcc/src/hg/trunk/local/gcc/testsuite/gcc.target/i386/clearcap.map compilation failed to produce executable
FAIL: gcc.target/i386/ssse3-pshufb.c -Wl,-M,/vol/gcc/src/hg/trunk/local/gcc/testsuite/gcc.target/i386/clearcap.map (internal compiler error)
FAIL: gcc.target/i386/ssse3-pshufb.c -Wl,-M,/vol/gcc/src/hg/trunk/local/gcc/testsuite/gcc.target/i386/clearcap.map (test for excess errors)
WARNING: gcc.target/i386/ssse3-pshufb.c -Wl,-M,/vol/gcc/src/hg/trunk/local/gcc/testsuite/gcc.target/i386/clearcap.map compilation failed to produce executable
FAIL: gcc.target/i386/ssse3-psignb.c -Wl,-M,/vol/gcc/src/hg/trunk/local/gcc/testsuite/gcc.target/i386/clearcap.map (internal compiler error)
FAIL: gcc.target/i386/ssse3-psignb.c -Wl,-M,/vol/gcc/src/hg/trunk/local/gcc/testsuite/gcc.target/i386/clearcap.map (test for excess errors)
WARNING: gcc.target/i386/ssse3-psignb.c -Wl,-M,/vol/gcc/src/hg/trunk/local/gcc/testsuite/gcc.target/i386/clearcap.map compilation failed to produce executable
FAIL: gcc.target/i386/ssse3-psignd.c -Wl,-M,/vol/gcc/src/hg/trunk/local/gcc/testsuite/gcc.target/i386/clearcap.map (internal compiler error)
FAIL: gcc.target/i386/ssse3-psignd.c -Wl,-M,/vol/gcc/src/hg/trunk/local/gcc/testsuite/gcc.target/i386/clearcap.map (test for excess errors)
WARNING: gcc.target/i386/ssse3-psignd.c -Wl,-M,/vol/gcc/src/hg/trunk/local/gcc/testsuite/gcc.target/i386/clearcap.map compilation failed to produce executable
FAIL: gcc.target/i386/ssse3-psignw.c -Wl,-M,/vol/gcc/src/hg/trunk/local/gcc/testsuite/gcc.target/i386/clearcap.map (internal compiler error)
FAIL: gcc.target/i386/ssse3-psignw.c -Wl,-M,/vol/gcc/src/hg/trunk/local/gcc/testsuite/gcc.target/i386/clearcap.map (test for excess errors)
WARNING: gcc.target/i386/ssse3-psignw.c -Wl,-M,/vol/gcc/src/hg/trunk/local/gcc/testsuite/gcc.target/i386/clearcap.map compilation failed to produce executable
=== gcc Summary for unix/-m64 ===
# of expected passes 69932
# of unexpected failures 149
# of expected failures 171
# of untested testcases 117
# of unresolved testcases 2
# of unsupported tests 1076
=== gcc Summary ===
# of expected passes 141362
# of unexpected failures 261
# of expected failures 343
# of untested testcases 117
# of unresolved testcases 6
# of unsupported tests 1768
/vol/gcc/obj/regression/trunk/11-gcc-gas/build/gcc/xgcc version 4.6.0 20100520 (experimental) (GCC)
=== gfortran tests ===
Running target unix
FAIL: gfortran.dg/array_constructor_11.f90 -O3 -g (internal compiler error)
FAIL: gfortran.dg/array_constructor_11.f90 -O3 -g (test for excess errors)
WARNING: gfortran.dg/array_constructor_11.f90 -O3 -g compilation failed to produce executable
FAIL: gfortran.dg/array_constructor_23.f -O3 -fomit-frame-pointer execution test
FAIL: gfortran.dg/array_constructor_23.f -O3 -fomit-frame-pointer -funroll-loops execution test
FAIL: gfortran.dg/array_constructor_23.f -O3 -fomit-frame-pointer -funroll-all-loops -finline-functions execution test
FAIL: gfortran.dg/array_constructor_23.f -O3 -g execution test
FAIL: gfortran.dg/atan2_1.f90 -O0 execution test
FAIL: gfortran.dg/module_commons_1.f90 -O3 -g (test for excess errors)
WARNING: gfortran.dg/module_commons_1.f90 -O3 -g compilation failed to produce executable
WARNING: program timed out.
FAIL: gfortran.dg/lto/20091015-1 f_lto_20091015-1_0.o-f_lto_20091015-1_2.o link
UNRESOLVED: gfortran.dg/lto/20091015-1 f_lto_20091015-1_0.o-f_lto_20091015-1_2.o execute -O0 -fwhopr
=== gfortran Summary for unix ===
# of expected passes 34404
# of unexpected failures 9
# of expected failures 22
# of unresolved testcases 1
# of unsupported tests 137
Running target unix/-m64
FAIL: gfortran.dg/array_constructor_11.f90 -O3 -g (internal compiler error)
FAIL: gfortran.dg/array_constructor_11.f90 -O3 -g (test for excess errors)
WARNING: gfortran.dg/array_constructor_11.f90 -O3 -g compilation failed to produce executable
=== gfortran Summary for unix/-m64 ===
# of expected passes 34573
# of unexpected failures 2
# of expected failures 22
# of unsupported tests 61
=== gfortran Summary ===
# of expected passes 68977
# of unexpected failures 11
# of expected failures 44
# of unresolved testcases 1
# of unsupported tests 198
/vol/gcc/obj/regression/trunk/11-gcc-gas/build/gcc/testsuite/gfortran/../../gfortran version 4.6.0 20100520 (experimental) (GCC)
=== gnat tests ===
Running target unix
FAIL: gnat.dg/lto6.adb (test for excess errors)
WARNING: gnat.dg/lto6.adb compilation failed to produce executable
FAIL: gnat.dg/lto8.adb (test for excess errors)
WARNING: gnat.dg/lto8.adb compilation failed to produce executable
FAIL: gnat.dg/null_pointer_deref1.adb execution test
FAIL: gnat.dg/null_pointer_deref2.adb execution test
FAIL: gnat.dg/stack_check1.adb execution test
FAIL: gnat.dg/stack_check2.adb execution test
=== gnat Summary for unix ===
# of expected passes 791
# of unexpected failures 6
# of expected failures 11
# of unsupported tests 2
Running target unix/-m64
FAIL: gnat.dg/lto6.adb (test for excess errors)
WARNING: gnat.dg/lto6.adb compilation failed to produce executable
FAIL: gnat.dg/lto8.adb (test for excess errors)
WARNING: gnat.dg/lto8.adb compilation failed to produce executable
FAIL: gnat.dg/null_pointer_deref1.adb execution test
FAIL: gnat.dg/null_pointer_deref2.adb execution test
FAIL: gnat.dg/stack_check1.adb execution test
FAIL: gnat.dg/stack_check2.adb execution test
=== gnat Summary for unix/-m64 ===
# of expected passes 791
# of unexpected failures 6
# of expected failures 11
# of unsupported tests 2
=== gnat Summary ===
# of expected passes 1582
# of unexpected failures 12
# of expected failures 22
# of unsupported tests 4
=== objc tests ===
Running target unix
FAIL: objc.dg/torture/tls/thr-init-3.m -O2 -flto (test for excess errors)
WARNING: objc.dg/torture/tls/thr-init-3.m -O2 -flto compilation failed to produce executable
FAIL: objc.dg/torture/tls/thr-init-3.m -O2 -fwhopr (test for excess errors)
WARNING: objc.dg/torture/tls/thr-init-3.m -O2 -fwhopr compilation failed to produce executable
=== objc Summary for unix ===
# of expected passes 1991
# of unexpected failures 2
# of expected failures 7
# of unsupported tests 20
Running target unix/-m64
FAIL: objc.dg/torture/tls/thr-init-3.m -O2 -flto (test for excess errors)
ERROR: ./thr-init-3.exe does not exist in unix_load.
UNRESOLVED: objc.dg/torture/tls/thr-init-3.m -O2 -flto execution test
FAIL: objc.dg/torture/tls/thr-init-3.m -O2 -fwhopr (test for excess errors)
ERROR: ./thr-init-3.exe does not exist in unix_load.
UNRESOLVED: objc.dg/torture/tls/thr-init-3.m -O2 -fwhopr execution test
=== objc Summary for unix/-m64 ===
# of expected passes 1983
# of unexpected failures 2
# of expected failures 15
# of unresolved testcases 2
# of unsupported tests 20
=== objc Summary ===
# of expected passes 3974
# of unexpected failures 4
# of expected failures 22
# of unresolved testcases 2
# of unsupported tests 40
/vol/gcc/obj/regression/trunk/11-gcc-gas/build/gcc/xgcc version 4.6.0 20100520 (experimental) (GCC)
=== libffi tests ===
Running target unix
=== libffi Summary for unix ===
# of expected passes 1624
# of expected failures 10
# of unsupported tests 15
Running target unix/-m64
=== libffi Summary for unix/-m64 ===
# of expected passes 1624
# of expected failures 10
# of unsupported tests 15
=== libffi Summary ===
# of expected passes 3248
# of expected failures 20
# of unsupported tests 30
=== libgomp tests ===
Running target unix
=== libgomp Summary for unix ===
# of expected passes 2490
# of unsupported tests 2
Running target unix/-m64
FAIL: libgomp.c/copyin-3.c execution test
FAIL: libgomp.c/nqueens-1.c execution test
FAIL: libgomp.c/pr24455.c execution test
FAIL: libgomp.c++/ctor-10.C -O0 execution test
FAIL: libgomp.c++/ctor-10.C -O1 execution test
FAIL: libgomp.c++/ctor-10.C -O2 execution test
FAIL: libgomp.c++/ctor-10.C -O3 -fomit-frame-pointer execution test
FAIL: libgomp.c++/ctor-10.C -O3 -fomit-frame-pointer -funroll-loops execution test
FAIL: libgomp.c++/ctor-10.C -O3 -fomit-frame-pointer -funroll-all-loops -finline-functions execution test
FAIL: libgomp.c++/ctor-10.C -O3 -g execution test
FAIL: libgomp.c++/ctor-10.C -Os execution test
FAIL: libgomp.c++/pr24455.C -O0 execution test
FAIL: libgomp.c++/pr24455.C -O1 execution test
FAIL: libgomp.c++/pr24455.C -O2 execution test
FAIL: libgomp.c++/pr24455.C -O3 -fomit-frame-pointer execution test
FAIL: libgomp.c++/pr24455.C -O3 -fomit-frame-pointer -funroll-loops execution test
FAIL: libgomp.c++/pr24455.C -O3 -fomit-frame-pointer -funroll-all-loops -finline-functions execution test
FAIL: libgomp.c++/pr24455.C -O3 -g execution test
FAIL: libgomp.c++/pr24455.C -Os execution test
FAIL: libgomp.fortran/appendix-a/a.22.8.f90 -O0 execution test
FAIL: libgomp.fortran/appendix-a/a.22.8.f90 -O1 execution test
FAIL: libgomp.fortran/appendix-a/a.22.8.f90 -O2 execution test
FAIL: libgomp.fortran/appendix-a/a.22.8.f90 -O3 -fomit-frame-pointer execution test
FAIL: libgomp.fortran/appendix-a/a.22.8.f90 -O3 -fomit-frame-pointer -funroll-loops execution test
FAIL: libgomp.fortran/appendix-a/a.22.8.f90 -O3 -fomit-frame-pointer -funroll-all-loops -finline-functions execution test
FAIL: libgomp.fortran/appendix-a/a.22.8.f90 -O3 -g execution test
FAIL: libgomp.fortran/appendix-a/a.22.8.f90 -Os execution test
FAIL: libgomp.fortran/threadprivate1.f90 -O0 execution test
FAIL: libgomp.fortran/threadprivate1.f90 -O1 execution test
FAIL: libgomp.fortran/threadprivate1.f90 -O2 execution test
FAIL: libgomp.fortran/threadprivate1.f90 -O3 -fomit-frame-pointer execution test
FAIL: libgomp.fortran/threadprivate1.f90 -O3 -fomit-frame-pointer -funroll-loops execution test
FAIL: libgomp.fortran/threadprivate1.f90 -O3 -fomit-frame-pointer -funroll-all-loops -finline-functions execution test
FAIL: libgomp.fortran/threadprivate1.f90 -O3 -g execution test
FAIL: libgomp.fortran/threadprivate1.f90 -Os execution test
FAIL: libgomp.fortran/threadprivate2.f90 -O0 execution test
FAIL: libgomp.fortran/threadprivate2.f90 -O1 execution test
FAIL: libgomp.fortran/threadprivate2.f90 -O2 execution test
FAIL: libgomp.fortran/threadprivate2.f90 -O3 -fomit-frame-pointer execution test
FAIL: libgomp.fortran/threadprivate2.f90 -O3 -fomit-frame-pointer -funroll-loops execution test
FAIL: libgomp.fortran/threadprivate2.f90 -O3 -fomit-frame-pointer -funroll-all-loops -finline-functions execution test
FAIL: libgomp.fortran/threadprivate2.f90 -O3 -g execution test
FAIL: libgomp.fortran/threadprivate2.f90 -Os execution test
=== libgomp Summary for unix/-m64 ===
# of expected passes 2447
# of unexpected failures 43
# of unsupported tests 2
=== libgomp Summary ===
# of expected passes 4937
# of unexpected failures 43
# of unsupported tests 4
=== libjava tests ===
Running target unix
FAIL: Throw_2 execution - source compiled test
FAIL: Throw_2 -findirect-dispatch execution - source compiled test
FAIL: Throw_2 -O3 execution - source compiled test
FAIL: Throw_2 -O3 -findirect-dispatch execution - source compiled test
=== libjava Summary for unix ===
# of expected passes 2566
# of unexpected failures 4
# of untested testcases 4
Running target unix/-m64
FAIL: PR16923 run
FAIL: Throw_2 execution - source compiled test
FAIL: Throw_2 -findirect-dispatch execution - source compiled test
FAIL: Throw_2 -O3 execution - source compiled test
FAIL: Throw_2 -O3 -findirect-dispatch execution - source compiled test
=== libjava Summary for unix/-m64 ===
# of expected passes 2565
# of unexpected failures 5
# of untested testcases 5
=== libjava Summary ===
# of expected passes 5131
# of unexpected failures 9
# of untested testcases 9
=== libstdc++ tests ===
Running target unix
FAIL: 27_io/basic_ofstream/cons/char/1.cc execution test
WARNING: program timed out.
=== libstdc++ Summary for unix ===
# of expected passes 6708
# of unexpected failures 1
# of expected failures 92
# of unsupported tests 436
Running target unix/-m64
FAIL: 27_io/basic_ofstream/cons/char/1.cc execution test
WARNING: program timed out.
=== libstdc++ Summary for unix/-m64 ===
# of expected passes 6708
# of unexpected failures 1
# of expected failures 92
# of unsupported tests 436
=== libstdc++ Summary ===
# of expected passes 13416
# of unexpected failures 2
# of expected failures 184
# of unsupported tests 872
=== libstdc++ Summary ===
Compiler version: 4.6.0 20100520 (experimental) (GCC)
Platform: i386-pc-solaris2.11
configure flags: --prefix=/vol/gcc --target=i386-pc-solaris2.11 --with-as=/usr/sfw/bin/gas --with-gnu-as --with-gmp=/vol/gcc --with-mpfr=/vol/gcc --with-mpc=/vol/gcc --enable-languages=all,ada
BOOT_CFLAGS=-g -O2
More information about the Gcc-testresults
mailing list