Results for 4.6.0 20100520 (experimental) (GCC) testsuite on i386-pc-solaris2.11
Rainer Orth
ro@CeBiTec.Uni-Bielefeld.DE
Thu May 27 18:52:00 GMT 2010
=== acats tests ===
FAIL: c52103x
FAIL: c52104x
FAIL: c52104y
FAIL: cb1010a
FAIL: cb1010c
FAIL: cb1010d
=== acats Summary ===
# of expected passes 2315
# of unexpected failures 6
Native configuration is i386-pc-solaris2.11
=== g++ tests ===
Running target unix
FAIL: g++.dg/opt/mmx2.C (internal compiler error)
FAIL: g++.dg/opt/mmx2.C (test for excess errors)
WARNING: program timed out.
FAIL: g++.dg/tc1/dr193.C (test for excess errors)
WARNING: program timed out.
FAIL: g++.dg/tc1/dr20.C (test for excess errors)
WARNING: program timed out.
FAIL: g++.dg/template/unify8.C (test for excess errors)
FAIL: g++.dg/lto/20081109 cp_lto_20081109_0.o-cp_lto_20081109_1.o execute -O2 -fwhopr
WARNING: program timed out.
FAIL: c-c++-common/torture/complex-sign-add.c -O2 -fwhopr (test for excess errors)
WARNING: program timed out.
FAIL: c-c++-common/torture/complex-sign-mixed-add.c -O2 (test for excess errors)
WARNING: c-c++-common/torture/complex-sign-mixed-add.c -O2 compilation failed to produce executable
WARNING: program timed out.
FAIL: c-c++-common/torture/complex-sign-mixed-add.c -Os (test for excess errors)
WARNING: program timed out.
FAIL: c-c++-common/torture/complex-sign-mixed-add.c -O2 -flto (test for excess errors)
FAIL: c-c++-common/torture/complex-sign-mixed-add.c -O2 -flto execution test
WARNING: program timed out.
FAIL: c-c++-common/torture/complex-sign-mixed-add.c -O2 -fwhopr (test for excess errors)
WARNING: program timed out.
FAIL: c-c++-common/torture/complex-sign-mixed-div.c -O1 (test for excess errors)
WARNING: program timed out.
FAIL: c-c++-common/torture/complex-sign-mixed-div.c -O2 (test for excess errors)
FAIL: c-c++-common/torture/complex-sign-mixed-div.c -O2 execution test
WARNING: program timed out.
FAIL: g++.dg/torture/pr37146-1.C -O2 -flto (test for excess errors)
WARNING: program timed out.
FAIL: g++.dg/torture/pr37146-1.C -O2 -fwhopr (test for excess errors)
WARNING: program timed out.
FAIL: g++.dg/torture/pr37146-2.C -O0 (test for excess errors)
FAIL: g++.dg/torture/pr37146-2.C -O0 execution test
WARNING: program timed out.
FAIL: g++.dg/torture/pr37146-2.C -O2 (test for excess errors)
WARNING: program timed out.
FAIL: g++.dg/torture/pr37146-2.C -O3 -fomit-frame-pointer (test for excess errors)
XPASS: g++.old-deja/g++.oliva/dwarf2.C (test for excess errors)
XPASS: g++.old-deja/g++.oliva/dwarf3.C (test for excess errors)
XPASS: g++.old-deja/g++.other/init19.C execution test
WARNING: program timed out.
FAIL: g++.old-deja/g++.other/op2.C (test for excess errors)
WARNING: program timed out.
FAIL: g++.old-deja/g++.other/op3.C (test for excess errors)
WARNING: program timed out.
FAIL: g++.old-deja/g++.other/optimize1.C (test for excess errors)
WARNING: g++.old-deja/g++.other/optimize1.C compilation failed to produce executable
WARNING: program timed out.
FAIL: g++.old-deja/g++.other/optimize2.C (test for excess errors)
WARNING: program timed out.
FAIL: g++.old-deja/g++.other/overload1.C (test for excess errors)
WARNING: program timed out.
FAIL: g++.old-deja/g++.other/overload14.C (test for excess errors)
WARNING: program timed out.
FAIL: g++.old-deja/g++.other/overload2.C (test for excess errors)
WARNING: program timed out.
FAIL: g++.old-deja/g++.pt/memtemp63.C (test for excess errors)
WARNING: program timed out.
FAIL: g++.old-deja/g++.pt/memtemp67.C (test for excess errors)
WARNING: program timed out.
FAIL: g++.old-deja/g++.pt/memtemp69.C (test for excess errors)
FAIL: g++.old-deja/g++.pt/memtemp69.C execution test
WARNING: program timed out.
FAIL: g++.old-deja/g++.pt/memtemp7.C (test for excess errors)
WARNING: program timed out.
FAIL: g++.old-deja/g++.pt/memtemp73.C (test for excess errors)
=== g++ Summary for unix ===
# of expected passes 23320
# of unexpected failures 34
# of unexpected successes 3
# of expected failures 152
# of unsupported tests 164
Running target unix/-m64
FAIL: g++.dg/opt/mmx2.C (internal compiler error)
FAIL: g++.dg/opt/mmx2.C (test for excess errors)
FAIL: g++.dg/tls/static-1.C execution test
XPASS: g++.old-deja/g++.oliva/dwarf2.C (test for excess errors)
XPASS: g++.old-deja/g++.oliva/dwarf3.C (test for excess errors)
XPASS: g++.old-deja/g++.other/init19.C execution test
=== g++ Summary for unix/-m64 ===
# of expected passes 22941
# of unexpected failures 3
# of unexpected successes 3
# of expected failures 152
# of unsupported tests 363
=== g++ Summary ===
# of expected passes 46261
# of unexpected failures 37
# of unexpected successes 6
# of expected failures 304
# of unsupported tests 527
/vol/gcc/obj/regression/trunk/11-gcc/build/gcc/testsuite/g++/../../g++ version 4.6.0 20100520 (experimental) (GCC)
=== gcc tests ===
Running target unix
FAIL: gcc.c-torture/compile/limits-exprparen.c -O0 (test for excess errors)
FAIL: gcc.c-torture/compile/limits-exprparen.c -O1 (test for excess errors)
FAIL: gcc.c-torture/compile/limits-exprparen.c -O2 (test for excess errors)
FAIL: gcc.c-torture/compile/limits-exprparen.c -O3 -fomit-frame-pointer (test for excess errors)
FAIL: gcc.c-torture/compile/limits-exprparen.c -O3 -g (test for excess errors)
FAIL: gcc.c-torture/compile/limits-exprparen.c -Os (test for excess errors)
FAIL: gcc.c-torture/compile/limits-exprparen.c -O2 -flto (test for excess errors)
FAIL: gcc.c-torture/compile/limits-exprparen.c -O2 -fwhopr (test for excess errors)
FAIL: gcc.c-torture/execute/20011223-1.c compilation, -O3 -g
UNRESOLVED: gcc.c-torture/execute/20011223-1.c execution, -O3 -g
FAIL: gcc.c-torture/execute/20011223-1.c compilation, -O2 -flto
UNRESOLVED: gcc.c-torture/execute/20011223-1.c execution, -O2 -flto
FAIL: gcc.c-torture/execute/20011223-1.c compilation, -O2 -fwhopr
UNRESOLVED: gcc.c-torture/execute/20011223-1.c execution, -O2 -fwhopr
FAIL: gcc.c-torture/execute/20020103-1.c compilation, -O3 -fomit-frame-pointer
UNRESOLVED: gcc.c-torture/execute/20020103-1.c execution, -O3 -fomit-frame-pointer
FAIL: gcc.c-torture/execute/20020103-1.c compilation, -O2 -flto
UNRESOLVED: gcc.c-torture/execute/20020103-1.c execution, -O2 -flto
FAIL: gcc.c-torture/execute/20020103-1.c compilation, -O2 -fwhopr
UNRESOLVED: gcc.c-torture/execute/20020103-1.c execution, -O2 -fwhopr
FAIL: gcc.c-torture/execute/20020107-1.c compilation, -O0
UNRESOLVED: gcc.c-torture/execute/20020107-1.c execution, -O0
FAIL: gcc.c-torture/execute/20020107-1.c compilation, -O2
UNRESOLVED: gcc.c-torture/execute/20020107-1.c execution, -O2
FAIL: gcc.c-torture/execute/20020107-1.c compilation, -O3 -fomit-frame-pointer
UNRESOLVED: gcc.c-torture/execute/20020107-1.c execution, -O3 -fomit-frame-pointer
FAIL: gcc.c-torture/execute/20020508-2.c compilation, -O2 -flto
UNRESOLVED: gcc.c-torture/execute/20020508-2.c execution, -O2 -flto
FAIL: gcc.c-torture/execute/20020508-2.c compilation, -O2 -fwhopr
UNRESOLVED: gcc.c-torture/execute/20020508-2.c execution, -O2 -fwhopr
FAIL: gcc.c-torture/execute/20020508-3.c compilation, -O0
UNRESOLVED: gcc.c-torture/execute/20020508-3.c execution, -O0
FAIL: gcc.c-torture/execute/20020508-3.c compilation, -O1
UNRESOLVED: gcc.c-torture/execute/20020508-3.c execution, -O1
FAIL: gcc.c-torture/execute/20020508-3.c compilation, -O3 -fomit-frame-pointer
UNRESOLVED: gcc.c-torture/execute/20020508-3.c execution, -O3 -fomit-frame-pointer
FAIL: gcc.c-torture/execute/20020508-3.c compilation, -O3 -g
UNRESOLVED: gcc.c-torture/execute/20020508-3.c execution, -O3 -g
FAIL: gcc.c-torture/execute/20020508-3.c compilation, -O2 -flto
UNRESOLVED: gcc.c-torture/execute/20020508-3.c execution, -O2 -flto
FAIL: gcc.c-torture/execute/20030120-2.c compilation, -O2 -fwhopr
UNRESOLVED: gcc.c-torture/execute/20030120-2.c execution, -O2 -fwhopr
FAIL: gcc.c-torture/execute/940122-1.c compilation, -O2 -fwhopr
UNRESOLVED: gcc.c-torture/execute/940122-1.c execution, -O2 -fwhopr
FAIL: gcc.c-torture/execute/941014-1.c compilation, -O3 -g
UNRESOLVED: gcc.c-torture/execute/941014-1.c execution, -O3 -g
FAIL: gcc.c-torture/execute/941014-1.c compilation, -Os
UNRESOLVED: gcc.c-torture/execute/941014-1.c execution, -Os
FAIL: gcc.c-torture/execute/941014-1.c compilation, -O2 -flto
UNRESOLVED: gcc.c-torture/execute/941014-1.c execution, -O2 -flto
FAIL: gcc.c-torture/execute/941014-1.c compilation, -O2 -fwhopr
UNRESOLVED: gcc.c-torture/execute/941014-1.c execution, -O2 -fwhopr
FAIL: gcc.c-torture/execute/941014-2.c compilation, -O2
UNRESOLVED: gcc.c-torture/execute/941014-2.c execution, -O2
FAIL: gcc.c-torture/execute/941014-2.c compilation, -Os
UNRESOLVED: gcc.c-torture/execute/941014-2.c execution, -Os
FAIL: gcc.c-torture/execute/941014-2.c compilation, -O2 -flto
UNRESOLVED: gcc.c-torture/execute/941014-2.c execution, -O2 -flto
FAIL: gcc.c-torture/execute/960218-1.c compilation, -O3 -fomit-frame-pointer -funroll-all-loops -finline-functions
UNRESOLVED: gcc.c-torture/execute/960218-1.c execution, -O3 -fomit-frame-pointer -funroll-all-loops -finline-functions
FAIL: gcc.c-torture/execute/960218-1.c compilation, -O3 -g
UNRESOLVED: gcc.c-torture/execute/960218-1.c execution, -O3 -g
FAIL: gcc.c-torture/execute/960218-1.c compilation, -O2 -flto
UNRESOLVED: gcc.c-torture/execute/960218-1.c execution, -O2 -flto
FAIL: gcc.c-torture/execute/960218-1.c compilation, -O2 -fwhopr
UNRESOLVED: gcc.c-torture/execute/960218-1.c execution, -O2 -fwhopr
FAIL: gcc.c-torture/execute/960219-1.c compilation, -O1
UNRESOLVED: gcc.c-torture/execute/960219-1.c execution, -O1
WARNING: program timed out.
WARNING: program timed out.
WARNING: program timed out.
WARNING: program timed out.
WARNING: program timed out.
WARNING: program timed out.
WARNING: program timed out.
WARNING: program timed out.
WARNING: program timed out.
WARNING: program timed out.
WARNING: program timed out.
WARNING: program timed out.
WARNING: program timed out.
WARNING: program timed out.
WARNING: program timed out.
WARNING: program timed out.
WARNING: program timed out.
WARNING: program timed out.
WARNING: program timed out.
WARNING: program timed out.
WARNING: program timed out.
WARNING: program timed out.
WARNING: program timed out.
WARNING: program timed out.
WARNING: program timed out.
WARNING: program timed out.
WARNING: program timed out.
WARNING: program timed out.
WARNING: program timed out.
WARNING: program timed out.
WARNING: program timed out.
FAIL: gcc.c-torture/unsorted/dump-noaddr.c, -O3 -g -dumpbase dump2/dump-noaddr.c -DMASK=2 -x c -fdump-ipa-all -fdump-rtl-all -fdump-tree-all -fdump-noaddr
FAIL: gcc.c-torture/unsorted/dump-noaddr.c.000i.cgraph, -O3 -g comparison
FAIL: gcc.c-torture/unsorted/dump-noaddr.c.178r.combine, -O3 -g comparison
FAIL: gcc.c-torture/unsorted/dump-noaddr.c.209r.stack, -O3 -g comparison
FAIL: gcc.c-torture/unsorted/dump-noaddr.c.210r.alignments, -O3 -g comparison
FAIL: gcc.c-torture/unsorted/dump-noaddr.c.211r.compgotos, -O3 -g comparison
FAIL: gcc.c-torture/unsorted/dump-noaddr.c.212r.vartrack, -O3 -g comparison
FAIL: gcc.c-torture/unsorted/dump-noaddr.c.213r.mach, -O3 -g comparison
FAIL: gcc.c-torture/unsorted/dump-noaddr.c.214r.barriers, -O3 -g comparison
FAIL: gcc.c-torture/unsorted/dump-noaddr.c.218r.shorten, -O3 -g comparison
FAIL: gcc.c-torture/unsorted/dump-noaddr.c.219r.nothrow, -O3 -g comparison
FAIL: gcc.c-torture/unsorted/dump-noaddr.c.220r.final, -O3 -g comparison
FAIL: gcc.c-torture/unsorted/dump-noaddr.c.221r.dfinish, -O3 -g comparison
FAIL: gcc.c-torture/unsorted/dump-noaddr.c.222t.statistics, -O3 -g comparison
WARNING: program timed out.
WARNING: Could not execute gcc.dg/compat/struct-layout-1 generator
WARNING: program timed out.
FAIL: gcc.dg/debug/pr37616.c -gstabs+3 -O3 (test for excess errors)
FAIL: gcc.dg/pr34668-1.c (test for excess errors)
WARNING: program timed out.
FAIL: gcc.dg/gomp/pr32468-1.c (test for excess errors)
FAIL: gcc.dg/lto/20090126-1 c_lto_20090126-1_0.o-c_lto_20090126-1_0.o link, (internal compiler error)
UNRESOLVED: gcc.dg/lto/20090126-1 c_lto_20090126-1_0.o-c_lto_20090126-1_0.o execute -O0 -fwhopr
WARNING: program timed out.
FAIL: gcc.dg/lto/20091005-1 c_lto_20091005-1_0.o-c_lto_20091005-1_1.o link
UNRESOLVED: gcc.dg/lto/20091005-1 c_lto_20091005-1_0.o-c_lto_20091005-1_1.o execute -O2 -flto
UNRESOLVED: one_time_plugin.c compilation, -I. -I/vol/gcc/src/hg/trunk/local/gcc/testsuite -I/vol/gcc/src/hg/trunk/local/gcc/testsuite/../../gcc -I/vol/gcc/obj/regression/trunk/11-gcc/build/gcc/testsuite/gcc/../../../gcc -I/vol/gcc/src/hg/trunk/local/gcc/testsuite/../../include -I/vol/gcc/src/hg/trunk/local/gcc/testsuite/../../libcpp/include -I/vol/gcc/include -I/vol/gcc/include -I/vol/gcc/include -DIN_GCC -fPIC -shared
WARNING: program timed out.
FAIL: gcc.dg/torture/fp-int-convert-float128.c -O2 -flto (test for excess errors)
WARNING: program timed out.
FAIL: gcc.dg/torture/fp-int-convert-float128.c -O2 -fwhopr (test for excess errors)
WARNING: program timed out.
FAIL: gcc.dg/torture/fp-int-convert-float80-timode.c -O0 (test for excess errors)
WARNING: program timed out.
FAIL: gcc.dg/torture/fp-int-convert-float80-timode.c -O1 (test for excess errors)
WARNING: program timed out.
FAIL: gcc.dg/torture/fp-int-convert-float80-timode.c -O2 (test for excess errors)
WARNING: program timed out.
FAIL: gcc.dg/torture/fp-int-convert-float80-timode.c -O3 -fomit-frame-pointer (test for excess errors)
WARNING: gcc.dg/torture/fp-int-convert-float80-timode.c -O3 -fomit-frame-pointer compilation failed to produce executable
WARNING: program timed out.
FAIL: gcc.dg/torture/fp-int-convert-float80-timode.c -O2 -flto (test for excess errors)
WARNING: program timed out.
FAIL: gcc.dg/torture/fp-int-convert-float80-timode.c -O2 -fwhopr (test for excess errors)
WARNING: program timed out.
FAIL: gcc.dg/torture/fp-int-convert-float80.c -O1 (test for excess errors)
WARNING: program timed out.
FAIL: gcc.dg/torture/fp-int-convert-float80.c -O2 (test for excess errors)
WARNING: program timed out.
FAIL: gcc.dg/torture/fp-int-convert-float80.c -O3 -fomit-frame-pointer (test for excess errors)
FAIL: gcc.dg/torture/fp-int-convert-float80.c -O3 -fomit-frame-pointer execution test
WARNING: program timed out.
FAIL: gcc.dg/torture/stackalign/builtin-apply-2.c -O3 -g (test for excess errors)
FAIL: gcc.dg/torture/stackalign/builtin-apply-2.c -O3 -g execution test
WARNING: program timed out.
FAIL: gcc.dg/torture/stackalign/builtin-apply-2.c -Os (test for excess errors)
WARNING: gcc.dg/torture/stackalign/builtin-apply-2.c -Os compilation failed to produce executable
WARNING: program timed out.
FAIL: gcc.dg/torture/stackalign/builtin-apply-2.c -O2 -flto (test for excess errors)
WARNING: program timed out.
FAIL: gcc.dg/torture/stackalign/builtin-apply-2.c -O2 -fwhopr (test for excess errors)
WARNING: program timed out.
FAIL: gcc.dg/torture/stackalign/builtin-apply-3.c -O0 (test for excess errors)
FAIL: gcc.dg/torture/stackalign/builtin-apply-3.c -O0 execution test
WARNING: program timed out.
FAIL: gcc.dg/torture/stackalign/alloca-2.c -O2 -fwhopr (test for excess errors)
FAIL: gcc.dg/torture/stackalign/alloca-2.c -O2 -fwhopr execution test
FAIL: gcc.dg/tree-ssa/prefetch-3.c scan-tree-dump-times aprefetch "unroll factor 4" 1
FAIL: gcc.dg/tree-ssa/prefetch-5.c scan-tree-dump-times aprefetch "Issued prefetch" 2
FAIL: gcc.dg/tree-ssa/prefetch-6.c scan-tree-dump-times aprefetch "Issued prefetch" 5
FAIL: gcc.dg/tree-ssa/prefetch-6.c scan-tree-dump-times aprefetch "Issued nontemporal prefetch" 3
FAIL: gcc.dg/tree-ssa/prefetch-6.c scan-assembler-times prefetcht 5
FAIL: gcc.dg/tree-ssa/prefetch-6.c scan-assembler-times prefetchnta 3
FAIL: gcc.dg/tree-ssa/prefetch-7.c scan-tree-dump-times aprefetch "Issued prefetch" 5
FAIL: gcc.dg/tree-ssa/prefetch-7.c scan-tree-dump-times aprefetch "Issued nontemporal prefetch" 3
FAIL: gcc.dg/tree-ssa/prefetch-7.c scan-tree-dump-times aprefetch "a nontemporal store" 2
FAIL: gcc.dg/tree-ssa/prefetch-7.c scan-tree-dump-times optimized "builtin_prefetch" 8
FAIL: gcc.dg/tree-ssa/prefetch-7.c scan-tree-dump-times optimized "={nt}" 2
FAIL: gcc.dg/tree-ssa/prefetch-7.c scan-tree-dump-times optimized "__builtin_ia32_mfence" 2
FAIL: gcc.dg/tree-ssa/prefetch-7.c scan-assembler-times prefetchw 5
FAIL: gcc.dg/tree-ssa/prefetch-7.c scan-assembler-times prefetcht 1
FAIL: gcc.dg/tree-ssa/prefetch-7.c scan-assembler-times prefetchnta 2
FAIL: gcc.dg/tree-ssa/prefetch-7.c scan-assembler-times movnti 2
FAIL: gcc.dg/tree-ssa/prefetch-7.c scan-assembler-times mfence 2
FAIL: gcc.dg/tree-ssa/update-unroll-1.c scan-tree-dump-not aprefetch "SUCC: 7 .100.0%"
FAIL: gcc.target/i386/3dnow-1.c -Wl,-M,/vol/gcc/src/hg/trunk/local/gcc/testsuite/gcc.target/i386/clearcap.map (internal compiler error)
FAIL: gcc.target/i386/3dnow-1.c -Wl,-M,/vol/gcc/src/hg/trunk/local/gcc/testsuite/gcc.target/i386/clearcap.map (test for excess errors)
FAIL: gcc.target/i386/3dnow-2.c -Wl,-M,/vol/gcc/src/hg/trunk/local/gcc/testsuite/gcc.target/i386/clearcap.map (internal compiler error)
FAIL: gcc.target/i386/3dnow-2.c -Wl,-M,/vol/gcc/src/hg/trunk/local/gcc/testsuite/gcc.target/i386/clearcap.map (test for excess errors)
FAIL: gcc.target/i386/3dnowA-1.c -Wl,-M,/vol/gcc/src/hg/trunk/local/gcc/testsuite/gcc.target/i386/clearcap.map (internal compiler error)
FAIL: gcc.target/i386/3dnowA-1.c -Wl,-M,/vol/gcc/src/hg/trunk/local/gcc/testsuite/gcc.target/i386/clearcap.map (test for excess errors)
FAIL: gcc.target/i386/3dnowA-2.c -Wl,-M,/vol/gcc/src/hg/trunk/local/gcc/testsuite/gcc.target/i386/clearcap.map (internal compiler error)
FAIL: gcc.target/i386/3dnowA-2.c -Wl,-M,/vol/gcc/src/hg/trunk/local/gcc/testsuite/gcc.target/i386/clearcap.map (test for excess errors)
FAIL: gcc.target/i386/abi-2.c scan-assembler-times ymm0 1
FAIL: gcc.target/i386/avx-1.c -Wl,-M,/vol/gcc/src/hg/trunk/local/gcc/testsuite/gcc.target/i386/clearcap.map (internal compiler error)
FAIL: gcc.target/i386/avx-1.c -Wl,-M,/vol/gcc/src/hg/trunk/local/gcc/testsuite/gcc.target/i386/clearcap.map (test for excess errors)
FAIL: gcc.target/i386/avx-2.c -Wl,-M,/vol/gcc/src/hg/trunk/local/gcc/testsuite/gcc.target/i386/clearcap.map (internal compiler error)
FAIL: gcc.target/i386/avx-2.c -Wl,-M,/vol/gcc/src/hg/trunk/local/gcc/testsuite/gcc.target/i386/clearcap.map (test for excess errors)
FAIL: gcc.target/i386/mmx-1.c -Wl,-M,/vol/gcc/src/hg/trunk/local/gcc/testsuite/gcc.target/i386/clearcap.map (internal compiler error)
FAIL: gcc.target/i386/mmx-1.c -Wl,-M,/vol/gcc/src/hg/trunk/local/gcc/testsuite/gcc.target/i386/clearcap.map (test for excess errors)
FAIL: gcc.target/i386/mmx-2.c -Wl,-M,/vol/gcc/src/hg/trunk/local/gcc/testsuite/gcc.target/i386/clearcap.map (internal compiler error)
FAIL: gcc.target/i386/mmx-2.c -Wl,-M,/vol/gcc/src/hg/trunk/local/gcc/testsuite/gcc.target/i386/clearcap.map (test for excess errors)
FAIL: gcc.target/i386/mmx-7.c -Wl,-M,/vol/gcc/src/hg/trunk/local/gcc/testsuite/gcc.target/i386/clearcap.map (internal compiler error)
FAIL: gcc.target/i386/mmx-7.c -Wl,-M,/vol/gcc/src/hg/trunk/local/gcc/testsuite/gcc.target/i386/clearcap.map (test for excess errors)
FAIL: gcc.target/i386/pr22076.c scan-assembler-times movq 3
FAIL: gcc.target/i386/pr22076.c scan-assembler-not movl
FAIL: gcc.target/i386/pr36438.c -Wl,-M,/vol/gcc/src/hg/trunk/local/gcc/testsuite/gcc.target/i386/clearcap.map (internal compiler error)
FAIL: gcc.target/i386/pr36438.c -Wl,-M,/vol/gcc/src/hg/trunk/local/gcc/testsuite/gcc.target/i386/clearcap.map (test for excess errors)
FAIL: gcc.target/i386/pr42549.c -Wl,-M,/vol/gcc/src/hg/trunk/local/gcc/testsuite/gcc.target/i386/clearcap.map (internal compiler error)
FAIL: gcc.target/i386/pr42549.c -Wl,-M,/vol/gcc/src/hg/trunk/local/gcc/testsuite/gcc.target/i386/clearcap.map (test for excess errors)
WARNING: gcc.target/i386/pr42549.c -Wl,-M,/vol/gcc/src/hg/trunk/local/gcc/testsuite/gcc.target/i386/clearcap.map compilation failed to produce executable
FAIL: gcc.target/i386/sse-13.c -Wl,-M,/vol/gcc/src/hg/trunk/local/gcc/testsuite/gcc.target/i386/clearcap.map (internal compiler error)
FAIL: gcc.target/i386/sse-13.c -Wl,-M,/vol/gcc/src/hg/trunk/local/gcc/testsuite/gcc.target/i386/clearcap.map (test for excess errors)
FAIL: gcc.target/i386/sse-14.c -Wl,-M,/vol/gcc/src/hg/trunk/local/gcc/testsuite/gcc.target/i386/clearcap.map (internal compiler error)
FAIL: gcc.target/i386/sse-14.c -Wl,-M,/vol/gcc/src/hg/trunk/local/gcc/testsuite/gcc.target/i386/clearcap.map (test for excess errors)
FAIL: gcc.target/i386/sse-22.c -Wl,-M,/vol/gcc/src/hg/trunk/local/gcc/testsuite/gcc.target/i386/clearcap.map (internal compiler error)
FAIL: gcc.target/i386/sse-22.c -Wl,-M,/vol/gcc/src/hg/trunk/local/gcc/testsuite/gcc.target/i386/clearcap.map (test for excess errors)
FAIL: gcc.target/i386/sse-23.c -Wl,-M,/vol/gcc/src/hg/trunk/local/gcc/testsuite/gcc.target/i386/clearcap.map (internal compiler error)
FAIL: gcc.target/i386/sse-23.c -Wl,-M,/vol/gcc/src/hg/trunk/local/gcc/testsuite/gcc.target/i386/clearcap.map (test for excess errors)
FAIL: gcc.target/i386/sse2-mmx.c -Wl,-M,/vol/gcc/src/hg/trunk/local/gcc/testsuite/gcc.target/i386/clearcap.map (internal compiler error)
FAIL: gcc.target/i386/sse2-mmx.c -Wl,-M,/vol/gcc/src/hg/trunk/local/gcc/testsuite/gcc.target/i386/clearcap.map (test for excess errors)
WARNING: gcc.target/i386/sse2-mmx.c -Wl,-M,/vol/gcc/src/hg/trunk/local/gcc/testsuite/gcc.target/i386/clearcap.map compilation failed to produce executable
FAIL: gcc.target/i386/ssse3-pabsb.c -Wl,-M,/vol/gcc/src/hg/trunk/local/gcc/testsuite/gcc.target/i386/clearcap.map (internal compiler error)
FAIL: gcc.target/i386/ssse3-pabsb.c -Wl,-M,/vol/gcc/src/hg/trunk/local/gcc/testsuite/gcc.target/i386/clearcap.map (test for excess errors)
WARNING: gcc.target/i386/ssse3-pabsb.c -Wl,-M,/vol/gcc/src/hg/trunk/local/gcc/testsuite/gcc.target/i386/clearcap.map compilation failed to produce executable
FAIL: gcc.target/i386/ssse3-pabsd.c -Wl,-M,/vol/gcc/src/hg/trunk/local/gcc/testsuite/gcc.target/i386/clearcap.map (internal compiler error)
FAIL: gcc.target/i386/ssse3-pabsd.c -Wl,-M,/vol/gcc/src/hg/trunk/local/gcc/testsuite/gcc.target/i386/clearcap.map (test for excess errors)
WARNING: gcc.target/i386/ssse3-pabsd.c -Wl,-M,/vol/gcc/src/hg/trunk/local/gcc/testsuite/gcc.target/i386/clearcap.map compilation failed to produce executable
FAIL: gcc.target/i386/ssse3-pabsw.c -Wl,-M,/vol/gcc/src/hg/trunk/local/gcc/testsuite/gcc.target/i386/clearcap.map (internal compiler error)
FAIL: gcc.target/i386/ssse3-pabsw.c -Wl,-M,/vol/gcc/src/hg/trunk/local/gcc/testsuite/gcc.target/i386/clearcap.map (test for excess errors)
WARNING: gcc.target/i386/ssse3-pabsw.c -Wl,-M,/vol/gcc/src/hg/trunk/local/gcc/testsuite/gcc.target/i386/clearcap.map compilation failed to produce executable
FAIL: gcc.target/i386/ssse3-palignr.c -Wl,-M,/vol/gcc/src/hg/trunk/local/gcc/testsuite/gcc.target/i386/clearcap.map (internal compiler error)
FAIL: gcc.target/i386/ssse3-palignr.c -Wl,-M,/vol/gcc/src/hg/trunk/local/gcc/testsuite/gcc.target/i386/clearcap.map (test for excess errors)
WARNING: gcc.target/i386/ssse3-palignr.c -Wl,-M,/vol/gcc/src/hg/trunk/local/gcc/testsuite/gcc.target/i386/clearcap.map compilation failed to produce executable
FAIL: gcc.target/i386/ssse3-phaddd.c -Wl,-M,/vol/gcc/src/hg/trunk/local/gcc/testsuite/gcc.target/i386/clearcap.map (internal compiler error)
FAIL: gcc.target/i386/ssse3-phaddd.c -Wl,-M,/vol/gcc/src/hg/trunk/local/gcc/testsuite/gcc.target/i386/clearcap.map (test for excess errors)
WARNING: gcc.target/i386/ssse3-phaddd.c -Wl,-M,/vol/gcc/src/hg/trunk/local/gcc/testsuite/gcc.target/i386/clearcap.map compilation failed to produce executable
FAIL: gcc.target/i386/ssse3-phaddsw.c -Wl,-M,/vol/gcc/src/hg/trunk/local/gcc/testsuite/gcc.target/i386/clearcap.map (internal compiler error)
FAIL: gcc.target/i386/ssse3-phaddsw.c -Wl,-M,/vol/gcc/src/hg/trunk/local/gcc/testsuite/gcc.target/i386/clearcap.map (test for excess errors)
WARNING: gcc.target/i386/ssse3-phaddsw.c -Wl,-M,/vol/gcc/src/hg/trunk/local/gcc/testsuite/gcc.target/i386/clearcap.map compilation failed to produce executable
FAIL: gcc.target/i386/ssse3-phaddw.c -Wl,-M,/vol/gcc/src/hg/trunk/local/gcc/testsuite/gcc.target/i386/clearcap.map (internal compiler error)
FAIL: gcc.target/i386/ssse3-phaddw.c -Wl,-M,/vol/gcc/src/hg/trunk/local/gcc/testsuite/gcc.target/i386/clearcap.map (test for excess errors)
WARNING: gcc.target/i386/ssse3-phaddw.c -Wl,-M,/vol/gcc/src/hg/trunk/local/gcc/testsuite/gcc.target/i386/clearcap.map compilation failed to produce executable
FAIL: gcc.target/i386/ssse3-phsubd.c -Wl,-M,/vol/gcc/src/hg/trunk/local/gcc/testsuite/gcc.target/i386/clearcap.map (internal compiler error)
FAIL: gcc.target/i386/ssse3-phsubd.c -Wl,-M,/vol/gcc/src/hg/trunk/local/gcc/testsuite/gcc.target/i386/clearcap.map (test for excess errors)
WARNING: gcc.target/i386/ssse3-phsubd.c -Wl,-M,/vol/gcc/src/hg/trunk/local/gcc/testsuite/gcc.target/i386/clearcap.map compilation failed to produce executable
FAIL: gcc.target/i386/ssse3-phsubsw.c -Wl,-M,/vol/gcc/src/hg/trunk/local/gcc/testsuite/gcc.target/i386/clearcap.map (internal compiler error)
FAIL: gcc.target/i386/ssse3-phsubsw.c -Wl,-M,/vol/gcc/src/hg/trunk/local/gcc/testsuite/gcc.target/i386/clearcap.map (test for excess errors)
WARNING: gcc.target/i386/ssse3-phsubsw.c -Wl,-M,/vol/gcc/src/hg/trunk/local/gcc/testsuite/gcc.target/i386/clearcap.map compilation failed to produce executable
FAIL: gcc.target/i386/ssse3-phsubw.c -Wl,-M,/vol/gcc/src/hg/trunk/local/gcc/testsuite/gcc.target/i386/clearcap.map (internal compiler error)
FAIL: gcc.target/i386/ssse3-phsubw.c -Wl,-M,/vol/gcc/src/hg/trunk/local/gcc/testsuite/gcc.target/i386/clearcap.map (test for excess errors)
WARNING: gcc.target/i386/ssse3-phsubw.c -Wl,-M,/vol/gcc/src/hg/trunk/local/gcc/testsuite/gcc.target/i386/clearcap.map compilation failed to produce executable
FAIL: gcc.target/i386/ssse3-pmaddubsw.c -Wl,-M,/vol/gcc/src/hg/trunk/local/gcc/testsuite/gcc.target/i386/clearcap.map (internal compiler error)
FAIL: gcc.target/i386/ssse3-pmaddubsw.c -Wl,-M,/vol/gcc/src/hg/trunk/local/gcc/testsuite/gcc.target/i386/clearcap.map (test for excess errors)
WARNING: gcc.target/i386/ssse3-pmaddubsw.c -Wl,-M,/vol/gcc/src/hg/trunk/local/gcc/testsuite/gcc.target/i386/clearcap.map compilation failed to produce executable
FAIL: gcc.target/i386/ssse3-pmulhrsw.c -Wl,-M,/vol/gcc/src/hg/trunk/local/gcc/testsuite/gcc.target/i386/clearcap.map (internal compiler error)
FAIL: gcc.target/i386/ssse3-pmulhrsw.c -Wl,-M,/vol/gcc/src/hg/trunk/local/gcc/testsuite/gcc.target/i386/clearcap.map (test for excess errors)
WARNING: gcc.target/i386/ssse3-pmulhrsw.c -Wl,-M,/vol/gcc/src/hg/trunk/local/gcc/testsuite/gcc.target/i386/clearcap.map compilation failed to produce executable
FAIL: gcc.target/i386/ssse3-pshufb.c -Wl,-M,/vol/gcc/src/hg/trunk/local/gcc/testsuite/gcc.target/i386/clearcap.map (internal compiler error)
FAIL: gcc.target/i386/ssse3-pshufb.c -Wl,-M,/vol/gcc/src/hg/trunk/local/gcc/testsuite/gcc.target/i386/clearcap.map (test for excess errors)
WARNING: gcc.target/i386/ssse3-pshufb.c -Wl,-M,/vol/gcc/src/hg/trunk/local/gcc/testsuite/gcc.target/i386/clearcap.map compilation failed to produce executable
FAIL: gcc.target/i386/ssse3-psignb.c -Wl,-M,/vol/gcc/src/hg/trunk/local/gcc/testsuite/gcc.target/i386/clearcap.map (internal compiler error)
FAIL: gcc.target/i386/ssse3-psignb.c -Wl,-M,/vol/gcc/src/hg/trunk/local/gcc/testsuite/gcc.target/i386/clearcap.map (test for excess errors)
WARNING: gcc.target/i386/ssse3-psignb.c -Wl,-M,/vol/gcc/src/hg/trunk/local/gcc/testsuite/gcc.target/i386/clearcap.map compilation failed to produce executable
FAIL: gcc.target/i386/ssse3-psignd.c -Wl,-M,/vol/gcc/src/hg/trunk/local/gcc/testsuite/gcc.target/i386/clearcap.map (internal compiler error)
FAIL: gcc.target/i386/ssse3-psignd.c -Wl,-M,/vol/gcc/src/hg/trunk/local/gcc/testsuite/gcc.target/i386/clearcap.map (test for excess errors)
WARNING: gcc.target/i386/ssse3-psignd.c -Wl,-M,/vol/gcc/src/hg/trunk/local/gcc/testsuite/gcc.target/i386/clearcap.map compilation failed to produce executable
FAIL: gcc.target/i386/ssse3-psignw.c -Wl,-M,/vol/gcc/src/hg/trunk/local/gcc/testsuite/gcc.target/i386/clearcap.map (internal compiler error)
FAIL: gcc.target/i386/ssse3-psignw.c -Wl,-M,/vol/gcc/src/hg/trunk/local/gcc/testsuite/gcc.target/i386/clearcap.map (test for excess errors)
WARNING: gcc.target/i386/ssse3-psignw.c -Wl,-M,/vol/gcc/src/hg/trunk/local/gcc/testsuite/gcc.target/i386/clearcap.map compilation failed to produce executable
=== gcc Summary for unix ===
# of expected passes 70289
# of unexpected failures 163
# of expected failures 172
# of unresolved testcases 33
# of unsupported tests 1149
Running target unix/-m64
FAIL: gcc.c-torture/compile/limits-exprparen.c -O0 (test for excess errors)
FAIL: gcc.c-torture/compile/limits-exprparen.c -O1 (test for excess errors)
FAIL: gcc.c-torture/compile/limits-exprparen.c -O2 (test for excess errors)
FAIL: gcc.c-torture/compile/limits-exprparen.c -O3 -fomit-frame-pointer (test for excess errors)
FAIL: gcc.c-torture/compile/limits-exprparen.c -O3 -g (test for excess errors)
FAIL: gcc.c-torture/compile/limits-exprparen.c -Os (test for excess errors)
FAIL: gcc.c-torture/compile/limits-exprparen.c -O2 -flto (test for excess errors)
FAIL: gcc.c-torture/compile/limits-exprparen.c -O2 -fwhopr (test for excess errors)
FAIL: gcc.c-torture/execute/960321-1.c compilation, -O1
UNRESOLVED: gcc.c-torture/execute/960321-1.c execution, -O1
FAIL: gcc.c-torture/execute/960321-1.c compilation, -O2
UNRESOLVED: gcc.c-torture/execute/960321-1.c execution, -O2
FAIL: gcc.c-torture/execute/960321-1.c compilation, -O3 -fomit-frame-pointer
UNRESOLVED: gcc.c-torture/execute/960321-1.c execution, -O3 -fomit-frame-pointer
FAIL: gcc.c-torture/execute/960321-1.c compilation, -O3 -g
UNRESOLVED: gcc.c-torture/execute/960321-1.c execution, -O3 -g
FAIL: gcc.c-torture/execute/960321-1.c compilation, -Os
UNRESOLVED: gcc.c-torture/execute/960321-1.c execution, -Os
FAIL: gcc.c-torture/execute/960321-1.c compilation, -O2 -flto
UNRESOLVED: gcc.c-torture/execute/960321-1.c execution, -O2 -flto
FAIL: gcc.c-torture/execute/960321-1.c compilation, -O2 -fwhopr
UNRESOLVED: gcc.c-torture/execute/960321-1.c execution, -O2 -fwhopr
FAIL: gcc.dg/cpp/trad/include.c (internal compiler error)
FAIL: gcc.dg/cpp/trad/include.c (test for excess errors)
WARNING: program timed out.
FAIL: gcc.dg/20050811-1.c (test for excess errors)
WARNING: program timed out.
FAIL: gcc.dg/20050811-2.c (test for excess errors)
WARNING: program timed out.
FAIL: gcc.dg/20050922-1.c (test for excess errors)
WARNING: program timed out.
FAIL: gcc.dg/20050922-2.c (test for excess errors)
WARNING: gcc.dg/20050922-2.c compilation failed to produce executable
WARNING: program timed out.
FAIL: gcc.dg/fold-bitand-2.c (test for excess errors)
WARNING: program timed out.
FAIL: gcc.dg/fold-bitand-3.c (test for excess errors)
WARNING: program timed out.
FAIL: gcc.dg/fold-bitand-4.c (test for excess errors)
WARNING: program timed out.
FAIL: gcc.dg/fold-compare-1.c (test for excess errors)
FAIL: gcc.dg/fold-compare-1.c scan-tree-dump-times original "l < -2" 1
WARNING: program timed out.
FAIL: gcc.dg/fold-compare-3.c (test for excess errors)
FAIL: gcc.dg/fold-compare-3.c scan-tree-dump-times cfg "this_comparison_is_true" 6
FAIL: gcc.dg/fold-compare-3.c scan-tree-dump-times cfg "this_comparison_is_not_decidable" 12
FAIL: gcc.dg/fold-compare-3.c scan-tree-dump-times cfg "if " 12
FAIL: gcc.dg/pr34668-1.c (test for excess errors)
FAIL: gcc.dg/lto/20090126-1 c_lto_20090126-1_0.o-c_lto_20090126-1_0.o link, (internal compiler error)
UNRESOLVED: gcc.dg/lto/20090126-1 c_lto_20090126-1_0.o-c_lto_20090126-1_0.o execute -O0 -fwhopr
UNRESOLVED: one_time_plugin.c compilation, -I. -I/vol/gcc/src/hg/trunk/local/gcc/testsuite -I/vol/gcc/src/hg/trunk/local/gcc/testsuite/../../gcc -I/vol/gcc/obj/regression/trunk/11-gcc/build/gcc/testsuite/gcc/../../../gcc -I/vol/gcc/src/hg/trunk/local/gcc/testsuite/../../include -I/vol/gcc/src/hg/trunk/local/gcc/testsuite/../../libcpp/include -I/vol/gcc/include -I/vol/gcc/include -I/vol/gcc/include -DIN_GCC -fPIC -shared
FAIL: gcc.target/i386/3dnow-1.c -Wl,-M,/vol/gcc/src/hg/trunk/local/gcc/testsuite/gcc.target/i386/clearcap.map (internal compiler error)
FAIL: gcc.target/i386/3dnow-1.c -Wl,-M,/vol/gcc/src/hg/trunk/local/gcc/testsuite/gcc.target/i386/clearcap.map (test for excess errors)
FAIL: gcc.target/i386/3dnow-2.c -Wl,-M,/vol/gcc/src/hg/trunk/local/gcc/testsuite/gcc.target/i386/clearcap.map (internal compiler error)
FAIL: gcc.target/i386/3dnow-2.c -Wl,-M,/vol/gcc/src/hg/trunk/local/gcc/testsuite/gcc.target/i386/clearcap.map (test for excess errors)
FAIL: gcc.target/i386/3dnowA-1.c -Wl,-M,/vol/gcc/src/hg/trunk/local/gcc/testsuite/gcc.target/i386/clearcap.map (internal compiler error)
FAIL: gcc.target/i386/3dnowA-1.c -Wl,-M,/vol/gcc/src/hg/trunk/local/gcc/testsuite/gcc.target/i386/clearcap.map (test for excess errors)
FAIL: gcc.target/i386/3dnowA-2.c -Wl,-M,/vol/gcc/src/hg/trunk/local/gcc/testsuite/gcc.target/i386/clearcap.map (internal compiler error)
FAIL: gcc.target/i386/3dnowA-2.c -Wl,-M,/vol/gcc/src/hg/trunk/local/gcc/testsuite/gcc.target/i386/clearcap.map (test for excess errors)
FAIL: gcc.target/i386/avx-1.c -Wl,-M,/vol/gcc/src/hg/trunk/local/gcc/testsuite/gcc.target/i386/clearcap.map (internal compiler error)
FAIL: gcc.target/i386/avx-1.c -Wl,-M,/vol/gcc/src/hg/trunk/local/gcc/testsuite/gcc.target/i386/clearcap.map (test for excess errors)
FAIL: gcc.target/i386/avx-2.c -Wl,-M,/vol/gcc/src/hg/trunk/local/gcc/testsuite/gcc.target/i386/clearcap.map (internal compiler error)
FAIL: gcc.target/i386/avx-2.c -Wl,-M,/vol/gcc/src/hg/trunk/local/gcc/testsuite/gcc.target/i386/clearcap.map (test for excess errors)
FAIL: gcc.target/i386/mmx-1.c -Wl,-M,/vol/gcc/src/hg/trunk/local/gcc/testsuite/gcc.target/i386/clearcap.map (internal compiler error)
FAIL: gcc.target/i386/mmx-1.c -Wl,-M,/vol/gcc/src/hg/trunk/local/gcc/testsuite/gcc.target/i386/clearcap.map (test for excess errors)
FAIL: gcc.target/i386/mmx-2.c -Wl,-M,/vol/gcc/src/hg/trunk/local/gcc/testsuite/gcc.target/i386/clearcap.map (internal compiler error)
FAIL: gcc.target/i386/mmx-2.c -Wl,-M,/vol/gcc/src/hg/trunk/local/gcc/testsuite/gcc.target/i386/clearcap.map (test for excess errors)
FAIL: gcc.target/i386/mmx-7.c -Wl,-M,/vol/gcc/src/hg/trunk/local/gcc/testsuite/gcc.target/i386/clearcap.map (internal compiler error)
FAIL: gcc.target/i386/mmx-7.c -Wl,-M,/vol/gcc/src/hg/trunk/local/gcc/testsuite/gcc.target/i386/clearcap.map (test for excess errors)
FAIL: gcc.target/i386/pr36438.c -Wl,-M,/vol/gcc/src/hg/trunk/local/gcc/testsuite/gcc.target/i386/clearcap.map (internal compiler error)
FAIL: gcc.target/i386/pr36438.c -Wl,-M,/vol/gcc/src/hg/trunk/local/gcc/testsuite/gcc.target/i386/clearcap.map (test for excess errors)
FAIL: gcc.target/i386/pr42549.c -Wl,-M,/vol/gcc/src/hg/trunk/local/gcc/testsuite/gcc.target/i386/clearcap.map (internal compiler error)
FAIL: gcc.target/i386/pr42549.c -Wl,-M,/vol/gcc/src/hg/trunk/local/gcc/testsuite/gcc.target/i386/clearcap.map (test for excess errors)
WARNING: gcc.target/i386/pr42549.c -Wl,-M,/vol/gcc/src/hg/trunk/local/gcc/testsuite/gcc.target/i386/clearcap.map compilation failed to produce executable
FAIL: gcc.target/i386/sse-13.c -Wl,-M,/vol/gcc/src/hg/trunk/local/gcc/testsuite/gcc.target/i386/clearcap.map (internal compiler error)
FAIL: gcc.target/i386/sse-13.c -Wl,-M,/vol/gcc/src/hg/trunk/local/gcc/testsuite/gcc.target/i386/clearcap.map (test for excess errors)
FAIL: gcc.target/i386/sse-14.c -Wl,-M,/vol/gcc/src/hg/trunk/local/gcc/testsuite/gcc.target/i386/clearcap.map (internal compiler error)
FAIL: gcc.target/i386/sse-14.c -Wl,-M,/vol/gcc/src/hg/trunk/local/gcc/testsuite/gcc.target/i386/clearcap.map (test for excess errors)
FAIL: gcc.target/i386/sse-22.c -Wl,-M,/vol/gcc/src/hg/trunk/local/gcc/testsuite/gcc.target/i386/clearcap.map (internal compiler error)
FAIL: gcc.target/i386/sse-22.c -Wl,-M,/vol/gcc/src/hg/trunk/local/gcc/testsuite/gcc.target/i386/clearcap.map (test for excess errors)
FAIL: gcc.target/i386/sse-23.c -Wl,-M,/vol/gcc/src/hg/trunk/local/gcc/testsuite/gcc.target/i386/clearcap.map (internal compiler error)
FAIL: gcc.target/i386/sse-23.c -Wl,-M,/vol/gcc/src/hg/trunk/local/gcc/testsuite/gcc.target/i386/clearcap.map (test for excess errors)
FAIL: gcc.target/i386/sse2-mmx.c -Wl,-M,/vol/gcc/src/hg/trunk/local/gcc/testsuite/gcc.target/i386/clearcap.map (internal compiler error)
FAIL: gcc.target/i386/sse2-mmx.c -Wl,-M,/vol/gcc/src/hg/trunk/local/gcc/testsuite/gcc.target/i386/clearcap.map (test for excess errors)
WARNING: gcc.target/i386/sse2-mmx.c -Wl,-M,/vol/gcc/src/hg/trunk/local/gcc/testsuite/gcc.target/i386/clearcap.map compilation failed to produce executable
FAIL: gcc.target/i386/ssse3-pabsb.c -Wl,-M,/vol/gcc/src/hg/trunk/local/gcc/testsuite/gcc.target/i386/clearcap.map (internal compiler error)
FAIL: gcc.target/i386/ssse3-pabsb.c -Wl,-M,/vol/gcc/src/hg/trunk/local/gcc/testsuite/gcc.target/i386/clearcap.map (test for excess errors)
WARNING: gcc.target/i386/ssse3-pabsb.c -Wl,-M,/vol/gcc/src/hg/trunk/local/gcc/testsuite/gcc.target/i386/clearcap.map compilation failed to produce executable
FAIL: gcc.target/i386/ssse3-pabsd.c -Wl,-M,/vol/gcc/src/hg/trunk/local/gcc/testsuite/gcc.target/i386/clearcap.map (internal compiler error)
FAIL: gcc.target/i386/ssse3-pabsd.c -Wl,-M,/vol/gcc/src/hg/trunk/local/gcc/testsuite/gcc.target/i386/clearcap.map (test for excess errors)
WARNING: gcc.target/i386/ssse3-pabsd.c -Wl,-M,/vol/gcc/src/hg/trunk/local/gcc/testsuite/gcc.target/i386/clearcap.map compilation failed to produce executable
FAIL: gcc.target/i386/ssse3-pabsw.c -Wl,-M,/vol/gcc/src/hg/trunk/local/gcc/testsuite/gcc.target/i386/clearcap.map (internal compiler error)
FAIL: gcc.target/i386/ssse3-pabsw.c -Wl,-M,/vol/gcc/src/hg/trunk/local/gcc/testsuite/gcc.target/i386/clearcap.map (test for excess errors)
WARNING: gcc.target/i386/ssse3-pabsw.c -Wl,-M,/vol/gcc/src/hg/trunk/local/gcc/testsuite/gcc.target/i386/clearcap.map compilation failed to produce executable
FAIL: gcc.target/i386/ssse3-palignr.c -Wl,-M,/vol/gcc/src/hg/trunk/local/gcc/testsuite/gcc.target/i386/clearcap.map (internal compiler error)
FAIL: gcc.target/i386/ssse3-palignr.c -Wl,-M,/vol/gcc/src/hg/trunk/local/gcc/testsuite/gcc.target/i386/clearcap.map (test for excess errors)
WARNING: gcc.target/i386/ssse3-palignr.c -Wl,-M,/vol/gcc/src/hg/trunk/local/gcc/testsuite/gcc.target/i386/clearcap.map compilation failed to produce executable
FAIL: gcc.target/i386/ssse3-phaddd.c -Wl,-M,/vol/gcc/src/hg/trunk/local/gcc/testsuite/gcc.target/i386/clearcap.map (internal compiler error)
FAIL: gcc.target/i386/ssse3-phaddd.c -Wl,-M,/vol/gcc/src/hg/trunk/local/gcc/testsuite/gcc.target/i386/clearcap.map (test for excess errors)
WARNING: gcc.target/i386/ssse3-phaddd.c -Wl,-M,/vol/gcc/src/hg/trunk/local/gcc/testsuite/gcc.target/i386/clearcap.map compilation failed to produce executable
FAIL: gcc.target/i386/ssse3-phaddsw.c -Wl,-M,/vol/gcc/src/hg/trunk/local/gcc/testsuite/gcc.target/i386/clearcap.map (internal compiler error)
FAIL: gcc.target/i386/ssse3-phaddsw.c -Wl,-M,/vol/gcc/src/hg/trunk/local/gcc/testsuite/gcc.target/i386/clearcap.map (test for excess errors)
WARNING: gcc.target/i386/ssse3-phaddsw.c -Wl,-M,/vol/gcc/src/hg/trunk/local/gcc/testsuite/gcc.target/i386/clearcap.map compilation failed to produce executable
FAIL: gcc.target/i386/ssse3-phaddw.c -Wl,-M,/vol/gcc/src/hg/trunk/local/gcc/testsuite/gcc.target/i386/clearcap.map (internal compiler error)
FAIL: gcc.target/i386/ssse3-phaddw.c -Wl,-M,/vol/gcc/src/hg/trunk/local/gcc/testsuite/gcc.target/i386/clearcap.map (test for excess errors)
WARNING: gcc.target/i386/ssse3-phaddw.c -Wl,-M,/vol/gcc/src/hg/trunk/local/gcc/testsuite/gcc.target/i386/clearcap.map compilation failed to produce executable
FAIL: gcc.target/i386/ssse3-phsubd.c -Wl,-M,/vol/gcc/src/hg/trunk/local/gcc/testsuite/gcc.target/i386/clearcap.map (internal compiler error)
FAIL: gcc.target/i386/ssse3-phsubd.c -Wl,-M,/vol/gcc/src/hg/trunk/local/gcc/testsuite/gcc.target/i386/clearcap.map (test for excess errors)
WARNING: gcc.target/i386/ssse3-phsubd.c -Wl,-M,/vol/gcc/src/hg/trunk/local/gcc/testsuite/gcc.target/i386/clearcap.map compilation failed to produce executable
FAIL: gcc.target/i386/ssse3-phsubsw.c -Wl,-M,/vol/gcc/src/hg/trunk/local/gcc/testsuite/gcc.target/i386/clearcap.map (internal compiler error)
FAIL: gcc.target/i386/ssse3-phsubsw.c -Wl,-M,/vol/gcc/src/hg/trunk/local/gcc/testsuite/gcc.target/i386/clearcap.map (test for excess errors)
WARNING: gcc.target/i386/ssse3-phsubsw.c -Wl,-M,/vol/gcc/src/hg/trunk/local/gcc/testsuite/gcc.target/i386/clearcap.map compilation failed to produce executable
FAIL: gcc.target/i386/ssse3-phsubw.c -Wl,-M,/vol/gcc/src/hg/trunk/local/gcc/testsuite/gcc.target/i386/clearcap.map (internal compiler error)
FAIL: gcc.target/i386/ssse3-phsubw.c -Wl,-M,/vol/gcc/src/hg/trunk/local/gcc/testsuite/gcc.target/i386/clearcap.map (test for excess errors)
WARNING: gcc.target/i386/ssse3-phsubw.c -Wl,-M,/vol/gcc/src/hg/trunk/local/gcc/testsuite/gcc.target/i386/clearcap.map compilation failed to produce executable
FAIL: gcc.target/i386/ssse3-pmaddubsw.c -Wl,-M,/vol/gcc/src/hg/trunk/local/gcc/testsuite/gcc.target/i386/clearcap.map (internal compiler error)
FAIL: gcc.target/i386/ssse3-pmaddubsw.c -Wl,-M,/vol/gcc/src/hg/trunk/local/gcc/testsuite/gcc.target/i386/clearcap.map (test for excess errors)
WARNING: gcc.target/i386/ssse3-pmaddubsw.c -Wl,-M,/vol/gcc/src/hg/trunk/local/gcc/testsuite/gcc.target/i386/clearcap.map compilation failed to produce executable
FAIL: gcc.target/i386/ssse3-pmulhrsw.c -Wl,-M,/vol/gcc/src/hg/trunk/local/gcc/testsuite/gcc.target/i386/clearcap.map (internal compiler error)
FAIL: gcc.target/i386/ssse3-pmulhrsw.c -Wl,-M,/vol/gcc/src/hg/trunk/local/gcc/testsuite/gcc.target/i386/clearcap.map (test for excess errors)
WARNING: gcc.target/i386/ssse3-pmulhrsw.c -Wl,-M,/vol/gcc/src/hg/trunk/local/gcc/testsuite/gcc.target/i386/clearcap.map compilation failed to produce executable
FAIL: gcc.target/i386/ssse3-pshufb.c -Wl,-M,/vol/gcc/src/hg/trunk/local/gcc/testsuite/gcc.target/i386/clearcap.map (internal compiler error)
FAIL: gcc.target/i386/ssse3-pshufb.c -Wl,-M,/vol/gcc/src/hg/trunk/local/gcc/testsuite/gcc.target/i386/clearcap.map (test for excess errors)
WARNING: gcc.target/i386/ssse3-pshufb.c -Wl,-M,/vol/gcc/src/hg/trunk/local/gcc/testsuite/gcc.target/i386/clearcap.map compilation failed to produce executable
FAIL: gcc.target/i386/ssse3-psignb.c -Wl,-M,/vol/gcc/src/hg/trunk/local/gcc/testsuite/gcc.target/i386/clearcap.map (internal compiler error)
FAIL: gcc.target/i386/ssse3-psignb.c -Wl,-M,/vol/gcc/src/hg/trunk/local/gcc/testsuite/gcc.target/i386/clearcap.map (test for excess errors)
WARNING: gcc.target/i386/ssse3-psignb.c -Wl,-M,/vol/gcc/src/hg/trunk/local/gcc/testsuite/gcc.target/i386/clearcap.map compilation failed to produce executable
FAIL: gcc.target/i386/ssse3-psignd.c -Wl,-M,/vol/gcc/src/hg/trunk/local/gcc/testsuite/gcc.target/i386/clearcap.map (internal compiler error)
FAIL: gcc.target/i386/ssse3-psignd.c -Wl,-M,/vol/gcc/src/hg/trunk/local/gcc/testsuite/gcc.target/i386/clearcap.map (test for excess errors)
WARNING: gcc.target/i386/ssse3-psignd.c -Wl,-M,/vol/gcc/src/hg/trunk/local/gcc/testsuite/gcc.target/i386/clearcap.map compilation failed to produce executable
FAIL: gcc.target/i386/ssse3-psignw.c -Wl,-M,/vol/gcc/src/hg/trunk/local/gcc/testsuite/gcc.target/i386/clearcap.map (internal compiler error)
FAIL: gcc.target/i386/ssse3-psignw.c -Wl,-M,/vol/gcc/src/hg/trunk/local/gcc/testsuite/gcc.target/i386/clearcap.map (test for excess errors)
WARNING: gcc.target/i386/ssse3-psignw.c -Wl,-M,/vol/gcc/src/hg/trunk/local/gcc/testsuite/gcc.target/i386/clearcap.map compilation failed to produce executable
=== gcc Summary for unix/-m64 ===
# of expected passes 69913
# of unexpected failures 96
# of expected failures 171
# of unresolved testcases 9
# of unsupported tests 1544
=== gcc Summary ===
# of expected passes 140202
# of unexpected failures 259
# of expected failures 343
# of unresolved testcases 42
# of unsupported tests 2693
/vol/gcc/obj/regression/trunk/11-gcc/build/gcc/xgcc version 4.6.0 20100520 (experimental) (GCC)
=== gfortran tests ===
Running target unix
FAIL: gfortran.dg/array_constructor_11.f90 -O3 -g (internal compiler error)
FAIL: gfortran.dg/array_constructor_11.f90 -O3 -g (test for excess errors)
WARNING: gfortran.dg/array_constructor_11.f90 -O3 -g compilation failed to produce executable
FAIL: gfortran.dg/array_constructor_23.f -O3 -fomit-frame-pointer execution test
FAIL: gfortran.dg/array_constructor_23.f -O3 -fomit-frame-pointer -funroll-loops execution test
FAIL: gfortran.dg/array_constructor_23.f -O3 -fomit-frame-pointer -funroll-all-loops -finline-functions execution test
FAIL: gfortran.dg/array_constructor_23.f -O3 -g execution test
FAIL: gfortran.dg/arrayio_derived_1.f90 -O1 (test for excess errors)
FAIL: gfortran.dg/arrayio_derived_1.f90 -O2 (test for excess errors)
FAIL: gfortran.dg/arrayio_derived_1.f90 -O2 execution test
FAIL: gfortran.dg/arrayio_derived_1.f90 -O3 -fomit-frame-pointer (test for excess errors)
WARNING: gfortran.dg/arrayio_derived_1.f90 -O3 -fomit-frame-pointer compilation failed to produce executable
FAIL: gfortran.dg/arrayio_derived_1.f90 -O3 -g (test for excess errors)
FAIL: gfortran.dg/atan2_1.f90 -O0 execution test
FAIL: gfortran.dg/backspace_5.f -O3 -g (test for excess errors)
FAIL: gfortran.dg/backspace_6.f -O3 -fomit-frame-pointer (test for excess errors)
WARNING: gfortran.dg/backspace_6.f -O3 -fomit-frame-pointer compilation failed to produce executable
FAIL: gfortran.dg/backspace_6.f -O3 -fomit-frame-pointer -funroll-loops (test for excess errors)
FAIL: gfortran.dg/bounds_check_14.f90 -O1 (test for excess errors)
FAIL: gfortran.dg/f2003_io_7.f03 -O2 (test for excess errors)
FAIL: gfortran.dg/f2003_io_7.f03 -O3 -fomit-frame-pointer (test for excess errors)
FAIL: gfortran.dg/f2003_io_7.f03 -O3 -fomit-frame-pointer -funroll-loops (test for excess errors)
FAIL: gfortran.dg/f2c_1.f90 -O0 (test for excess errors)
WARNING: gfortran.dg/f2c_1.f90 -O0 compilation failed to produce executable
FAIL: gfortran.dg/f2c_1.f90 -O2 (test for excess errors)
WARNING: gfortran.dg/f2c_1.f90 -O2 compilation failed to produce executable
FAIL: gfortran.dg/f2c_1.f90 -O3 -fomit-frame-pointer (test for excess errors)
WARNING: gfortran.dg/f2c_1.f90 -O3 -fomit-frame-pointer compilation failed to produce executable
FAIL: gfortran.dg/fmt_t_5.f90 -O3 -fomit-frame-pointer -funroll-all-loops -finline-functions (test for excess errors)
WARNING: gfortran.dg/fmt_t_5.f90 -O3 -fomit-frame-pointer -funroll-all-loops -finline-functions compilation failed to produce executable
FAIL: gfortran.dg/fmt_t_6.f -O (test for excess errors)
FAIL: gfortran.dg/fmt_t_7.f -O0 (test for excess errors)
FAIL: gfortran.dg/pr17164.f90 -O3 -fomit-frame-pointer -funroll-all-loops -finline-functions (test for excess errors)
WARNING: gfortran.dg/pr17229.f -O0 compilation failed to produce executable
FAIL: gfortran.dg/pr17229.f -Os execution test
FAIL: gfortran.dg/pr17285.f90 -O1 (test for excess errors)
FAIL: gfortran.dg/pr17285.f90 -O2 (test for excess errors)
FAIL: gfortran.dg/pr37287-1.f90 -O (test for excess errors)
WARNING: program timed out.
WARNING: program timed out.
WARNING: program timed out.
WARNING: program timed out.
WARNING: program timed out.
WARNING: program timed out.
WARNING: program timed out.
WARNING: program timed out.
WARNING: program timed out.
WARNING: program timed out.
WARNING: program timed out.
WARNING: program timed out.
WARNING: program timed out.
WARNING: program timed out.
WARNING: program timed out.
WARNING: program timed out.
WARNING: program timed out.
WARNING: program timed out.
WARNING: program timed out.
WARNING: program timed out.
WARNING: program timed out.
WARNING: program timed out.
WARNING: program timed out.
WARNING: program timed out.
WARNING: program timed out.
WARNING: program timed out.
WARNING: program timed out.
FAIL: gfortran.dg/lto/20091015-1 f_lto_20091015-1_0.o-f_lto_20091015-1_2.o link
UNRESOLVED: gfortran.dg/lto/20091015-1 f_lto_20091015-1_0.o-f_lto_20091015-1_2.o execute -O0 -fwhopr
WARNING: program timed out.
WARNING: program timed out.
FAIL: gfortran.fortran-torture/execute/initializer.f90 compilation, -O0
WARNING: program timed out.
WARNING: program timed out.
FAIL: gfortran.fortran-torture/execute/initializer.f90 execution, -O3 -g
WARNING: program timed out.
WARNING: program timed out.
FAIL: gfortran.fortran-torture/execute/inquire_1.f90 compilation, -O1
WARNING: program timed out.
WARNING: program timed out.
WARNING: program timed out.
FAIL: gfortran.fortran-torture/execute/intrinsic_mod_ulo.f90 compilation, -Os
WARNING: program timed out.
FAIL: gfortran.fortran-torture/execute/intrinsic_mvbits.f90 compilation, -O0
WARNING: program timed out.
WARNING: program timed out.
=== gfortran Summary for unix ===
# of expected passes 34351
# of unexpected failures 36
# of expected failures 22
# of untested testcases 4
# of unresolved testcases 1
# of unsupported tests 153
Running target unix/-m64
FAIL: gfortran.dg/array_constructor_11.f90 -O3 -g (internal compiler error)
FAIL: gfortran.dg/array_constructor_11.f90 -O3 -g (test for excess errors)
WARNING: gfortran.dg/array_constructor_11.f90 -O3 -g compilation failed to produce executable
FAIL: gfortran.dg/lto/20091015-1 f_lto_20091015-1_0.o-f_lto_20091015-1_2.o link
UNRESOLVED: gfortran.dg/lto/20091015-1 f_lto_20091015-1_0.o-f_lto_20091015-1_2.o execute -O0 -fwhopr
=== gfortran Summary for unix/-m64 ===
# of expected passes 34556
# of unexpected failures 3
# of expected failures 22
# of unresolved testcases 1
# of unsupported tests 77
=== gfortran Summary ===
# of expected passes 68907
# of unexpected failures 39
# of expected failures 44
# of untested testcases 4
# of unresolved testcases 2
# of unsupported tests 230
/vol/gcc/obj/regression/trunk/11-gcc/build/gcc/testsuite/gfortran/../../gfortran version 4.6.0 20100520 (experimental) (GCC)
=== gnat tests ===
Running target unix
FAIL: gnat.dg/lto6.adb (test for excess errors)
WARNING: gnat.dg/lto6.adb compilation failed to produce executable
FAIL: gnat.dg/lto8.adb (test for excess errors)
WARNING: gnat.dg/lto8.adb compilation failed to produce executable
FAIL: gnat.dg/null_pointer_deref1.adb execution test
FAIL: gnat.dg/null_pointer_deref2.adb execution test
FAIL: gnat.dg/stack_check1.adb execution test
FAIL: gnat.dg/stack_check2.adb execution test
=== gnat Summary for unix ===
# of expected passes 791
# of unexpected failures 6
# of expected failures 11
# of unsupported tests 2
Running target unix/-m64
FAIL: gnat.dg/lto6.adb (test for excess errors)
WARNING: gnat.dg/lto6.adb compilation failed to produce executable
FAIL: gnat.dg/lto8.adb (test for excess errors)
WARNING: gnat.dg/lto8.adb compilation failed to produce executable
FAIL: gnat.dg/null_pointer_deref1.adb execution test
FAIL: gnat.dg/null_pointer_deref2.adb execution test
FAIL: gnat.dg/stack_check1.adb execution test
FAIL: gnat.dg/stack_check2.adb execution test
WARNING: program timed out.
FAIL: gnat.dg/specs/fe_inlining.ads (test for excess errors)
=== gnat Summary for unix/-m64 ===
# of expected passes 790
# of unexpected failures 7
# of expected failures 11
# of unsupported tests 2
=== gnat Summary ===
# of expected passes 1581
# of unexpected failures 13
# of expected failures 22
# of unsupported tests 4
=== objc tests ===
Running target unix
FAIL: objc.dg/torture/tls/thr-init-3.m -O2 -flto (test for excess errors)
WARNING: objc.dg/torture/tls/thr-init-3.m -O2 -flto compilation failed to produce executable
FAIL: objc.dg/torture/tls/thr-init-3.m -O2 -fwhopr (test for excess errors)
WARNING: objc.dg/torture/tls/thr-init-3.m -O2 -fwhopr compilation failed to produce executable
=== objc Summary for unix ===
# of expected passes 1991
# of unexpected failures 2
# of expected failures 7
# of unsupported tests 20
Running target unix/-m64
WARNING: program timed out.
FAIL: objc/execute/nested-3.m compilation, -O3 -fomit-frame-pointer -fgnu-runtime
UNRESOLVED: objc/execute/nested-3.m execution, -O3 -fomit-frame-pointer -fgnu-runtime
WARNING: program timed out.
FAIL: objc/execute/nested-func-1.m compilation, -O0 -fgnu-runtime
UNRESOLVED: objc/execute/nested-func-1.m execution, -O0 -fgnu-runtime
WARNING: program timed out.
FAIL: objc/execute/nil_method-1.m compilation, -O0 -fgnu-runtime
UNRESOLVED: objc/execute/nil_method-1.m execution, -O0 -fgnu-runtime
WARNING: program timed out.
FAIL: objc/execute/nil_method-1.m compilation, -O1 -fgnu-runtime
UNRESOLVED: objc/execute/nil_method-1.m execution, -O1 -fgnu-runtime
WARNING: program timed out.
FAIL: objc/execute/nil_method-1.m compilation, -O2 -fgnu-runtime
UNRESOLVED: objc/execute/nil_method-1.m execution, -O2 -fgnu-runtime
WARNING: program timed out.
FAIL: objc/execute/nil_method-1.m compilation, -O3 -g -fgnu-runtime
UNRESOLVED: objc/execute/nil_method-1.m execution, -O3 -g -fgnu-runtime
FAIL: objc.dg/torture/tls/thr-init-3.m -O2 -flto (test for excess errors)
ERROR: ./thr-init-3.exe does not exist in unix_load.
UNRESOLVED: objc.dg/torture/tls/thr-init-3.m -O2 -flto execution test
FAIL: objc.dg/torture/tls/thr-init-3.m -O2 -fwhopr (test for excess errors)
WARNING: objc.dg/torture/tls/thr-init-3.m -O2 -fwhopr compilation failed to produce executable
=== objc Summary for unix/-m64 ===
# of expected passes 1971
# of unexpected failures 8
# of expected failures 15
# of unresolved testcases 7
# of unsupported tests 20
=== objc Summary ===
# of expected passes 3962
# of unexpected failures 10
# of expected failures 22
# of unresolved testcases 7
# of unsupported tests 40
/vol/gcc/obj/regression/trunk/11-gcc/build/gcc/xgcc version 4.6.0 20100520 (experimental) (GCC)
=== libffi tests ===
Running target unix
=== libffi Summary for unix ===
# of expected passes 1624
# of expected failures 10
# of unsupported tests 15
Running target unix/-m64
WARNING: program timed out.
FAIL: libffi.call/pyobjc-tc.c -O2 -fomit-frame-pointer (test for excess errors)
WARNING: program timed out.
FAIL: libffi.call/return_dbl.c -O2 -fomit-frame-pointer (test for excess errors)
WARNING: libffi.call/return_dbl.c -O2 -fomit-frame-pointer compilation failed to produce executable
WARNING: program timed out.
FAIL: libffi.call/return_dbl1.c -O2 -fomit-frame-pointer (test for excess errors)
WARNING: program timed out.
FAIL: libffi.call/return_dbl2.c -O2 -fomit-frame-pointer (test for excess errors)
WARNING: program timed out.
FAIL: libffi.call/return_fl.c -O2 -fomit-frame-pointer (test for excess errors)
WARNING: libffi.call/return_fl.c -O2 -fomit-frame-pointer compilation failed to produce executable
WARNING: program timed out.
FAIL: libffi.call/return_fl1.c -O2 -fomit-frame-pointer (test for excess errors)
WARNING: libffi.call/return_fl1.c -O2 -fomit-frame-pointer compilation failed to produce executable
WARNING: program timed out.
FAIL: libffi.call/return_fl2.c -O2 -fomit-frame-pointer (test for excess errors)
WARNING: program timed out.
FAIL: libffi.call/return_fl3.c -O2 -fomit-frame-pointer (test for excess errors)
WARNING: program timed out.
FAIL: libffi.call/return_ll.c -O2 -fomit-frame-pointer (test for excess errors)
WARNING: libffi.call/return_ll.c -O2 -fomit-frame-pointer compilation failed to produce executable
WARNING: program timed out.
FAIL: libffi.call/return_ll1.c -O2 -fomit-frame-pointer (test for excess errors)
WARNING: libffi.call/return_ll1.c -O2 -fomit-frame-pointer compilation failed to produce executable
WARNING: program timed out.
FAIL: libffi.call/return_sc.c -O2 -fomit-frame-pointer (test for excess errors)
WARNING: program timed out.
FAIL: libffi.call/return_sl.c -O2 -fomit-frame-pointer (test for excess errors)
WARNING: libffi.call/return_sl.c -O2 -fomit-frame-pointer compilation failed to produce executable
=== libffi Summary for unix/-m64 ===
# of expected passes 1604
# of unexpected failures 12
# of expected failures 10
# of unsupported tests 15
=== libffi Summary ===
# of expected passes 3228
# of unexpected failures 12
# of expected failures 20
# of unsupported tests 30
=== libgomp tests ===
Running target unix
WARNING: program timed out.
FAIL: libgomp.fortran/stack.f90 -O3 -fomit-frame-pointer -funroll-all-loops -finline-functions (test for excess errors)
WARNING: libgomp.fortran/stack.f90 -O3 -fomit-frame-pointer -funroll-all-loops -finline-functions compilation failed to produce executable
WARNING: program timed out.
FAIL: libgomp.fortran/stack.f90 -Os (test for excess errors)
WARNING: program timed out.
FAIL: libgomp.fortran/strassen.f90 -O (test for excess errors)
WARNING: libgomp.fortran/strassen.f90 -O compilation failed to produce executable
WARNING: program timed out.
FAIL: libgomp.fortran/tabs2.f -O (test for excess errors)
WARNING: libgomp.fortran/tabs2.f -O compilation failed to produce executable
WARNING: program timed out.
FAIL: libgomp.fortran/task1.f90 -O1 (test for excess errors)
WARNING: program timed out.
FAIL: libgomp.fortran/task1.f90 -O2 (test for excess errors)
WARNING: program timed out.
FAIL: libgomp.fortran/task1.f90 -O3 -fomit-frame-pointer -funroll-loops (test for excess errors)
WARNING: program timed out.
FAIL: libgomp.fortran/task1.f90 -O3 -fomit-frame-pointer -funroll-all-loops -finline-functions (test for excess errors)
FAIL: libgomp.fortran/task1.f90 -O3 -fomit-frame-pointer -funroll-all-loops -finline-functions execution test
=== libgomp Summary for unix ===
# of expected passes 2478
# of unexpected failures 9
# of unsupported tests 2
Running target unix/-m64
FAIL: libgomp.c/atomic-2.c (test for excess errors)
WARNING: libgomp.c/atomic-2.c compilation failed to produce executable
FAIL: libgomp.c/atomic-5.c (test for excess errors)
WARNING: libgomp.c/atomic-5.c compilation failed to produce executable
FAIL: libgomp.c/copyin-3.c execution test
FAIL: libgomp.c/nqueens-1.c execution test
FAIL: libgomp.c/pr24455.c execution test
FAIL: libgomp.c++/ctor-10.C -O0 execution test
FAIL: libgomp.c++/ctor-10.C -O1 execution test
FAIL: libgomp.c++/ctor-10.C -O2 execution test
WARNING: program timed out.
FAIL: libgomp.c++/ctor-10.C -O3 -fomit-frame-pointer (test for excess errors)
WARNING: program timed out.
FAIL: libgomp.c++/ctor-10.C -O3 -fomit-frame-pointer -funroll-loops (test for excess errors)
WARNING: program timed out.
FAIL: libgomp.c++/ctor-10.C -O3 -fomit-frame-pointer -funroll-all-loops -finline-functions (test for excess errors)
FAIL: libgomp.c++/ctor-10.C -O3 -fomit-frame-pointer -funroll-all-loops -finline-functions execution test
FAIL: libgomp.c++/ctor-10.C -O3 -g execution test
WARNING: program timed out.
FAIL: libgomp.c++/ctor-10.C -Os (test for excess errors)
FAIL: libgomp.c++/ctor-10.C -Os execution test
WARNING: program timed out.
FAIL: libgomp.c++/ctor-11.C -O0 (test for excess errors)
WARNING: libgomp.c++/ctor-11.C -O0 compilation failed to produce executable
WARNING: program timed out.
FAIL: libgomp.c++/ctor-11.C -O1 (test for excess errors)
WARNING: libgomp.c++/ctor-11.C -O1 compilation failed to produce executable
FAIL: libgomp.c++/pr24455.C -O0 execution test
FAIL: libgomp.c++/pr24455.C -O1 execution test
FAIL: libgomp.c++/pr24455.C -O2 execution test
FAIL: libgomp.c++/pr24455.C -O3 -fomit-frame-pointer execution test
FAIL: libgomp.c++/pr24455.C -O3 -fomit-frame-pointer -funroll-loops execution test
FAIL: libgomp.c++/pr24455.C -O3 -fomit-frame-pointer -funroll-all-loops -finline-functions execution test
FAIL: libgomp.c++/pr24455.C -O3 -g execution test
FAIL: libgomp.c++/pr24455.C -Os execution test
FAIL: libgomp.fortran/appendix-a/a.22.8.f90 -O0 execution test
FAIL: libgomp.fortran/appendix-a/a.22.8.f90 -O1 execution test
FAIL: libgomp.fortran/appendix-a/a.22.8.f90 -O2 execution test
FAIL: libgomp.fortran/appendix-a/a.22.8.f90 -O3 -fomit-frame-pointer execution test
FAIL: libgomp.fortran/appendix-a/a.22.8.f90 -O3 -fomit-frame-pointer -funroll-loops execution test
FAIL: libgomp.fortran/appendix-a/a.22.8.f90 -O3 -fomit-frame-pointer -funroll-all-loops -finline-functions execution test
FAIL: libgomp.fortran/appendix-a/a.22.8.f90 -O3 -g execution test
FAIL: libgomp.fortran/appendix-a/a.22.8.f90 -Os execution test
FAIL: libgomp.fortran/threadprivate1.f90 -O0 execution test
FAIL: libgomp.fortran/threadprivate1.f90 -O1 execution test
FAIL: libgomp.fortran/threadprivate1.f90 -O2 execution test
FAIL: libgomp.fortran/threadprivate1.f90 -O3 -fomit-frame-pointer execution test
FAIL: libgomp.fortran/threadprivate1.f90 -O3 -fomit-frame-pointer -funroll-loops execution test
FAIL: libgomp.fortran/threadprivate1.f90 -O3 -fomit-frame-pointer -funroll-all-loops -finline-functions execution test
FAIL: libgomp.fortran/threadprivate1.f90 -O3 -g execution test
FAIL: libgomp.fortran/threadprivate1.f90 -Os execution test
FAIL: libgomp.fortran/threadprivate2.f90 -O0 execution test
FAIL: libgomp.fortran/threadprivate2.f90 -O1 execution test
FAIL: libgomp.fortran/threadprivate2.f90 -O2 execution test
FAIL: libgomp.fortran/threadprivate2.f90 -O3 -fomit-frame-pointer execution test
FAIL: libgomp.fortran/threadprivate2.f90 -O3 -fomit-frame-pointer -funroll-loops execution test
FAIL: libgomp.fortran/threadprivate2.f90 -O3 -fomit-frame-pointer -funroll-all-loops -finline-functions execution test
FAIL: libgomp.fortran/threadprivate2.f90 -O3 -g execution test
FAIL: libgomp.fortran/threadprivate2.f90 -Os execution test
=== libgomp Summary for unix/-m64 ===
# of expected passes 2437
# of unexpected failures 49
# of unsupported tests 2
=== libgomp Summary ===
# of expected passes 4915
# of unexpected failures 58
# of unsupported tests 4
=== libjava tests ===
Running target unix
FAIL: Throw_2 execution - source compiled test
FAIL: Throw_2 -findirect-dispatch execution - source compiled test
FAIL: Throw_2 -O3 execution - source compiled test
FAIL: Throw_2 -O3 -findirect-dispatch execution - source compiled test
WARNING: program timed out.
FAIL: indirect_write -findirect-dispatch compilation from source
WARNING: program timed out.
FAIL: indirect_write -O3 compilation from source
WARNING: program timed out.
FAIL: indirect_write -O3 -findirect-dispatch compilation from source
WARNING: program timed out.
FAIL: initexc compilation from source
WARNING: program timed out.
FAIL: initexc -findirect-dispatch compilation from source
WARNING: program timed out.
FAIL: initexc -O3 compilation from source
WARNING: program timed out.
FAIL: initexc -O3 -findirect-dispatch compilation from source
WARNING: program timed out.
FAIL: initfield compilation from source
WARNING: program timed out.
FAIL: initfield -findirect-dispatch compilation from source
WARNING: program timed out.
FAIL: initfield -O3 compilation from source
WARNING: program timed out.
FAIL: initfield -O3 -findirect-dispatch compilation from source
WARNING: program timed out.
FAIL: inline compilation from source
WARNING: program timed out.
FAIL: inline -findirect-dispatch compilation from source
WARNING: program timed out.
FAIL: inline -O3 compilation from source
WARNING: program timed out.
FAIL: inline -O3 -findirect-dispatch compilation from source
WARNING: program timed out.
FAIL: stringconst2 -findirect-dispatch compilation from source
WARNING: program timed out.
FAIL: stringconst2 -O3 compilation from source
WARNING: program timed out.
FAIL: stringconst2 -O3 -findirect-dispatch compilation from source
WARNING: program timed out.
FAIL: stub compilation from source
WARNING: program timed out.
FAIL: stub -findirect-dispatch compilation from source
WARNING: program timed out.
FAIL: stub -O3 compilation from source
WARNING: program timed out.
FAIL: stub -O3 -findirect-dispatch compilation from source
WARNING: program timed out.
FAIL: test_long compilation from source
=== libjava Summary for unix ===
# of expected passes 2497
# of unexpected failures 27
# of untested testcases 50
Running target unix/-m64
FAIL: PR16923 run
FAIL: Throw_2 execution - source compiled test
FAIL: Throw_2 -findirect-dispatch execution - source compiled test
FAIL: Throw_2 -O3 execution - source compiled test
FAIL: Throw_2 -O3 -findirect-dispatch execution - source compiled test
=== libjava Summary for unix/-m64 ===
# of expected passes 2565
# of unexpected failures 5
# of untested testcases 5
=== libjava Summary ===
# of expected passes 5062
# of unexpected failures 32
# of untested testcases 55
=== libstdc++ tests ===
Running target unix
FAIL: 27_io/basic_ofstream/cons/char/1.cc execution test
FAIL: ext/pb_ds/example/priority_queue_container_traits.cc (test for excess errors)
WARNING: ext/pb_ds/example/priority_queue_container_traits.cc compilation failed to produce executable
WARNING: program timed out.
WARNING: program timed out.
=== libstdc++ Summary for unix ===
# of expected passes 6706
# of unexpected failures 2
# of expected failures 92
# of unsupported tests 436
Running target unix/-m64
FAIL: 19_diagnostics/logic_error/what-3.cc (test for excess errors)
WARNING: 19_diagnostics/logic_error/what-3.cc compilation failed to produce executable
FAIL: 22_locale/num_get/get/char/15.cc (test for excess errors)
FAIL: 27_io/basic_ofstream/cons/char/1.cc execution test
WARNING: program timed out.
WARNING: program timed out.
WARNING: program timed out.
=== libstdc++ Summary for unix/-m64 ===
# of expected passes 6705
# of unexpected failures 3
# of expected failures 92
# of unsupported tests 436
=== libstdc++ Summary ===
# of expected passes 13411
# of unexpected failures 5
# of expected failures 184
# of unsupported tests 872
=== libstdc++ Summary ===
Compiler version: 4.6.0 20100520 (experimental) (GCC)
Platform: i386-pc-solaris2.11
configure flags: --prefix=/vol/gcc --target=i386-pc-solaris2.11 --with-gmp=/vol/gcc --with-mpfr=/vol/gcc --with-mpc=/vol/gcc --enable-languages=all,ada
BOOT_CFLAGS=-g -O2
More information about the Gcc-testresults
mailing list