Results for 4.4.5 20100521 (prerelease) (GCC) testsuite on sparc-sun-solaris2.8
Rainer Orth
ro@CeBiTec.Uni-Bielefeld.DE
Thu May 27 18:19:00 GMT 2010
=== acats tests ===
=== acats Summary ===
# of expected passes 2315
# of unexpected failures 0
Native configuration is sparc-sun-solaris2.8
=== g++ tests ===
Running target unix
WARNING: program timed out.
WARNING: Could not execute g++.dg/compat/struct-layout-1 generator
XPASS: g++.dg/other/ucnid-1.C (test for excess errors)
FAIL: g++.dg/warn/miss-format-1.C (test for errors, line 25)
FAIL: g++.dg/warn/miss-format-1.C (test for excess errors)
XPASS: g++.old-deja/g++.other/init19.C execution test
=== g++ Summary for unix ===
# of expected passes 19166
# of unexpected successes 2
# of unexpected failures 2
# of expected failures 159
# of unsupported tests 262
Running target unix/-m64
XPASS: g++.dg/other/ucnid-1.C (test for excess errors)
FAIL: g++.dg/warn/miss-format-1.C (test for errors, line 25)
FAIL: g++.dg/warn/miss-format-1.C (test for excess errors)
XPASS: g++.old-deja/g++.other/init19.C execution test
=== g++ Summary for unix/-m64 ===
# of expected passes 19283
# of unexpected successes 2
# of unexpected failures 2
# of expected failures 159
# of unsupported tests 263
=== g++ Summary ===
# of expected passes 38449
# of unexpected failures 4
# of unexpected successes 4
# of expected failures 318
# of unsupported tests 525
/vol/gcc/obj/regression/gcc-4.4-branch/8-gcc-gas/build/gcc/testsuite/g++/../../g++ version 4.4.5 20100521 (prerelease) (GCC)
=== gcc tests ===
Running target unix
FAIL: gcc.c-torture/compile/limits-exprparen.c -O0 (test for excess errors)
FAIL: gcc.c-torture/compile/limits-exprparen.c -O1 (test for excess errors)
FAIL: gcc.c-torture/compile/limits-exprparen.c -O2 (test for excess errors)
FAIL: gcc.c-torture/compile/limits-exprparen.c -O3 -fomit-frame-pointer (test for excess errors)
FAIL: gcc.c-torture/compile/limits-exprparen.c -O3 -g (test for excess errors)
FAIL: gcc.c-torture/compile/limits-exprparen.c -Os (test for excess errors)
FAIL: gcc.c-torture/execute/pr38819.c execution, -O2
FAIL: gcc.c-torture/execute/pr38819.c execution, -O3 -fomit-frame-pointer
FAIL: gcc.c-torture/execute/pr38819.c execution, -O3 -fomit-frame-pointer -funroll-loops
FAIL: gcc.c-torture/execute/pr38819.c execution, -O3 -fomit-frame-pointer -funroll-all-loops -finline-functions
FAIL: gcc.c-torture/execute/pr38819.c execution, -O3 -g
FAIL: gcc.dg/debug/dwarf2/inline2.c scan-assembler-times \\(DIE \\(.*?\\) DW_TAG_inlined_subroutine 6
FAIL: gcc.dg/debug/dwarf2/inline2.c scan-assembler-times \\(DIE \\(.*?\\) DW_TAG_lexical_block 6
WARNING: program timed out.
FAIL: gcc.dg/20050811-1.c (test for excess errors)
WARNING: program timed out.
FAIL: gcc.dg/pr28796-2.c execution test
FAIL: gcc.dg/pr42427.c (test for excess errors)
FAIL: gcc.dg/pthread-init-1.c (test for excess errors)
FAIL: gcc.dg/pthread-init-2.c (test for excess errors)
XPASS: gcc.dg/ucnid-2.c (test for excess errors)
XPASS: gcc.dg/ucnid-3.c (test for excess errors)
XPASS: gcc.dg/ucnid-4.c (test for excess errors)
FAIL: gcc.dg/torture/pr41555.c -O0 (test for excess errors)
WARNING: gcc.dg/torture/pr41555.c -O0 compilation failed to produce executable
FAIL: gcc.dg/torture/pr41555.c -O1 (test for excess errors)
WARNING: gcc.dg/torture/pr41555.c -O1 compilation failed to produce executable
FAIL: gcc.dg/torture/pr41555.c -O2 (test for excess errors)
WARNING: gcc.dg/torture/pr41555.c -O2 compilation failed to produce executable
FAIL: gcc.dg/torture/pr41555.c -O3 -fomit-frame-pointer (test for excess errors)
WARNING: gcc.dg/torture/pr41555.c -O3 -fomit-frame-pointer compilation failed to produce executable
FAIL: gcc.dg/torture/pr41555.c -O3 -fomit-frame-pointer -funroll-loops (test for excess errors)
WARNING: gcc.dg/torture/pr41555.c -O3 -fomit-frame-pointer -funroll-loops compilation failed to produce executable
FAIL: gcc.dg/torture/pr41555.c -O3 -fomit-frame-pointer -funroll-all-loops -finline-functions (test for excess errors)
WARNING: gcc.dg/torture/pr41555.c -O3 -fomit-frame-pointer -funroll-all-loops -finline-functions compilation failed to produce executable
FAIL: gcc.dg/torture/pr41555.c -O3 -g (test for excess errors)
WARNING: gcc.dg/torture/pr41555.c -O3 -g compilation failed to produce executable
FAIL: gcc.dg/torture/pr41555.c -Os (test for excess errors)
WARNING: gcc.dg/torture/pr41555.c -Os compilation failed to produce executable
FAIL: gcc.dg/vect/vect-35.c scan-tree-dump-times vect "vectorized 1 loops" 1
FAIL: gcc.dg/vect/slp-multitypes-2.c execution test
=== gcc Summary for unix ===
# of expected passes 51340
# of unexpected successes 3
# of unexpected failures 28
# of expected failures 222
# of unsupported tests 760
Running target unix/-m64
FAIL: gcc.c-torture/compile/limits-exprparen.c -O0 (test for excess errors)
FAIL: gcc.c-torture/compile/limits-exprparen.c -O1 (test for excess errors)
FAIL: gcc.c-torture/compile/limits-exprparen.c -O2 (test for excess errors)
FAIL: gcc.c-torture/compile/limits-exprparen.c -O3 -fomit-frame-pointer (test for excess errors)
FAIL: gcc.c-torture/compile/limits-exprparen.c -O3 -g (test for excess errors)
FAIL: gcc.c-torture/compile/limits-exprparen.c -Os (test for excess errors)
FAIL: gcc.dg/cpp/trad/include.c -fno-show-column (internal compiler error)
FAIL: gcc.dg/cpp/trad/include.c -fno-show-column (test for excess errors)
FAIL: gcc.dg/debug/dwarf2/inline2.c scan-assembler-times \\(DIE \\(.*?\\) DW_TAG_inlined_subroutine 6
FAIL: gcc.dg/debug/dwarf2/inline2.c scan-assembler-times \\(DIE \\(.*?\\) DW_TAG_lexical_block 6
WARNING: program timed out.
FAIL: gcc.dg/pr28796-2.c execution test
FAIL: gcc.dg/pthread-init-1.c (test for excess errors)
FAIL: gcc.dg/pthread-init-2.c (test for excess errors)
XPASS: gcc.dg/ucnid-2.c (test for excess errors)
XPASS: gcc.dg/ucnid-3.c (test for excess errors)
XPASS: gcc.dg/ucnid-4.c (test for excess errors)
FAIL: gcc.dg/torture/pr41555.c -O0 (test for excess errors)
WARNING: gcc.dg/torture/pr41555.c -O0 compilation failed to produce executable
FAIL: gcc.dg/torture/pr41555.c -O1 (test for excess errors)
WARNING: gcc.dg/torture/pr41555.c -O1 compilation failed to produce executable
FAIL: gcc.dg/torture/pr41555.c -O2 (test for excess errors)
WARNING: gcc.dg/torture/pr41555.c -O2 compilation failed to produce executable
FAIL: gcc.dg/torture/pr41555.c -O3 -fomit-frame-pointer (test for excess errors)
WARNING: gcc.dg/torture/pr41555.c -O3 -fomit-frame-pointer compilation failed to produce executable
FAIL: gcc.dg/torture/pr41555.c -O3 -fomit-frame-pointer -funroll-loops (test for excess errors)
WARNING: gcc.dg/torture/pr41555.c -O3 -fomit-frame-pointer -funroll-loops compilation failed to produce executable
FAIL: gcc.dg/torture/pr41555.c -O3 -fomit-frame-pointer -funroll-all-loops -finline-functions (test for excess errors)
WARNING: gcc.dg/torture/pr41555.c -O3 -fomit-frame-pointer -funroll-all-loops -finline-functions compilation failed to produce executable
FAIL: gcc.dg/torture/pr41555.c -O3 -g (test for excess errors)
WARNING: gcc.dg/torture/pr41555.c -O3 -g compilation failed to produce executable
FAIL: gcc.dg/torture/pr41555.c -Os (test for excess errors)
WARNING: gcc.dg/torture/pr41555.c -Os compilation failed to produce executable
=== gcc Summary for unix/-m64 ===
# of expected passes 51337
# of unexpected successes 3
# of unexpected failures 21
# of expected failures 218
# of unsupported tests 768
=== gcc Summary ===
# of expected passes 102677
# of unexpected failures 49
# of unexpected successes 6
# of expected failures 440
# of unsupported tests 1528
/vol/gcc/obj/regression/gcc-4.4-branch/8-gcc-gas/build/gcc/xgcc version 4.4.5 20100521 (prerelease) (GCC)
=== gfortran tests ===
Running target unix
FAIL: gfortran.dg/nint_2.f90 -O0 execution test
FAIL: gfortran.dg/stat_1.f90 -O0 execution test
FAIL: gfortran.dg/stat_1.f90 -O1 execution test
FAIL: gfortran.dg/stat_1.f90 -O2 execution test
FAIL: gfortran.dg/stat_1.f90 -O3 -fomit-frame-pointer execution test
FAIL: gfortran.dg/stat_1.f90 -O3 -fomit-frame-pointer -funroll-loops execution test
FAIL: gfortran.dg/stat_1.f90 -O3 -fomit-frame-pointer -funroll-all-loops -finline-functions execution test
FAIL: gfortran.dg/stat_1.f90 -O3 -g execution test
FAIL: gfortran.dg/stat_1.f90 -Os execution test
FAIL: gfortran.dg/stat_2.f90 -O0 execution test
FAIL: gfortran.dg/stat_2.f90 -O1 execution test
FAIL: gfortran.dg/stat_2.f90 -O2 execution test
FAIL: gfortran.dg/stat_2.f90 -O3 -fomit-frame-pointer execution test
FAIL: gfortran.dg/stat_2.f90 -O3 -fomit-frame-pointer -funroll-loops execution test
FAIL: gfortran.dg/stat_2.f90 -O3 -fomit-frame-pointer -funroll-all-loops -finline-functions execution test
FAIL: gfortran.dg/stat_2.f90 -O3 -g execution test
FAIL: gfortran.dg/stat_2.f90 -Os execution test
=== gfortran Summary for unix ===
# of expected passes 29727
# of unexpected failures 17
# of expected failures 12
# of unsupported tests 296
Running target unix/-m64
FAIL: gfortran.dg/nint_2.f90 -O0 execution test
FAIL: gfortran.dg/stat_1.f90 -O0 execution test
FAIL: gfortran.dg/stat_1.f90 -O1 execution test
FAIL: gfortran.dg/stat_1.f90 -O2 execution test
FAIL: gfortran.dg/stat_1.f90 -O3 -fomit-frame-pointer execution test
FAIL: gfortran.dg/stat_1.f90 -O3 -fomit-frame-pointer -funroll-loops execution test
FAIL: gfortran.dg/stat_1.f90 -O3 -fomit-frame-pointer -funroll-all-loops -finline-functions execution test
FAIL: gfortran.dg/stat_1.f90 -O3 -g execution test
FAIL: gfortran.dg/stat_1.f90 -Os execution test
FAIL: gfortran.dg/stat_2.f90 -O0 execution test
FAIL: gfortran.dg/stat_2.f90 -O1 execution test
FAIL: gfortran.dg/stat_2.f90 -O2 execution test
FAIL: gfortran.dg/stat_2.f90 -O3 -fomit-frame-pointer execution test
FAIL: gfortran.dg/stat_2.f90 -O3 -fomit-frame-pointer -funroll-loops execution test
FAIL: gfortran.dg/stat_2.f90 -O3 -fomit-frame-pointer -funroll-all-loops -finline-functions execution test
FAIL: gfortran.dg/stat_2.f90 -O3 -g execution test
FAIL: gfortran.dg/stat_2.f90 -Os execution test
=== gfortran Summary for unix/-m64 ===
# of expected passes 29876
# of unexpected failures 17
# of expected failures 12
# of unsupported tests 223
=== gfortran Summary ===
# of expected passes 59603
# of unexpected failures 34
# of expected failures 24
# of unsupported tests 519
/vol/gcc/obj/regression/gcc-4.4-branch/8-gcc-gas/build/gcc/testsuite/gfortran/../../gfortran version 4.4.5 20100521 (prerelease) (GCC)
=== gnat tests ===
Running target unix
WARNING: program timed out.
FAIL: gnat.dg/access_discr2.adb (test for excess errors)
WARNING: program timed out.
FAIL: gnat.dg/aliased_prefix_accessibility.adb (test for excess errors)
WARNING: program timed out.
FAIL: gnat.dg/alignment2.adb (test for excess errors)
WARNING: gnat.dg/alignment2.adb compilation failed to produce executable
WARNING: program timed out.
FAIL: gnat.dg/array3.adb (test for excess errors)
=== gnat Summary for unix ===
# of expected passes 613
# of unexpected failures 4
# of expected failures 6
# of unsupported tests 1
Running target unix/-m64
=== gnat Summary for unix/-m64 ===
# of expected passes 618
# of expected failures 6
# of unsupported tests 1
=== gnat Summary ===
# of expected passes 1231
# of unexpected failures 4
# of expected failures 12
# of unsupported tests 2
=== objc tests ===
Running target unix
FAIL: objc/execute/forward-1.m execution, -O0 -fgnu-runtime
FAIL: objc/execute/forward-1.m execution, -O1 -fgnu-runtime
FAIL: objc/execute/forward-1.m execution, -O2 -fgnu-runtime
FAIL: objc/execute/forward-1.m execution, -O3 -fomit-frame-pointer -fgnu-runtime
FAIL: objc/execute/forward-1.m execution, -O3 -fomit-frame-pointer -funroll-loops -fgnu-runtime
FAIL: objc/execute/forward-1.m execution, -O3 -fomit-frame-pointer -funroll-all-loops -finline-functions -fgnu-runtime
FAIL: objc/execute/forward-1.m execution, -O3 -g -fgnu-runtime
FAIL: objc/execute/forward-1.m execution, -Os -fgnu-runtime
=== objc Summary for unix ===
# of expected passes 1866
# of unexpected failures 8
# of expected failures 7
# of unsupported tests 24
Running target unix/-m64
FAIL: objc/execute/forward-1.m execution, -O0 -fgnu-runtime
FAIL: objc/execute/forward-1.m execution, -O1 -fgnu-runtime
FAIL: objc/execute/forward-1.m execution, -O2 -fgnu-runtime
FAIL: objc/execute/forward-1.m execution, -O3 -fomit-frame-pointer -fgnu-runtime
FAIL: objc/execute/forward-1.m execution, -O3 -fomit-frame-pointer -funroll-loops -fgnu-runtime
FAIL: objc/execute/forward-1.m execution, -O3 -fomit-frame-pointer -funroll-all-loops -finline-functions -fgnu-runtime
FAIL: objc/execute/forward-1.m execution, -O3 -g -fgnu-runtime
FAIL: objc/execute/forward-1.m execution, -Os -fgnu-runtime
=== objc Summary for unix/-m64 ===
# of expected passes 1866
# of unexpected failures 8
# of expected failures 7
# of unsupported tests 24
=== objc Summary ===
# of expected passes 3732
# of unexpected failures 16
# of expected failures 14
# of unsupported tests 48
/vol/gcc/obj/regression/gcc-4.4-branch/8-gcc-gas/build/gcc/xgcc version 4.4.5 20100521 (prerelease) (GCC)
=== libffi tests ===
Running target unix
=== libffi Summary for unix ===
# of expected passes 1389
# of unsupported tests 10
Running target unix/-m64
=== libffi Summary for unix/-m64 ===
# of expected passes 1389
# of unsupported tests 10
=== libffi Summary ===
# of expected passes 2778
# of unsupported tests 20
=== libgomp tests ===
Running target unix
=== libgomp Summary for unix ===
# of expected passes 2458
# of unsupported tests 9
Running target unix/-m64
=== libgomp Summary for unix/-m64 ===
# of expected passes 2458
# of unsupported tests 9
=== libgomp Summary ===
# of expected passes 4916
# of unsupported tests 18
=== libjava tests ===
Running target unix
FAIL: events output
FAIL: InvokeInterface execution - source compiled test
FAIL: InvokeInterface -O3 execution - source compiled test
=== libjava Summary for unix ===
# of expected passes 2569
# of unexpected failures 3
# of untested testcases 2
Running target unix/-m64
FAIL: InvokeInterface execution - source compiled test
FAIL: InvokeInterface -O3 execution - source compiled test
=== libjava Summary for unix/-m64 ===
# of expected passes 2570
# of unexpected failures 2
# of untested testcases 2
=== libjava Summary ===
# of expected passes 5139
# of unexpected failures 5
# of untested testcases 4
=== libstdc++ tests ===
Running target unix
FAIL: 27_io/basic_ofstream/cons/char/1.cc execution test
FAIL: ext/enc_filebuf/char/13598.cc execution test
WARNING: program timed out.
=== libstdc++ Summary for unix ===
# of expected passes 5478
# of unexpected failures 2
# of expected failures 73
# of unsupported tests 539
Running target unix/-m64
FAIL: 27_io/basic_ofstream/cons/char/1.cc execution test
FAIL: ext/enc_filebuf/char/13598.cc execution test
WARNING: program timed out.
=== libstdc++ Summary for unix/-m64 ===
# of expected passes 5478
# of unexpected failures 2
# of expected failures 73
# of unsupported tests 539
=== libstdc++ Summary ===
# of expected passes 10956
# of unexpected failures 4
# of expected failures 146
# of unsupported tests 1078
=== libstdc++ Summary ===
Compiler version: 4.4.5 20100521 (prerelease) (GCC)
Platform: sparc-sun-solaris2.8
configure flags: --prefix=/vol/gcc --target=sparc-sun-solaris2.8 --with-as=/vol/gcc/bin/gas-2.20.1 --with-gnu-as --with-gmp=/vol/gcc --with-mpfr=/vol/gcc --with-mpc=/vol/gcc --enable-languages=all,ada
BOOT_CFLAGS=-g -O2
More information about the Gcc-testresults
mailing list