Results for 4.6.0 20100521 (experimental) [trunk revision 159650] (GCC) testsuite on i686-pc-linux-gnu
Laurent GUERBY gcc100
guerby@gcc11.fsffrance.org
Fri May 21 15:37:00 GMT 2010
LAST_UPDATED: Fri May 21 04:57:48 UTC 2010 (revision 159650)
=== acats tests ===
=== acats Summary ===
# of expected passes 2321
# of unexpected failures 0
Native configuration is i686-pc-linux-gnu
=== gcc tests ===
Running target unix
FAIL: gcc.dg/cproj-fails-with-broken-glibc.c execution test
FAIL: gcc.dg/pr34668-1.c (internal compiler error)
FAIL: gcc.dg/pr34668-1.c (test for excess errors)
XPASS: gcc.dg/guality/example.c -O0 execution test
XPASS: gcc.dg/guality/example.c -O1 execution test
XPASS: gcc.dg/guality/guality.c -O0 execution test
XPASS: gcc.dg/guality/guality.c -O1 execution test
XPASS: gcc.dg/guality/guality.c -O2 execution test
XPASS: gcc.dg/guality/guality.c -O3 -fomit-frame-pointer execution test
XPASS: gcc.dg/guality/guality.c -O3 -g execution test
XPASS: gcc.dg/guality/guality.c -Os execution test
FAIL: gcc.dg/guality/inline-params.c -O0 execution test
FAIL: gcc.dg/guality/inline-params.c -O1 execution test
XPASS: gcc.dg/guality/pr41353-1.c -O0 line 28 j == 28 + 37
XPASS: gcc.dg/guality/pr41447-1.c -O0 execution test
XPASS: gcc.dg/guality/pr41447-1.c -O1 execution test
XPASS: gcc.dg/guality/pr41447-1.c -O2 execution test
XPASS: gcc.dg/guality/pr41447-1.c -O3 -g execution test
XPASS: gcc.dg/guality/pr41447-1.c -Os execution test
XPASS: gcc.dg/guality/pr41616-1.c -O0 execution test
FAIL: gcc.dg/guality/vla-1.c -O0 line 17 sizeof (a) == 6
FAIL: gcc.dg/guality/vla-1.c -O0 line 24 sizeof (a) == 17 * sizeof (short)
FAIL: gcc.dg/guality/vla-1.c -O1 line 24 sizeof (a) == 17 * sizeof (short)
FAIL: gcc.dg/guality/vla-1.c -O2 line 24 sizeof (a) == 17 * sizeof (short)
FAIL: gcc.dg/guality/vla-1.c -O3 -fomit-frame-pointer line 24 sizeof (a) == 17 * sizeof (short)
FAIL: gcc.dg/guality/vla-1.c -O3 -g line 24 sizeof (a) == 17 * sizeof (short)
FAIL: gcc.dg/guality/vla-1.c -Os line 24 sizeof (a) == 17 * sizeof (short)
UNRESOLVED: one_time_plugin.c compilation, -I. -I/home/guerby/trunk/gcc/testsuite -I/home/guerby/trunk/gcc/testsuite/../../gcc -I/home/guerby/build/gcc/testsuite/gcc/../../../gcc -I/home/guerby/trunk/gcc/testsuite/../../include -I/home/guerby/trunk/gcc/testsuite/../../libcpp/include -I/opt/cfarm/gmp-4.2.4-32/include -I/opt/cfarm/mpfr-2.4.2-32/include -I/opt/cfarm/mpc-0.8-32/include -DIN_GCC -fPIC -shared
FAIL: gcc.dg/tree-ssa/prefetch-3.c scan-tree-dump-times aprefetch "unroll factor 4" 1
FAIL: gcc.dg/tree-ssa/prefetch-5.c scan-tree-dump-times aprefetch "Issued prefetch" 2
FAIL: gcc.dg/tree-ssa/prefetch-6.c scan-tree-dump-times aprefetch "Issued prefetch" 5
FAIL: gcc.dg/tree-ssa/prefetch-6.c scan-tree-dump-times aprefetch "Issued nontemporal prefetch" 3
FAIL: gcc.dg/tree-ssa/prefetch-6.c scan-assembler-times prefetcht 5
FAIL: gcc.dg/tree-ssa/prefetch-6.c scan-assembler-times prefetchnta 3
FAIL: gcc.dg/tree-ssa/prefetch-7.c scan-tree-dump-times aprefetch "Issued prefetch" 5
FAIL: gcc.dg/tree-ssa/prefetch-7.c scan-tree-dump-times aprefetch "Issued nontemporal prefetch" 3
FAIL: gcc.dg/tree-ssa/prefetch-7.c scan-tree-dump-times aprefetch "a nontemporal store" 2
FAIL: gcc.dg/tree-ssa/prefetch-7.c scan-tree-dump-times optimized "builtin_prefetch" 8
FAIL: gcc.dg/tree-ssa/prefetch-7.c scan-tree-dump-times optimized "={nt}" 18
FAIL: gcc.dg/tree-ssa/prefetch-7.c scan-tree-dump-times optimized "__builtin_ia32_mfence" 2
FAIL: gcc.dg/tree-ssa/prefetch-7.c scan-assembler-times prefetchw 5
FAIL: gcc.dg/tree-ssa/prefetch-7.c scan-assembler-times prefetcht 1
FAIL: gcc.dg/tree-ssa/prefetch-7.c scan-assembler-times prefetchnta 2
FAIL: gcc.dg/tree-ssa/prefetch-7.c scan-assembler-times movnti 18
FAIL: gcc.dg/tree-ssa/prefetch-7.c scan-assembler-times mfence 2
FAIL: gcc.dg/tree-ssa/update-unroll-1.c scan-tree-dump-not aprefetch "SUCC: 7 .100.0%"
FAIL: gcc.target/i386/3dnow-1.c (internal compiler error)
FAIL: gcc.target/i386/3dnow-1.c (test for excess errors)
FAIL: gcc.target/i386/3dnow-2.c (internal compiler error)
FAIL: gcc.target/i386/3dnow-2.c (test for excess errors)
FAIL: gcc.target/i386/3dnowA-1.c (internal compiler error)
FAIL: gcc.target/i386/3dnowA-1.c (test for excess errors)
FAIL: gcc.target/i386/3dnowA-2.c (internal compiler error)
FAIL: gcc.target/i386/3dnowA-2.c (test for excess errors)
FAIL: gcc.target/i386/avx-1.c (internal compiler error)
FAIL: gcc.target/i386/avx-1.c (test for excess errors)
FAIL: gcc.target/i386/avx-2.c (internal compiler error)
FAIL: gcc.target/i386/avx-2.c (test for excess errors)
FAIL: gcc.target/i386/cleanup-1.c (test for excess errors)
FAIL: gcc.target/i386/mmx-1.c (internal compiler error)
FAIL: gcc.target/i386/mmx-1.c (test for excess errors)
FAIL: gcc.target/i386/mmx-2.c (internal compiler error)
FAIL: gcc.target/i386/mmx-2.c (test for excess errors)
FAIL: gcc.target/i386/mmx-7.c (internal compiler error)
FAIL: gcc.target/i386/mmx-7.c (test for excess errors)
FAIL: gcc.target/i386/pr36438.c (internal compiler error)
FAIL: gcc.target/i386/pr36438.c (test for excess errors)
FAIL: gcc.target/i386/pr42549.c (internal compiler error)
FAIL: gcc.target/i386/pr42549.c (test for excess errors)
UNRESOLVED: gcc.target/i386/pr42549.c compilation failed to produce executable
FAIL: gcc.target/i386/sse-13.c (internal compiler error)
FAIL: gcc.target/i386/sse-13.c (test for excess errors)
FAIL: gcc.target/i386/sse-14.c (internal compiler error)
FAIL: gcc.target/i386/sse-14.c (test for excess errors)
FAIL: gcc.target/i386/sse-22.c (internal compiler error)
FAIL: gcc.target/i386/sse-22.c (test for excess errors)
FAIL: gcc.target/i386/sse-23.c (internal compiler error)
FAIL: gcc.target/i386/sse-23.c (test for excess errors)
FAIL: gcc.target/i386/sse2-mmx.c (internal compiler error)
FAIL: gcc.target/i386/sse2-mmx.c (test for excess errors)
UNRESOLVED: gcc.target/i386/sse2-mmx.c compilation failed to produce executable
FAIL: gcc.target/i386/ssse3-pabsb.c (internal compiler error)
FAIL: gcc.target/i386/ssse3-pabsb.c (test for excess errors)
UNRESOLVED: gcc.target/i386/ssse3-pabsb.c compilation failed to produce executable
FAIL: gcc.target/i386/ssse3-pabsd.c (internal compiler error)
FAIL: gcc.target/i386/ssse3-pabsd.c (test for excess errors)
UNRESOLVED: gcc.target/i386/ssse3-pabsd.c compilation failed to produce executable
FAIL: gcc.target/i386/ssse3-pabsw.c (internal compiler error)
FAIL: gcc.target/i386/ssse3-pabsw.c (test for excess errors)
UNRESOLVED: gcc.target/i386/ssse3-pabsw.c compilation failed to produce executable
FAIL: gcc.target/i386/ssse3-palignr.c (internal compiler error)
FAIL: gcc.target/i386/ssse3-palignr.c (test for excess errors)
UNRESOLVED: gcc.target/i386/ssse3-palignr.c compilation failed to produce executable
FAIL: gcc.target/i386/ssse3-phaddd.c (internal compiler error)
FAIL: gcc.target/i386/ssse3-phaddd.c (test for excess errors)
UNRESOLVED: gcc.target/i386/ssse3-phaddd.c compilation failed to produce executable
FAIL: gcc.target/i386/ssse3-phaddsw.c (internal compiler error)
FAIL: gcc.target/i386/ssse3-phaddsw.c (test for excess errors)
UNRESOLVED: gcc.target/i386/ssse3-phaddsw.c compilation failed to produce executable
FAIL: gcc.target/i386/ssse3-phaddw.c (internal compiler error)
FAIL: gcc.target/i386/ssse3-phaddw.c (test for excess errors)
UNRESOLVED: gcc.target/i386/ssse3-phaddw.c compilation failed to produce executable
FAIL: gcc.target/i386/ssse3-phsubd.c (internal compiler error)
FAIL: gcc.target/i386/ssse3-phsubd.c (test for excess errors)
UNRESOLVED: gcc.target/i386/ssse3-phsubd.c compilation failed to produce executable
FAIL: gcc.target/i386/ssse3-phsubsw.c (internal compiler error)
FAIL: gcc.target/i386/ssse3-phsubsw.c (test for excess errors)
UNRESOLVED: gcc.target/i386/ssse3-phsubsw.c compilation failed to produce executable
FAIL: gcc.target/i386/ssse3-phsubw.c (internal compiler error)
FAIL: gcc.target/i386/ssse3-phsubw.c (test for excess errors)
UNRESOLVED: gcc.target/i386/ssse3-phsubw.c compilation failed to produce executable
FAIL: gcc.target/i386/ssse3-pmaddubsw.c (internal compiler error)
FAIL: gcc.target/i386/ssse3-pmaddubsw.c (test for excess errors)
UNRESOLVED: gcc.target/i386/ssse3-pmaddubsw.c compilation failed to produce executable
FAIL: gcc.target/i386/ssse3-pmulhrsw.c (internal compiler error)
FAIL: gcc.target/i386/ssse3-pmulhrsw.c (test for excess errors)
UNRESOLVED: gcc.target/i386/ssse3-pmulhrsw.c compilation failed to produce executable
FAIL: gcc.target/i386/ssse3-pshufb.c (internal compiler error)
FAIL: gcc.target/i386/ssse3-pshufb.c (test for excess errors)
UNRESOLVED: gcc.target/i386/ssse3-pshufb.c compilation failed to produce executable
FAIL: gcc.target/i386/ssse3-psignb.c (internal compiler error)
FAIL: gcc.target/i386/ssse3-psignb.c (test for excess errors)
UNRESOLVED: gcc.target/i386/ssse3-psignb.c compilation failed to produce executable
FAIL: gcc.target/i386/ssse3-psignd.c (internal compiler error)
FAIL: gcc.target/i386/ssse3-psignd.c (test for excess errors)
UNRESOLVED: gcc.target/i386/ssse3-psignd.c compilation failed to produce executable
FAIL: gcc.target/i386/ssse3-psignw.c (internal compiler error)
FAIL: gcc.target/i386/ssse3-psignw.c (test for excess errors)
UNRESOLVED: gcc.target/i386/ssse3-psignw.c compilation failed to produce executable
=== gcc Summary ===
# of expected passes 61784
# of unexpected failures 95
# of unexpected successes 15
# of expected failures 188
# of unresolved testcases 19
# of unsupported tests 1179
/home/guerby/build/gcc/xgcc version 4.6.0 20100521 (experimental) [trunk revision 159650] (GCC)
=== gfortran tests ===
Running target unix
FAIL: gfortran.dg/array_constructor_11.f90 -O3 -g (internal compiler error)
FAIL: gfortran.dg/array_constructor_11.f90 -O3 -g (test for excess errors)
UNRESOLVED: gfortran.dg/array_constructor_11.f90 -O3 -g compilation failed to produce executable
=== gfortran Summary ===
# of expected passes 34318
# of unexpected failures 2
# of expected failures 22
# of unresolved testcases 1
# of unsupported tests 128
/home/guerby/build/gcc/testsuite/gfortran/../../gfortran version 4.6.0 20100521 (experimental) [trunk revision 159650] (GCC)
=== g++ tests ===
Running target unix
FAIL: g++.dg/opt/mmx2.C (internal compiler error)
FAIL: g++.dg/opt/mmx2.C (test for excess errors)
=== g++ Summary ===
# of expected passes 22827
# of unexpected failures 2
# of expected failures 149
# of unsupported tests 117
/home/guerby/build/gcc/testsuite/g++/../../g++ version 4.6.0 20100521 (experimental) [trunk revision 159650] (GCC)
=== gnat tests ===
Running target unix
=== gnat Summary ===
# of expected passes 801
# of expected failures 11
# of unsupported tests 1
=== objc tests ===
Running target unix
=== objc Summary ===
# of expected passes 1975
# of expected failures 7
# of unsupported tests 20
/home/guerby/build/gcc/xgcc version 4.6.0 20100521 (experimental) [trunk revision 159650] (GCC)
=== libffi tests ===
Running target unix
=== libffi Summary ===
# of expected passes 1624
# of expected failures 10
# of unsupported tests 15
=== libgomp tests ===
Running target unix
=== libgomp Summary ===
# of expected passes 2494
=== libjava tests ===
Running target unix
=== libjava Summary ===
# of expected passes 2574
=== libmudflap tests ===
Running target unix
=== libmudflap Summary ===
# of expected passes 1894
=== libstdc++ tests ===
Running target unix
FAIL: abi_check
=== libstdc++ Summary ===
# of expected passes 7089
# of unexpected failures 1
# of expected failures 95
# of unsupported tests 341
Compiler version: 4.6.0 20100521 (experimental) [trunk revision 159650] (GCC)
Platform: i686-pc-linux-gnu
configure flags: --prefix=/n/100/guerby/install-trunk-32 --enable-languages=all,ada --enable-__cxa_atexit --disable-nls --enable-threads=posix --with-mpfr=/opt/cfarm/mpfr-2.4.2-32 --with-gmp=/opt/cfarm/gmp-4.2.4-32 --with-mpc=/opt/cfarm/mpc-0.8-32 --build=i686-linux-gnu --host=i686-linux-gnu --target=i686-linux-gnu --disable-multilib --enable-targets=all
More information about the Gcc-testresults
mailing list