Results for 4.6.0 20100519 (experimental) [trunk revision 159556] (GCC) testsuite on i686-pc-linux-gnu
Laurent GUERBY gcc100
guerby@gcc11.fsffrance.org
Wed May 19 20:06:00 GMT 2010
LAST_UPDATED: Wed May 19 08:53:27 UTC 2010 (revision 159556)
=== acats tests ===
=== acats Summary ===
# of expected passes 2321
# of unexpected failures 0
Native configuration is i686-pc-linux-gnu
=== gcc tests ===
Running target unix
FAIL: gcc.dg/cproj-fails-with-broken-glibc.c execution test
FAIL: gcc.dg/pr34668-1.c (internal compiler error)
FAIL: gcc.dg/pr34668-1.c (test for excess errors)
XPASS: gcc.dg/guality/example.c -O0 execution test
XPASS: gcc.dg/guality/example.c -O1 execution test
XPASS: gcc.dg/guality/guality.c -O0 execution test
XPASS: gcc.dg/guality/guality.c -O1 execution test
XPASS: gcc.dg/guality/guality.c -O2 execution test
XPASS: gcc.dg/guality/guality.c -O3 -fomit-frame-pointer execution test
XPASS: gcc.dg/guality/guality.c -O3 -g execution test
XPASS: gcc.dg/guality/guality.c -Os execution test
FAIL: gcc.dg/guality/inline-params.c -O0 execution test
FAIL: gcc.dg/guality/inline-params.c -O1 execution test
XPASS: gcc.dg/guality/pr41353-1.c -O0 line 28 j == 28 + 37
XPASS: gcc.dg/guality/pr41447-1.c -O0 execution test
XPASS: gcc.dg/guality/pr41447-1.c -O1 execution test
XPASS: gcc.dg/guality/pr41447-1.c -O2 execution test
XPASS: gcc.dg/guality/pr41447-1.c -O3 -g execution test
XPASS: gcc.dg/guality/pr41447-1.c -Os execution test
XPASS: gcc.dg/guality/pr41616-1.c -O0 execution test
FAIL: gcc.dg/guality/vla-1.c -O0 line 17 sizeof (a) == 6
FAIL: gcc.dg/guality/vla-1.c -O0 line 24 sizeof (a) == 17 * sizeof (short)
FAIL: gcc.dg/guality/vla-1.c -O1 line 24 sizeof (a) == 17 * sizeof (short)
FAIL: gcc.dg/guality/vla-1.c -O2 line 24 sizeof (a) == 17 * sizeof (short)
FAIL: gcc.dg/guality/vla-1.c -O3 -fomit-frame-pointer line 24 sizeof (a) == 17 * sizeof (short)
FAIL: gcc.dg/guality/vla-1.c -O3 -g line 24 sizeof (a) == 17 * sizeof (short)
FAIL: gcc.dg/guality/vla-1.c -Os line 24 sizeof (a) == 17 * sizeof (short)
UNRESOLVED: one_time_plugin.c compilation, -I. -I/home/guerby/trunk/gcc/testsuite -I/home/guerby/trunk/gcc/testsuite/../../gcc -I/home/guerby/build/gcc/testsuite/gcc/../../../gcc -I/home/guerby/trunk/gcc/testsuite/../../include -I/home/guerby/trunk/gcc/testsuite/../../libcpp/include -I/opt/cfarm/gmp-4.2.4-32/include -I/opt/cfarm/mpfr-2.4.2-32/include -I/opt/cfarm/mpc-0.8-32/include -DIN_GCC -fPIC -shared
FAIL: gcc.dg/tree-ssa/prefetch-6.c scan-tree-dump-times aprefetch "Issued prefetch" 5
FAIL: gcc.dg/tree-ssa/prefetch-6.c scan-assembler-times prefetcht 5
FAIL: gcc.dg/tree-ssa/prefetch-7.c scan-tree-dump-times aprefetch "Issued prefetch" 5
FAIL: gcc.dg/tree-ssa/prefetch-7.c scan-tree-dump-times aprefetch "Issued nontemporal prefetch" 3
FAIL: gcc.dg/tree-ssa/prefetch-7.c scan-tree-dump-times aprefetch "a nontemporal store" 2
FAIL: gcc.dg/tree-ssa/prefetch-7.c scan-tree-dump-times optimized "builtin_prefetch" 8
FAIL: gcc.dg/tree-ssa/prefetch-7.c scan-tree-dump-times optimized "={nt}" 2
FAIL: gcc.dg/tree-ssa/prefetch-7.c scan-tree-dump-times optimized "__builtin_ia32_mfence" 2
FAIL: gcc.dg/tree-ssa/prefetch-7.c scan-assembler-times prefetchw 5
FAIL: gcc.dg/tree-ssa/prefetch-7.c scan-assembler-times prefetcht 1
FAIL: gcc.dg/tree-ssa/prefetch-7.c scan-assembler-times prefetchnta 2
FAIL: gcc.dg/tree-ssa/prefetch-7.c scan-assembler-times movnti 2
FAIL: gcc.dg/tree-ssa/prefetch-7.c scan-assembler-times mfence 2
FAIL: gcc.target/i386/cleanup-1.c (test for excess errors)
=== gcc Summary ===
# of expected passes 61818
# of unexpected failures 26
# of unexpected successes 15
# of expected failures 188
# of unresolved testcases 1
# of unsupported tests 1179
/home/guerby/build/gcc/xgcc version 4.6.0 20100519 (experimental) [trunk revision 159556] (GCC)
=== gfortran tests ===
Running target unix
FAIL: gfortran.dg/array_constructor_11.f90 -O3 -g (internal compiler error)
FAIL: gfortran.dg/array_constructor_11.f90 -O3 -g (test for excess errors)
UNRESOLVED: gfortran.dg/array_constructor_11.f90 -O3 -g compilation failed to produce executable
=== gfortran Summary ===
# of expected passes 34251
# of unexpected failures 2
# of expected failures 22
# of unresolved testcases 1
# of unsupported tests 128
/home/guerby/build/gcc/testsuite/gfortran/../../gfortran version 4.6.0 20100519 (experimental) [trunk revision 159556] (GCC)
=== g++ tests ===
Running target unix
=== g++ Summary ===
# of expected passes 22791
# of expected failures 149
# of unsupported tests 117
/home/guerby/build/gcc/testsuite/g++/../../g++ version 4.6.0 20100519 (experimental) [trunk revision 159556] (GCC)
=== gnat tests ===
Running target unix
=== gnat Summary ===
# of expected passes 799
# of expected failures 10
# of unsupported tests 1
=== objc tests ===
Running target unix
=== objc Summary ===
# of expected passes 1975
# of expected failures 7
# of unsupported tests 20
/home/guerby/build/gcc/xgcc version 4.6.0 20100519 (experimental) [trunk revision 159556] (GCC)
=== libffi tests ===
Running target unix
=== libffi Summary ===
# of expected passes 1624
# of expected failures 10
# of unsupported tests 15
=== libgomp tests ===
Running target unix
=== libgomp Summary ===
# of expected passes 2494
=== libjava tests ===
Running target unix
=== libjava Summary ===
# of expected passes 2574
=== libmudflap tests ===
Running target unix
=== libmudflap Summary ===
# of expected passes 1894
=== libstdc++ tests ===
Running target unix
FAIL: abi_check
=== libstdc++ Summary ===
# of expected passes 7073
# of unexpected failures 1
# of expected failures 95
# of unsupported tests 341
Compiler version: 4.6.0 20100519 (experimental) [trunk revision 159556] (GCC)
Platform: i686-pc-linux-gnu
configure flags: --prefix=/n/100/guerby/install-trunk-32 --enable-languages=all,ada --enable-__cxa_atexit --disable-nls --enable-threads=posix --with-mpfr=/opt/cfarm/mpfr-2.4.2-32 --with-gmp=/opt/cfarm/gmp-4.2.4-32 --with-mpc=/opt/cfarm/mpc-0.8-32 --build=i686-linux-gnu --host=i686-linux-gnu --target=i686-linux-gnu --disable-multilib --enable-targets=all
More information about the Gcc-testresults
mailing list