Results for 4.6.0 20100512 (experimental) [trunk revision 159301] (GCC) testsuite on x86_64-apple-darwin10.3.0
Jack Howarth
howarth@bromo.med.uc.edu
Thu May 13 13:34:00 GMT 2010
r159314 with http://gcc.gnu.org/ml/gcc-patches/2010-05/msg00824.html
and r157822 reapplied as well as http://gcc.gnu.org/ml/gcc-patches/2010-05/msg00943.html
to expand the tls testsuite executed with emutls.
LAST_UPDATED: Wed May 12 00:51:35 UTC 2010 (revision 159301)
Native configuration is x86_64-apple-darwin10.3.0
=== g++ tests ===
Running target unix
FAIL: g++.dg/abi/mangle40.C scan-assembler weak[^\\n]*_Z1fIDv4_fEvT_
FAIL: g++.dg/abi/mangle40.C scan-assembler weak[^\\n]*_ZN1AIDv4_fE1tE
WARNING: g++.dg/ext/label13.C compilation failed to produce executable
FAIL: g++.dg/lto/20100302 cp_lto_20100302_0.o-cp_lto_20100302_1.o link
UNRESOLVED: g++.dg/lto/20100302 cp_lto_20100302_0.o-cp_lto_20100302_1.o execute -flto -fabi-version=2
FAIL: g++.dg/tree-prof/partition1.C compilation, -g -fprofile-use
UNRESOLVED: g++.dg/tree-prof/partition1.C execution, -g -fprofile-use
FAIL: g++.dg/tree-prof/partition1.C compilation, -O3 -g -fprofile-use
UNRESOLVED: g++.dg/tree-prof/partition1.C execution, -O3 -g -fprofile-use
=== g++ Summary ===
# of expected passes 22813
# of unexpected failures 5
# of expected failures 152
# of unresolved testcases 3
# of unsupported tests 360
/sw/src/fink.build/gcc46-4.6.0-1000/darwin_objdir/gcc/testsuite/g++/../../g++ version 4.6.0 20100512 (experimental) [trunk revision 159301] (GCC)
=== gcc tests ===
Running target unix
FAIL: gcc.dg/debug/dwarf2/aranges-fnsec-1.c scan-assembler DW_AT_ranges
FAIL: gcc.dg/framework-1.c (test for excess errors)
FAIL: gcc.dg/pr34668-1.c (internal compiler error)
FAIL: gcc.dg/pr34668-1.c (test for excess errors)
FAIL: gcc.dg/lto/20081222 c_lto_20081222_1.o assemble, -O0 -fwhopr
UNRESOLVED: gcc.dg/lto/20081222 c_lto_20081222_0.o-c_lto_20081222_1.o link -O0 -fwhopr
UNRESOLVED: gcc.dg/lto/20081222 c_lto_20081222_0.o-c_lto_20081222_1.o execute -O0 -fwhopr
FAIL: gcc.dg/lto/20081222 c_lto_20081222_1.o assemble, -O2 -fwhopr
UNRESOLVED: gcc.dg/lto/20081222 c_lto_20081222_0.o-c_lto_20081222_1.o link -O2 -fwhopr
UNRESOLVED: gcc.dg/lto/20081222 c_lto_20081222_0.o-c_lto_20081222_1.o execute -O2 -fwhopr
FAIL: gcc.dg/lto/20081222 c_lto_20081222_1.o assemble, -O0 -flto
UNRESOLVED: gcc.dg/lto/20081222 c_lto_20081222_0.o-c_lto_20081222_1.o link -O0 -flto
UNRESOLVED: gcc.dg/lto/20081222 c_lto_20081222_0.o-c_lto_20081222_1.o execute -O0 -flto
FAIL: gcc.dg/lto/20081222 c_lto_20081222_1.o assemble, -O2 -flto
UNRESOLVED: gcc.dg/lto/20081222 c_lto_20081222_0.o-c_lto_20081222_1.o link -O2 -flto
UNRESOLVED: gcc.dg/lto/20081222 c_lto_20081222_0.o-c_lto_20081222_1.o execute -O2 -flto
FAIL: gcc.dg/lto/20090126-1 c_lto_20090126-1_0.o-c_lto_20090126-1_0.o link, (internal compiler error)
UNRESOLVED: gcc.dg/lto/20090126-1 c_lto_20090126-1_0.o-c_lto_20090126-1_0.o execute -O0 -fwhopr
FAIL: gcc.dg/lto/20090210 c_lto_20090210_0.o-c_lto_20090210_1.o link
UNRESOLVED: gcc.dg/lto/20090210 c_lto_20090210_0.o-c_lto_20090210_1.o execute -O0 -fwhopr
FAIL: gcc.dg/lto/20090210 c_lto_20090210_0.o-c_lto_20090210_1.o link
UNRESOLVED: gcc.dg/lto/20090210 c_lto_20090210_0.o-c_lto_20090210_1.o execute -O2 -fwhopr
FAIL: gcc.dg/lto/20090914-2 c_lto_20090914-2_0.o assemble, -O0 -fwhopr
UNRESOLVED: gcc.dg/lto/20090914-2 c_lto_20090914-2_0.o-c_lto_20090914-2_0.o link -O0 -fwhopr
UNRESOLVED: gcc.dg/lto/20090914-2 c_lto_20090914-2_0.o-c_lto_20090914-2_0.o execute -O0 -fwhopr
FAIL: gcc.dg/lto/20090914-2 c_lto_20090914-2_0.o assemble, -O2 -fwhopr
UNRESOLVED: gcc.dg/lto/20090914-2 c_lto_20090914-2_0.o-c_lto_20090914-2_0.o link -O2 -fwhopr
UNRESOLVED: gcc.dg/lto/20090914-2 c_lto_20090914-2_0.o-c_lto_20090914-2_0.o execute -O2 -fwhopr
FAIL: gcc.dg/lto/20090914-2 c_lto_20090914-2_0.o assemble, -O0 -flto
UNRESOLVED: gcc.dg/lto/20090914-2 c_lto_20090914-2_0.o-c_lto_20090914-2_0.o link -O0 -flto
UNRESOLVED: gcc.dg/lto/20090914-2 c_lto_20090914-2_0.o-c_lto_20090914-2_0.o execute -O0 -flto
FAIL: gcc.dg/lto/20090914-2 c_lto_20090914-2_0.o assemble, -O2 -flto
UNRESOLVED: gcc.dg/lto/20090914-2 c_lto_20090914-2_0.o-c_lto_20090914-2_0.o link -O2 -flto
UNRESOLVED: gcc.dg/lto/20090914-2 c_lto_20090914-2_0.o-c_lto_20090914-2_0.o execute -O2 -flto
FAIL: gcc.dg/tls/section-1.c conflict with user-defined section (test for errors, line 12)
FAIL: gcc.dg/torture/builtin-math-7.c -O0 execution test
FAIL: gcc.dg/torture/builtin-math-7.c -O1 execution test
FAIL: gcc.dg/torture/builtin-math-7.c -O2 execution test
FAIL: gcc.dg/torture/builtin-math-7.c -O3 -fomit-frame-pointer execution test
FAIL: gcc.dg/torture/builtin-math-7.c -O3 -fomit-frame-pointer -funroll-loops execution test
FAIL: gcc.dg/torture/builtin-math-7.c -O3 -fomit-frame-pointer -funroll-all-loops -finline-functions execution test
FAIL: gcc.dg/torture/builtin-math-7.c -O3 -g execution test
FAIL: gcc.dg/torture/builtin-math-7.c -Os execution test
FAIL: gcc.dg/torture/builtin-math-7.c -O2 -flto execution test
FAIL: gcc.dg/torture/builtin-math-7.c -O2 -fwhopr execution test
=== gcc Summary ===
# of expected passes 69871
# of unexpected failures 26
# of expected failures 183
# of unresolved testcases 19
# of unsupported tests 1595
/sw/src/fink.build/gcc46-4.6.0-1000/darwin_objdir/gcc/xgcc version 4.6.0 20100512 (experimental) [trunk revision 159301] (GCC)
=== gfortran tests ===
Running target unix
FAIL: gfortran.dg/array_constructor_11.f90 -O3 -g (internal compiler error)
FAIL: gfortran.dg/array_constructor_11.f90 -O3 -g (test for excess errors)
WARNING: gfortran.dg/array_constructor_11.f90 -O3 -g compilation failed to produce executable
=== gfortran Summary ===
# of expected passes 34448
# of unexpected failures 2
# of expected failures 33
# of unsupported tests 61
/sw/src/fink.build/gcc46-4.6.0-1000/darwin_objdir/gcc/testsuite/gfortran/../../gfortran version 4.6.0 20100512 (experimental) [trunk revision 159301] (GCC)
=== obj-c++ tests ===
Running target unix
FAIL: obj-c++.dg/const-str-5.mm -fgnu-runtime (test for excess errors)
FAIL: obj-c++.dg/const-str-6.mm -fgnu-runtime (test for excess errors)
WARNING: obj-c++.dg/lookup-2.mm -fgnu-runtime compilation failed to produce executable
FAIL: obj-c++.dg/try-catch-2.mm -fgnu-runtime (test for excess errors)
WARNING: obj-c++.dg/try-catch-2.mm -fgnu-runtime compilation failed to produce executable
FAIL: obj-c++.dg/try-catch-9.mm -fgnu-runtime (test for excess errors)
WARNING: obj-c++.dg/try-catch-9.mm -fgnu-runtime compilation failed to produce executable
FAIL: obj-c++.dg/const-str-5.mm -fnext-runtime (test for excess errors)
FAIL: obj-c++.dg/const-str-6.mm -fnext-runtime (test for excess errors)
WARNING: obj-c++.dg/try-catch-2.mm -fnext-runtime compilation failed to produce executable
WARNING: obj-c++.dg/try-catch-9.mm -fnext-runtime compilation failed to produce executable
=== obj-c++ Summary ===
# of expected passes 868
# of unexpected failures 6
# of expected failures 43
# of unsupported tests 15
/sw/src/fink.build/gcc46-4.6.0-1000/darwin_objdir/gcc/testsuite/obj-c++/../../g++ version 4.6.0 20100512 (experimental) [trunk revision 159301] (GCC)
=== objc tests ===
Running target unix
FAIL: objc.dg/headers.m -fnext-runtime (test for excess errors)
FAIL: objc.dg/no-extra-load.m -fnext-runtime (test for excess errors)
ERROR: objc.dg/no-extra-load.m: error executing dg-final: couldn't open "no-extra-load.s": no such file or directory
UNRESOLVED: objc.dg/no-extra-load.m: error executing dg-final: couldn't open "no-extra-load.s": no such file or directory
FAIL: objc.dg/torture/trivial.m -O2 -flto (test for excess errors)
WARNING: objc.dg/torture/trivial.m -O2 -flto compilation failed to produce executable
FAIL: objc.dg/torture/trivial.m -O2 -fwhopr (test for excess errors)
WARNING: objc.dg/torture/trivial.m -O2 -fwhopr compilation failed to produce executable
FAIL: objc.dg/torture/tls/thr-init-3.m -O2 -flto (test for excess errors)
WARNING: objc.dg/torture/tls/thr-init-3.m -O2 -flto compilation failed to produce executable
FAIL: objc.dg/torture/tls/thr-init-3.m -O2 -fwhopr (test for excess errors)
WARNING: objc.dg/torture/tls/thr-init-3.m -O2 -fwhopr compilation failed to produce executable
FAIL: objc.dg/torture/tls/thr-init-3.m -O2 -flto (test for excess errors)
WARNING: objc.dg/torture/tls/thr-init-3.m -O2 -flto compilation failed to produce executable
FAIL: objc.dg/torture/tls/thr-init-3.m -O2 -fwhopr (test for excess errors)
WARNING: objc.dg/torture/tls/thr-init-3.m -O2 -fwhopr compilation failed to produce executable
=== objc Summary ===
# of expected passes 2696
# of unexpected failures 8
# of expected failures 52
# of unresolved testcases 1
# of unsupported tests 28
/sw/src/fink.build/gcc46-4.6.0-1000/darwin_objdir/gcc/xgcc version 4.6.0 20100512 (experimental) [trunk revision 159301] (GCC)
=== libffi tests ===
Running target unix
=== libffi Summary ===
# of expected passes 1624
# of expected failures 10
# of unsupported tests 15
=== libgomp tests ===
Running target unix
=== libgomp Summary ===
# of expected passes 2536
# of unsupported tests 2
=== libjava tests ===
Running target unix
=== libjava Summary ===
# of expected passes 2574
=== libstdc++ tests ===
Running target unix
FAIL: tr1/2_general_utilities/shared_ptr/thread/default_weaktoshared.cc execution test
=== libstdc++ Summary ===
# of expected passes 6454
# of unexpected failures 1
# of expected failures 89
# of unsupported tests 555
Compiler version: 4.6.0 20100512 (experimental) [trunk revision 159301] (GCC)
Platform: x86_64-apple-darwin10.3.0
configure flags: --prefix=/sw --prefix=/sw/lib/gcc4.6 --mandir=/sw/share/man --infodir=/sw/lib/gcc4.6/info --enable-languages=c,c++,fortran,objc,obj-c++,java --with-gmp=/sw --with-libiconv-prefix=/sw --with-ppl=/sw --with-cloog=/sw --with-mpc=/sw --with-system-zlib --x-includes=/usr/X11R6/include --x-libraries=/usr/X11R6/lib --program-suffix=-fsf-4.6 --enable-lto
More information about the Gcc-testresults
mailing list