Results for 4.6.0 20100509 (experimental) [trunk revision 159195] (GCC) testsuite on sh64-unknown-linux-gnu
Kaz Kojima
kkojima@rr.iij4u.or.jp
Sun May 9 22:40:00 GMT 2010
Remote host: 2.4.23-pre3 sh64
GNU C Library version 2.2.5
LAST_UPDATED: Sun May 9 00:40:09 UTC 2010 (revision 159195)
Target is sh64-unknown-linux-gnu
Host is i686-pc-linux-gnu
=== g++ tests ===
Running target unix
WARNING: Assuming target board is the local machine (which is probably wrong).
FAIL: tmpdir-g++.dg-struct-layout-1/t024 cp_compat_x_tst.o-cp_compat_y_tst.o execute
FAIL: g++.dg/debug/dwarf2/icf.C scan-assembler \\\\.section.*.debug_dcall
FAIL: g++.dg/debug/dwarf2/icf.C scan-assembler New caller
FAIL: g++.dg/debug/dwarf2/icf.C scan-assembler Caller DIE offset
FAIL: g++.dg/debug/dwarf2/icf.C scan-assembler Callee DIE offset
FAIL: g++.dg/abi/bitfield5.C (test for warnings, line 11)
FAIL: g++.dg/ext/attrib21.C (test for excess errors)
FAIL: g++.dg/ext/bitfield2.C (test for excess errors)
FAIL: g++.dg/ext/bitfield3.C (test for excess errors)
FAIL: g++.dg/ext/bitfield4.C (test for excess errors)
FAIL: g++.dg/ext/bitfield5.C (test for excess errors)
XPASS: g++.old-deja/g++.jason/thunk3.C execution test
=== g++ Summary ===
# of expected passes 22268
# of unexpected failures 11
# of unexpected successes 1
# of expected failures 151
# of unsupported tests 220
/ext3/suzaku/home/kkojima/xsh-gcc-orig/gcc/testsuite/g++/../../g++ version 4.6.0 20100509 (experimental) [trunk revision 159195] (GCC)
Host is i686-pc-linux-gnu
=== gcc tests ===
Running target unix
WARNING: Assuming target board is the local machine (which is probably wrong).
FAIL: gcc.c-torture/compile/limits-exprparen.c -O0 (test for excess errors)
FAIL: gcc.c-torture/compile/limits-exprparen.c -O1 (test for excess errors)
FAIL: gcc.c-torture/compile/limits-exprparen.c -O2 (test for excess errors)
FAIL: gcc.c-torture/compile/limits-exprparen.c -O3 -fomit-frame-pointer (test for excess errors)
FAIL: gcc.c-torture/compile/limits-exprparen.c -O3 -g (test for excess errors)
FAIL: gcc.c-torture/compile/limits-exprparen.c -Os (test for excess errors)
FAIL: gcc.c-torture/compile/limits-exprparen.c -O2 -flto (test for excess errors)
FAIL: gcc.c-torture/compile/limits-exprparen.c -O2 -fwhopr (test for excess errors)
FAIL: gcc.c-torture/execute/20050604-1.c execution, -O0
FAIL: gcc.c-torture/execute/20060420-1.c execution, -O0
FAIL: gcc.c-torture/execute/ieee/minuszero.c execution, -Os
FAIL: gcc.dg/compat/vector-2 c_compat_x_tst.o-c_compat_y_tst.o execute
FAIL: gcc.dg/20021029-1.c scan-assembler-not .data.rel.ro.local
FAIL: gcc.dg/Wpadded.c (test for warnings, line 12)
FAIL: gcc.dg/bitfld-15.c (test for excess errors)
FAIL: gcc.dg/bitfld-16.c (test for excess errors)
FAIL: gcc.dg/bitfld-17.c (test for excess errors)
FAIL: gcc.dg/bitfld-18.c (test for excess errors)
FAIL: gcc.dg/c99-stdint-1.c (test for excess errors)
FAIL: gcc.dg/cproj-fails-with-broken-glibc.c execution test
FAIL: gcc.dg/lower-subreg-1.c scan-rtl-dump subreg1 "Splitting reg"
FAIL: gcc.dg/pack-test-5.c execution test
FAIL: gcc.dg/pr34668-1.c (internal compiler error)
FAIL: gcc.dg/pr34668-1.c (test for excess errors)
FAIL: gcc.dg/uninit-pred-7_a.c bogus warning (test for bogus messages, line 26)
FAIL: gcc.dg/uninit-pred-8_a.c bogus warning (test for bogus messages, line 26)
FAIL: gcc.dg/uninit-pred-9_b.c bogus warning (test for bogus messages, line 24)
FAIL: gcc.dg/lto/20090126-1 c_lto_20090126-1_0.o-c_lto_20090126-1_0.o link, (internal compiler error)
UNRESOLVED: gcc.dg/lto/20090126-1 c_lto_20090126-1_0.o-c_lto_20090126-1_0.o execute -O0 -fwhopr
FAIL: gcc.dg/lto/20090313 c_lto_20090313_0.o-c_lto_20090313_0.o link
UNRESOLVED: gcc.dg/lto/20090313 c_lto_20090313_0.o-c_lto_20090313_0.o execute -O0 -fwhopr
FAIL: gcc.dg/lto/20090313 c_lto_20090313_0.o-c_lto_20090313_0.o link
UNRESOLVED: gcc.dg/lto/20090313 c_lto_20090313_0.o-c_lto_20090313_0.o execute -O2 -fwhopr
FAIL: gcc.dg/lto/20090313 c_lto_20090313_0.o-c_lto_20090313_0.o link
UNRESOLVED: gcc.dg/lto/20090313 c_lto_20090313_0.o-c_lto_20090313_0.o execute -O0 -flto
FAIL: gcc.dg/lto/20090313 c_lto_20090313_0.o-c_lto_20090313_0.o link
UNRESOLVED: gcc.dg/lto/20090313 c_lto_20090313_0.o-c_lto_20090313_0.o execute -O2 -flto
FAIL: gcc.dg/lto/20090706-1 c_lto_20090706-1_0.o-c_lto_20090706-1_0.o execute -O0 -fwhopr
FAIL: gcc.dg/lto/20090706-1 c_lto_20090706-1_0.o-c_lto_20090706-1_0.o execute -O0 -flto
FAIL: gcc.dg/torture/pr27116.c -O1 execution test
XPASS: gcc.dg/tree-ssa/20040204-1.c scan-tree-dump-times optimized "link_error" 0
FAIL: gcc.dg/tree-ssa/gen-vect-11c.c scan-tree-dump-times vect "vectorized 0 loops" 1
FAIL: gcc.dg/tree-ssa/loop-1.c scan-assembler-times jsr|bsrf|blink\\ttr?,r18 5
FAIL: gcc.dg/tree-ssa/ssa-fre-3.c scan-tree-dump fre "Replaced \\(int\\) aa_.*with a_"
FAIL: gcc.dg/tree-ssa/vrp47.c scan-tree-dump-times vrp1 "[xy][^ ]* !=" 0
FAIL: gcc.dg/tree-ssa/vrp47.c scan-tree-dump-times dom1 "x[^ ]* & y" 1
FAIL: gcc.dg/tree-ssa/vrp47.c scan-tree-dump-times vrp1 "x[^ ]* [|] y" 1
FAIL: gcc.target/sh/mfmovd.c scan-assembler fmov.d
FAIL: gcc.target/sh/pr43417.c (test for excess errors)
=== gcc Summary ===
# of expected passes 63661
# of unexpected failures 43
# of unexpected successes 1
# of expected failures 87
# of unresolved testcases 5
# of unsupported tests 780
/ext3/suzaku/home/kkojima/xsh-gcc-orig/gcc/xgcc version 4.6.0 20100509 (experimental) [trunk revision 159195] (GCC)
Host is i686-pc-linux-gnu
=== objc tests ===
Running target unix
WARNING: Assuming target board is the local machine (which is probably wrong).
FAIL: objc/execute/bf-10.m execution, -O0 -fgnu-runtime
FAIL: objc/execute/bf-10.m execution, -O1 -fgnu-runtime
FAIL: objc/execute/bf-10.m execution, -O2 -fgnu-runtime
FAIL: objc/execute/bf-10.m execution, -O3 -fomit-frame-pointer -fgnu-runtime
FAIL: objc/execute/bf-10.m execution, -O3 -g -fgnu-runtime
FAIL: objc/execute/bf-10.m execution, -Os -fgnu-runtime
FAIL: objc/execute/bf-11.m execution, -O0 -fgnu-runtime
FAIL: objc/execute/bf-11.m execution, -O1 -fgnu-runtime
FAIL: objc/execute/bf-11.m execution, -O2 -fgnu-runtime
FAIL: objc/execute/bf-11.m execution, -O3 -fomit-frame-pointer -fgnu-runtime
FAIL: objc/execute/bf-11.m execution, -O3 -g -fgnu-runtime
FAIL: objc/execute/bf-11.m execution, -Os -fgnu-runtime
FAIL: objc/execute/bf-12.m execution, -O0 -fgnu-runtime
FAIL: objc/execute/bf-12.m execution, -O1 -fgnu-runtime
FAIL: objc/execute/bf-12.m execution, -O2 -fgnu-runtime
FAIL: objc/execute/bf-12.m execution, -O3 -fomit-frame-pointer -fgnu-runtime
FAIL: objc/execute/bf-12.m execution, -O3 -g -fgnu-runtime
FAIL: objc/execute/bf-12.m execution, -Os -fgnu-runtime
FAIL: objc/execute/bf-5.m execution, -O0 -fgnu-runtime
FAIL: objc/execute/bf-5.m execution, -O1 -fgnu-runtime
FAIL: objc/execute/bf-5.m execution, -O2 -fgnu-runtime
FAIL: objc/execute/bf-5.m execution, -O3 -fomit-frame-pointer -fgnu-runtime
FAIL: objc/execute/bf-5.m execution, -O3 -g -fgnu-runtime
FAIL: objc/execute/bf-5.m execution, -Os -fgnu-runtime
FAIL: objc/execute/bf-6.m execution, -O0 -fgnu-runtime
FAIL: objc/execute/bf-6.m execution, -O1 -fgnu-runtime
FAIL: objc/execute/bf-6.m execution, -O2 -fgnu-runtime
FAIL: objc/execute/bf-6.m execution, -O3 -fomit-frame-pointer -fgnu-runtime
FAIL: objc/execute/bf-6.m execution, -O3 -g -fgnu-runtime
FAIL: objc/execute/bf-6.m execution, -Os -fgnu-runtime
FAIL: objc/execute/bf-7.m execution, -O0 -fgnu-runtime
FAIL: objc/execute/bf-7.m execution, -O1 -fgnu-runtime
FAIL: objc/execute/bf-7.m execution, -O2 -fgnu-runtime
FAIL: objc/execute/bf-7.m execution, -O3 -fomit-frame-pointer -fgnu-runtime
FAIL: objc/execute/bf-7.m execution, -O3 -g -fgnu-runtime
FAIL: objc/execute/bf-7.m execution, -Os -fgnu-runtime
FAIL: objc/execute/bf-8.m execution, -O0 -fgnu-runtime
FAIL: objc/execute/bf-8.m execution, -O1 -fgnu-runtime
FAIL: objc/execute/bf-8.m execution, -O2 -fgnu-runtime
FAIL: objc/execute/bf-8.m execution, -O3 -fomit-frame-pointer -fgnu-runtime
FAIL: objc/execute/bf-8.m execution, -O3 -g -fgnu-runtime
FAIL: objc/execute/bf-8.m execution, -Os -fgnu-runtime
FAIL: objc/execute/bf-9.m execution, -O0 -fgnu-runtime
FAIL: objc/execute/bf-9.m execution, -O1 -fgnu-runtime
FAIL: objc/execute/bf-9.m execution, -O2 -fgnu-runtime
FAIL: objc/execute/bf-9.m execution, -O3 -fomit-frame-pointer -fgnu-runtime
FAIL: objc/execute/bf-9.m execution, -O3 -g -fgnu-runtime
FAIL: objc/execute/bf-9.m execution, -Os -fgnu-runtime
FAIL: objc/execute/forward-1.m execution, -O0 -fgnu-runtime
FAIL: objc/execute/forward-1.m execution, -O1 -fgnu-runtime
FAIL: objc/execute/forward-1.m execution, -O2 -fgnu-runtime
FAIL: objc/execute/forward-1.m execution, -O3 -fomit-frame-pointer -fgnu-runtime
FAIL: objc/execute/forward-1.m execution, -O3 -fomit-frame-pointer -funroll-loops -fgnu-runtime
FAIL: objc/execute/forward-1.m execution, -O3 -fomit-frame-pointer -funroll-all-loops -finline-functions -fgnu-runtime
FAIL: objc/execute/forward-1.m execution, -O3 -g -fgnu-runtime
FAIL: objc/execute/forward-1.m execution, -Os -fgnu-runtime
FAIL: objc.dg/bitfield-3.m -fgnu-runtime (test for warnings, line 20)
FAIL: objc.dg/bitfield-3.m -fgnu-runtime (test for warnings, line 27)
FAIL: objc.dg/bitfield-3.m -fgnu-runtime (test for warnings, line 32)
FAIL: objc.dg/bitfield-3.m -fgnu-runtime (test for warnings, line 33)
FAIL: objc.dg/bitfield-3.m -fgnu-runtime execution test
FAIL: objc.dg/bitfield-5.m -fgnu-runtime (test for warnings, line 24)
FAIL: objc.dg/bitfield-5.m -fgnu-runtime (test for warnings, line 33)
FAIL: objc.dg/bitfield-5.m -fgnu-runtime (test for warnings, line 40)
FAIL: objc.dg/bitfield-5.m -fgnu-runtime (test for warnings, line 52)
FAIL: objc.dg/bitfield-5.m -fgnu-runtime (test for warnings, line 57)
FAIL: objc.dg/bitfield-5.m -fgnu-runtime (test for warnings, line 70)
FAIL: objc.dg/bitfield-5.m -fgnu-runtime (test for warnings, line 74)
FAIL: objc.dg/bitfield-5.m -fgnu-runtime (test for warnings, line 75)
FAIL: objc.dg/bitfield-5.m -fgnu-runtime (test for warnings, line 76)
FAIL: objc.dg/bitfield-5.m -fgnu-runtime execution test
FAIL: objc.dg/stabs-1.m scan-assembler (.SUBSPA.*[\$]CODE[\$]|.text"?)\\n\\t.stabs.*100,0,0,([.\$])?L?L[\$]?etext[0-9]*\\n([.\$])?L?L[\$]?etext
=== objc Summary ===
# of expected passes 1810
# of unexpected failures 72
# of expected failures 7
# of unsupported tests 20
/ext3/suzaku/home/kkojima/xsh-gcc-orig/gcc/xgcc version 4.6.0 20100509 (experimental) [trunk revision 159195] (GCC)
Host is sh64-unknown-linux-gnu
=== libmudflap tests ===
Running target unix
WARNING: Assuming target board is the local machine (which is probably wrong).
FAIL: libmudflap.c/pass47-frag.c execution test
FAIL: libmudflap.c/pass47-frag.c execution test
FAIL: libmudflap.c/pass47-frag.c (-static) execution test
FAIL: libmudflap.c/pass47-frag.c (-static) execution test
FAIL: libmudflap.c/pass46-frag.c (-O2) (test for excess errors)
FAIL: libmudflap.c/pass46-frag.c (-O2) (test for excess errors)
FAIL: libmudflap.c/pass47-frag.c (-O2) execution test
FAIL: libmudflap.c/pass47-frag.c (-O2) execution test
FAIL: libmudflap.c/pass46-frag.c (-O3) (test for excess errors)
FAIL: libmudflap.c/pass46-frag.c (-O3) (test for excess errors)
FAIL: libmudflap.c/pass47-frag.c (-O3) execution test
FAIL: libmudflap.c/pass47-frag.c (-O3) execution test
FAIL: libmudflap.c++/pass57-frag.cxx (test for excess errors)
FAIL: libmudflap.c++/pass55-frag.cxx (-static) execution test
FAIL: libmudflap.c++/pass57-frag.cxx (-static) (test for excess errors)
FAIL: libmudflap.c++/pass57-frag.cxx ( -O) (test for excess errors)
FAIL: libmudflap.c++/pass57-frag.cxx (-O2) (test for excess errors)
FAIL: libmudflap.c++/pass57-frag.cxx (-O3) (test for excess errors)
=== libmudflap Summary ===
# of expected passes 1876
# of unexpected failures 18
Host is sh64-unknown-linux-gnu
=== libstdc++ tests ===
Running target unix
WARNING: Assuming target board is the local machine (which is probably wrong).
FAIL: 21_strings/basic_string/capacity/wchar_t/18654.cc execution test
FAIL: 21_strings/basic_string/inserters_extractors/char/28277.cc execution test
FAIL: 21_strings/basic_string/inserters_extractors/wchar_t/28277.cc execution test
FAIL: 22_locale/collate/transform/char/28277.cc execution test
FAIL: 22_locale/collate/transform/wchar_t/28277.cc execution test
FAIL: 23_containers/set/modifiers/16728.cc execution test
FAIL: 23_containers/vector/profile/vector.cc execution test
FAIL: 26_numerics/complex/13450.cc execution test
FAIL: 26_numerics/valarray/28277.cc execution test
FAIL: 27_io/basic_filebuf/close/char/4879.cc execution test
FAIL: 27_io/basic_filebuf/close/char/9964.cc execution test
FAIL: 27_io/basic_filebuf/seekoff/char/26777.cc execution test
FAIL: 27_io/basic_filebuf/underflow/char/10097.cc execution test
FAIL: 27_io/basic_ostream/inserters_character/char/28277-3.cc execution test
FAIL: 27_io/basic_ostream/inserters_character/char/28277-4.cc execution test
FAIL: 27_io/basic_ostream/inserters_character/wchar_t/28277-1.cc execution test
FAIL: 27_io/basic_ostream/inserters_character/wchar_t/28277-2.cc execution test
FAIL: 27_io/basic_ostream/inserters_character/wchar_t/28277-3.cc execution test
FAIL: 27_io/basic_ostream/inserters_character/wchar_t/28277-4.cc execution test
FAIL: 27_io/basic_stringbuf/overflow/char/1.cc execution test
FAIL: 27_io/basic_stringbuf/overflow/wchar_t/1.cc execution test
FAIL: 27_io/fpos/14775.cc execution test
FAIL: 27_io/objects/char/7.cc execution test
FAIL: 27_io/objects/char/9661-1.cc execution test
FAIL: 27_io/objects/wchar_t/7.cc execution test
FAIL: 27_io/objects/wchar_t/9661-1.cc execution test
FAIL: 30_threads/call_once/39909.cc (test for excess errors)
WARNING: 30_threads/call_once/39909.cc compilation failed to produce executable
FAIL: 30_threads/call_once/call_once1.cc (test for excess errors)
WARNING: 30_threads/call_once/call_once1.cc compilation failed to produce executable
FAIL: ext/pb_ds/example/priority_queue_split_join.cc execution test
FAIL: ext/vstring/inserters_extractors/char/28277.cc execution test
FAIL: ext/vstring/inserters_extractors/wchar_t/28277.cc execution test
=== libstdc++ Summary ===
# of expected passes 6654
# of unexpected failures 31
# of expected failures 91
# of unsupported tests 434
Compiler version: 4.6.0 20100509 (experimental) [trunk revision 159195] (GCC)
Platform: sh64-unknown-linux-gnu
configure flags: --host=i686-pc-linux-gnu --target=sh64-unknown-linux-gnu --enable-shared --enable-threads --with-ld=/usr/local/bin/sh64-unknown-linux-gnu-ld --with-sysroot=/ext3/suzaku/ --disable-multilib --disable-libgomp --enable-lto --enable-languages=c,c++,objc
More information about the Gcc-testresults
mailing list