Results for 4.6.0 20100502 (experimental) [trunk revision 158975] (GCC) testsuite on hppa2.0w-hp-hpux11.11
John David Anglin
dave@hiauly3.hia.nrc.ca
Tue May 4 00:30:00 GMT 2010
=== acats tests ===
FAIL: c9a011b
=== acats Summary ===
# of expected passes 2320
# of unexpected failures 1
Native configuration is hppa2.0w-hp-hpux11.11
=== g++ tests ===
Running target unix
WARNING: g++.dg/ext/label13.C compilation failed to produce executable
=== g++ Summary ===
# of expected passes 20112
# of expected failures 152
# of unsupported tests 292
/test/gnu/gcc/objdir/gcc/testsuite/g++/../../g++ version 4.6.0 20100502 (experimental) [trunk revision 158975] (GCC)
=== gcc tests ===
Running target unix
FAIL: gcc.dg/pr34668-1.c (internal compiler error)
FAIL: gcc.dg/pr34668-1.c (test for excess errors)
WARNING: program timed out.
FAIL: gcc.dg/ipa/ipa-pta-10.c scan-ipa-dump pta "ESCAPED = { }"
=== gcc Summary ===
# of expected passes 52595
# of unexpected failures 3
# of expected failures 89
# of unsupported tests 769
/test/gnu/gcc/objdir/gcc/xgcc version 4.6.0 20100502 (experimental) [trunk revision 158975] (GCC)
=== gfortran tests ===
Running target unix
FAIL: gfortran.dg/pr41928.f90 -O (internal compiler error)
FAIL: gfortran.dg/pr41928.f90 -O (test for excess errors)
=== gfortran Summary ===
# of expected passes 33132
# of unexpected failures 2
# of expected failures 20
# of unsupported tests 305
/test/gnu/gcc/objdir/gcc/testsuite/gfortran/../../gfortran version 4.6.0 20100502 (experimental) [trunk revision 158975] (GCC)
=== gnat tests ===
Running target unix
=== gnat Summary ===
# of expected passes 780
# of expected failures 8
# of unsupported tests 1
=== obj-c++ tests ===
Running target unix
FAIL: obj-c++.dg/const-str-5.mm -fgnu-runtime (test for excess errors)
FAIL: obj-c++.dg/const-str-6.mm -fgnu-runtime (test for excess errors)
WARNING: obj-c++.dg/lookup-2.mm -fgnu-runtime compilation failed to produce executable
WARNING: obj-c++.dg/try-catch-2.mm -fgnu-runtime compilation failed to produce executable
WARNING: obj-c++.dg/try-catch-9.mm -fgnu-runtime compilation failed to produce executable
=== obj-c++ Summary ===
# of expected passes 438
# of unexpected failures 2
# of expected failures 3
# of unsupported tests 13
/test/gnu/gcc/objdir/gcc/testsuite/obj-c++/../../g++ version 4.6.0 20100502 (experimental) [trunk revision 158975] (GCC)
=== objc tests ===
Running target unix
=== objc Summary ===
# of expected passes 1868
# of expected failures 15
# of unsupported tests 23
/test/gnu/gcc/objdir/gcc/xgcc version 4.6.0 20100502 (experimental) [trunk revision 158975] (GCC)
=== libffi tests ===
Running target unix
=== libffi Summary ===
# of expected passes 1624
# of expected failures 10
# of unsupported tests 15
=== libgomp tests ===
Running target unix
=== libgomp Summary ===
# of expected passes 2476
# of unsupported tests 9
=== libjava tests ===
Running target unix
FAIL: LargeFile execution - source compiled test
FAIL: LargeFile -findirect-dispatch execution - source compiled test
FAIL: LargeFile -O3 execution - source compiled test
FAIL: LargeFile -O3 -findirect-dispatch execution - source compiled test
=== libjava Summary ===
# of expected passes 2566
# of unexpected failures 4
# of untested testcases 4
=== libstdc++ tests ===
Running target unix
FAIL: 25_algorithms/fill/4.cc (test for excess errors)
WARNING: 25_algorithms/fill/4.cc compilation failed to produce executable
FAIL: 25_algorithms/fill_n/1.cc (test for excess errors)
WARNING: 25_algorithms/fill_n/1.cc compilation failed to produce executable
FAIL: ext/profile/all.cc (test for excess errors)
=== libstdc++ Summary ===
# of expected passes 6327
# of unexpected failures 3
# of expected failures 89
# of unsupported tests 616
Compiler version: 4.6.0 20100502 (experimental) [trunk revision 158975] (GCC)
Platform: hppa2.0w-hp-hpux11.11
configure flags:Test Run By dave on Mon May 3 02:21:57 EDT 2010
More information about the Gcc-testresults
mailing list