Results for 4.6.0 20100430 (experimental) (GCC) testsuite on sparc-sun-solaris2.11
Rainer Orth
ro@CeBiTec.Uni-Bielefeld.DE
Mon May 3 10:43:00 GMT 2010
=== acats tests ===
FAIL: c52103x
FAIL: c52104x
FAIL: c52104y
FAIL: cb1010a
FAIL: cb1010c
FAIL: cb1010d
=== acats Summary ===
# of expected passes 2315
# of unexpected failures 6
Native configuration is sparc-sun-solaris2.11
=== g++ tests ===
Running target unix
XPASS: g++.old-deja/g++.other/init19.C execution test
=== g++ Summary for unix ===
# of expected passes 22142
# of unexpected successes 1
# of expected failures 152
# of unsupported tests 218
Running target unix/-m64
XPASS: g++.old-deja/g++.other/init19.C execution test
=== g++ Summary for unix/-m64 ===
# of expected passes 22103
# of unexpected successes 1
# of expected failures 152
# of unsupported tests 219
=== g++ Summary ===
# of expected passes 44245
# of unexpected successes 2
# of expected failures 304
# of unsupported tests 437
/vol/gcc/obj/regression/trunk/11-gcc/build/gcc/testsuite/g++/../../g++ version 4.6.0 20100430 (experimental) (GCC)
=== gcc tests ===
Running target unix
WARNING: program timed out.
FAIL: gcc.c-torture/compile/limits-fnargs.c -O3 -g (test for excess errors)
FAIL: gcc.c-torture/execute/pr38819.c execution, -O2
FAIL: gcc.c-torture/execute/pr38819.c execution, -O3 -fomit-frame-pointer
FAIL: gcc.c-torture/execute/pr38819.c execution, -O3 -fomit-frame-pointer -funroll-loops
FAIL: gcc.c-torture/execute/pr38819.c execution, -O3 -fomit-frame-pointer -funroll-all-loops -finline-functions
FAIL: gcc.c-torture/execute/pr38819.c execution, -O3 -g
FAIL: gcc.c-torture/execute/pr38819.c execution, -O2 -flto
FAIL: gcc.c-torture/execute/pr38819.c execution, -O2 -fwhopr
FAIL: gcc.dg/pr34668-1.c (test for excess errors)
WARNING: program timed out.
FAIL: gcc.dg/pr43058.c (test for excess errors)
FAIL: gcc.dg/lto/20090126-1 c_lto_20090126-1_0.o-c_lto_20090126-1_0.o link, (internal compiler error)
UNRESOLVED: gcc.dg/lto/20090126-1 c_lto_20090126-1_0.o-c_lto_20090126-1_0.o execute -O0 -fwhopr
FAIL: gcc.dg/lto/20090729 c_lto_20090729_0.o-c_lto_20090729_1.o link
UNRESOLVED: gcc.dg/lto/20090729 c_lto_20090729_0.o-c_lto_20090729_1.o execute -w
FAIL: gcc.dg/lto/20100423-2 c_lto_20100423-2_0.o-c_lto_20100423-2_1.o link
UNRESOLVED: gcc.dg/lto/20100423-2 c_lto_20100423-2_0.o-c_lto_20100423-2_1.o execute -O2 -flto
FAIL: gcc.dg/lto/20100423-2 c_lto_20100423-2_0.o-c_lto_20100423-2_1.o link
UNRESOLVED: gcc.dg/lto/20100423-2 c_lto_20100423-2_0.o-c_lto_20100423-2_1.o execute -O2 -fwhopr
FAIL: gcc.dg/lto/20100423-2 c_lto_20100423-2_0.o-c_lto_20100423-2_1.o link
UNRESOLVED: gcc.dg/lto/20100423-2 c_lto_20100423-2_0.o-c_lto_20100423-2_1.o execute -O3 -flto
FAIL: gcc.dg/lto/20100423-2 c_lto_20100423-2_0.o-c_lto_20100423-2_1.o link
UNRESOLVED: gcc.dg/lto/20100423-2 c_lto_20100423-2_0.o-c_lto_20100423-2_1.o execute -O3 -fwhopr
FAIL: gcc.dg/lto/const-uniq c_lto_const-uniq_0.o-c_lto_const-uniq_1.o link
UNRESOLVED: gcc.dg/lto/const-uniq c_lto_const-uniq_0.o-c_lto_const-uniq_1.o execute -Os -fwhopr
FAIL: gcc.dg/vect/pr43430-1.c scan-tree-dump-times vect "vectorized 1 loops" 1
FAIL: gcc.dg/vect/slp-multitypes-2.c execution test
FAIL: gcc.dg/vect/slp-reduc-3.c scan-tree-dump-times vect "vectorizing stmts using SLP" 1
FAIL: gcc.dg/vect/slp-reduc-6.c scan-tree-dump-times vect "vectorized 1 loops" 2
=== gcc Summary for unix ===
# of expected passes 64697
# of unexpected failures 21
# of expected failures 203
# of unresolved testcases 7
# of unsupported tests 896
Running target unix/-m64
FAIL: gcc.dg/cpp/trad/include.c (internal compiler error)
FAIL: gcc.dg/cpp/trad/include.c (test for excess errors)
FAIL: gcc.dg/pr34668-1.c (test for excess errors)
WARNING: program timed out.
FAIL: gcc.dg/pr43058.c (test for excess errors)
FAIL: gcc.dg/lto/20090126-1 c_lto_20090126-1_0.o-c_lto_20090126-1_0.o link, (internal compiler error)
UNRESOLVED: gcc.dg/lto/20090126-1 c_lto_20090126-1_0.o-c_lto_20090126-1_0.o execute -O0 -fwhopr
FAIL: gcc.dg/lto/20090729 c_lto_20090729_0.o-c_lto_20090729_1.o link
UNRESOLVED: gcc.dg/lto/20090729 c_lto_20090729_0.o-c_lto_20090729_1.o execute -w
FAIL: gcc.dg/lto/20100423-2 c_lto_20100423-2_0.o-c_lto_20100423-2_1.o link
UNRESOLVED: gcc.dg/lto/20100423-2 c_lto_20100423-2_0.o-c_lto_20100423-2_1.o execute -O2 -flto
FAIL: gcc.dg/lto/20100423-2 c_lto_20100423-2_0.o-c_lto_20100423-2_1.o link
UNRESOLVED: gcc.dg/lto/20100423-2 c_lto_20100423-2_0.o-c_lto_20100423-2_1.o execute -O2 -fwhopr
FAIL: gcc.dg/lto/20100423-2 c_lto_20100423-2_0.o-c_lto_20100423-2_1.o link
UNRESOLVED: gcc.dg/lto/20100423-2 c_lto_20100423-2_0.o-c_lto_20100423-2_1.o execute -O3 -flto
FAIL: gcc.dg/lto/20100423-2 c_lto_20100423-2_0.o-c_lto_20100423-2_1.o link
UNRESOLVED: gcc.dg/lto/20100423-2 c_lto_20100423-2_0.o-c_lto_20100423-2_1.o execute -O3 -fwhopr
FAIL: gcc.dg/lto/const-uniq c_lto_const-uniq_0.o-c_lto_const-uniq_1.o link
UNRESOLVED: gcc.dg/lto/const-uniq c_lto_const-uniq_0.o-c_lto_const-uniq_1.o execute -Os -fwhopr
FAIL: gcc.dg/vect/pr43430-1.c scan-tree-dump-times vect "vectorized 1 loops" 1
FAIL: gcc.dg/vect/slp-reduc-3.c scan-tree-dump-times vect "vectorizing stmts using SLP" 1
FAIL: gcc.dg/vect/slp-reduc-6.c scan-tree-dump-times vect "vectorized 1 loops" 2
=== gcc Summary for unix/-m64 ===
# of expected passes 64695
# of unexpected failures 14
# of expected failures 199
# of unresolved testcases 7
# of unsupported tests 902
=== gcc Summary ===
# of expected passes 129392
# of unexpected failures 35
# of expected failures 402
# of unresolved testcases 14
# of unsupported tests 1798
/vol/gcc/obj/regression/trunk/11-gcc/build/gcc/xgcc version 4.6.0 20100430 (experimental) (GCC)
=== gfortran tests ===
Running target unix
FAIL: gfortran.dg/array_constructor_11.f90 -O3 -g (internal compiler error)
FAIL: gfortran.dg/array_constructor_11.f90 -O3 -g (test for excess errors)
WARNING: gfortran.dg/array_constructor_11.f90 -O3 -g compilation failed to produce executable
FAIL: gfortran.dg/lto/20091015-1 f_lto_20091015-1_0.o-f_lto_20091015-1_2.o link
UNRESOLVED: gfortran.dg/lto/20091015-1 f_lto_20091015-1_0.o-f_lto_20091015-1_2.o execute -O0 -fwhopr
FAIL: gfortran.dg/lto/20091015-1 f_lto_20091015-1_0.o-f_lto_20091015-1_2.o link
UNRESOLVED: gfortran.dg/lto/20091015-1 f_lto_20091015-1_0.o-f_lto_20091015-1_2.o execute -O2 -fwhopr
FAIL: gfortran.dg/lto/20091015-1 f_lto_20091015-1_0.o-f_lto_20091015-1_2.o link
UNRESOLVED: gfortran.dg/lto/20091015-1 f_lto_20091015-1_0.o-f_lto_20091015-1_2.o execute -O0 -flto
FAIL: gfortran.dg/lto/20091015-1 f_lto_20091015-1_0.o-f_lto_20091015-1_2.o link
UNRESOLVED: gfortran.dg/lto/20091015-1 f_lto_20091015-1_0.o-f_lto_20091015-1_2.o execute -O2 -flto
=== gfortran Summary for unix ===
# of expected passes 34128
# of unexpected failures 6
# of expected failures 23
# of unresolved testcases 4
# of unsupported tests 179
Running target unix/-m64
FAIL: gfortran.dg/array_constructor_11.f90 -O3 -g (internal compiler error)
FAIL: gfortran.dg/array_constructor_11.f90 -O3 -g (test for excess errors)
WARNING: gfortran.dg/array_constructor_11.f90 -O3 -g compilation failed to produce executable
FAIL: gfortran.dg/lto/20091015-1 f_lto_20091015-1_0.o-f_lto_20091015-1_2.o link
UNRESOLVED: gfortran.dg/lto/20091015-1 f_lto_20091015-1_0.o-f_lto_20091015-1_2.o execute -O0 -fwhopr
FAIL: gfortran.dg/lto/20091015-1 f_lto_20091015-1_0.o-f_lto_20091015-1_2.o link
UNRESOLVED: gfortran.dg/lto/20091015-1 f_lto_20091015-1_0.o-f_lto_20091015-1_2.o execute -O2 -fwhopr
FAIL: gfortran.dg/lto/20091015-1 f_lto_20091015-1_0.o-f_lto_20091015-1_2.o link
UNRESOLVED: gfortran.dg/lto/20091015-1 f_lto_20091015-1_0.o-f_lto_20091015-1_2.o execute -O0 -flto
FAIL: gfortran.dg/lto/20091015-1 f_lto_20091015-1_0.o-f_lto_20091015-1_2.o link
UNRESOLVED: gfortran.dg/lto/20091015-1 f_lto_20091015-1_0.o-f_lto_20091015-1_2.o execute -O2 -flto
=== gfortran Summary for unix/-m64 ===
# of expected passes 34311
# of unexpected failures 6
# of expected failures 23
# of unresolved testcases 4
# of unsupported tests 90
=== gfortran Summary ===
# of expected passes 68439
# of unexpected failures 12
# of expected failures 46
# of unresolved testcases 8
# of unsupported tests 269
/vol/gcc/obj/regression/trunk/11-gcc/build/gcc/testsuite/gfortran/../../gfortran version 4.6.0 20100430 (experimental) (GCC)
=== gnat tests ===
Running target unix
FAIL: gnat.dg/null_pointer_deref2.adb execution test
FAIL: gnat.dg/stack_check1.adb execution test
FAIL: gnat.dg/stack_check2.adb execution test
=== gnat Summary for unix ===
# of expected passes 773
# of unexpected failures 3
# of expected failures 8
# of unsupported tests 3
Running target unix/-m64
FAIL: gnat.dg/null_pointer_deref2.adb execution test
FAIL: gnat.dg/stack_check1.adb execution test
FAIL: gnat.dg/stack_check2.adb execution test
=== gnat Summary for unix/-m64 ===
# of expected passes 773
# of unexpected failures 3
# of expected failures 8
# of unsupported tests 3
=== gnat Summary ===
# of expected passes 1546
# of unexpected failures 6
# of expected failures 16
# of unsupported tests 6
=== objc tests ===
Running target unix
=== objc Summary for unix ===
# of expected passes 1869
# of expected failures 15
# of unsupported tests 20
Running target unix/-m64
=== objc Summary for unix/-m64 ===
# of expected passes 1869
# of expected failures 15
# of unsupported tests 20
=== objc Summary ===
# of expected passes 3738
# of expected failures 30
# of unsupported tests 40
/vol/gcc/obj/regression/trunk/11-gcc/build/gcc/xgcc version 4.6.0 20100430 (experimental) (GCC)
=== libffi tests ===
Running target unix
=== libffi Summary for unix ===
# of expected passes 1624
# of expected failures 10
# of unsupported tests 15
Running target unix/-m64
=== libffi Summary for unix/-m64 ===
# of expected passes 1624
# of expected failures 10
# of unsupported tests 15
=== libffi Summary ===
# of expected passes 3248
# of expected failures 20
# of unsupported tests 30
=== libgomp tests ===
Running target unix
=== libgomp Summary for unix ===
# of expected passes 2476
# of unsupported tests 9
Running target unix/-m64
=== libgomp Summary for unix/-m64 ===
# of expected passes 2476
# of unsupported tests 9
=== libgomp Summary ===
# of expected passes 4952
# of unsupported tests 18
=== libjava tests ===
Running target unix
FAIL: TestClosureGC run
FAIL: Array_3 execution - source compiled test
FAIL: Array_3 -findirect-dispatch execution - source compiled test
FAIL: Array_3 -O3 execution - source compiled test
FAIL: Array_3 -O3 -findirect-dispatch execution - source compiled test
FAIL: Invoke_1 execution - source compiled test
FAIL: Invoke_1 -findirect-dispatch execution - source compiled test
FAIL: Invoke_1 -O3 execution - source compiled test
FAIL: Invoke_1 -O3 -findirect-dispatch execution - source compiled test
FAIL: PR218 execution - source compiled test
FAIL: PR218 -O3 execution - source compiled test
FAIL: StackTrace2 execution - source compiled test
FAIL: StackTrace2 -findirect-dispatch execution - source compiled test
FAIL: StackTrace2 -O3 execution - source compiled test
FAIL: StackTrace2 -O3 -findirect-dispatch execution - source compiled test
FAIL: Throw_2 execution - source compiled test
FAIL: Throw_2 -findirect-dispatch execution - source compiled test
FAIL: Throw_2 -O3 execution - source compiled test
FAIL: Throw_2 -O3 -findirect-dispatch execution - source compiled test
FAIL: Throw_3 execution - source compiled test
FAIL: Throw_3 -findirect-dispatch execution - source compiled test
FAIL: Throw_3 -O3 execution - source compiled test
FAIL: Throw_3 -O3 -findirect-dispatch execution - source compiled test
FAIL: pr83 -findirect-dispatch execution - source compiled test
FAIL: pr83 -O3 -findirect-dispatch execution - source compiled test
=== libjava Summary for unix ===
# of expected passes 2525
# of unexpected failures 25
# of untested testcases 25
Running target unix/-m64
FAIL: TestClosureGC run
WARNING: program timed out.
FAIL: Array_3 execution - source compiled test
FAIL: Array_3 -findirect-dispatch execution - source compiled test
FAIL: Array_3 -O3 execution - source compiled test
FAIL: Array_3 -O3 -findirect-dispatch execution - source compiled test
FAIL: Invoke_1 execution - source compiled test
FAIL: Invoke_1 -findirect-dispatch execution - source compiled test
FAIL: Invoke_1 -O3 execution - source compiled test
FAIL: Invoke_1 -O3 -findirect-dispatch execution - source compiled test
FAIL: PR218 execution - source compiled test
FAIL: PR218 -O3 execution - source compiled test
FAIL: StackTrace2 execution - source compiled test
WARNING: program timed out.
FAIL: StackTrace2 -findirect-dispatch execution - source compiled test
FAIL: StackTrace2 -O3 execution - source compiled test
FAIL: StackTrace2 -O3 -findirect-dispatch execution - source compiled test
WARNING: program timed out.
FAIL: Throw_2 execution - source compiled test
FAIL: Throw_2 -findirect-dispatch execution - source compiled test
FAIL: Throw_2 -O3 execution - source compiled test
WARNING: program timed out.
FAIL: Throw_2 -O3 -findirect-dispatch execution - source compiled test
FAIL: Throw_3 execution - source compiled test
FAIL: Throw_3 -findirect-dispatch execution - source compiled test
WARNING: program timed out.
FAIL: Throw_3 -O3 execution - source compiled test
FAIL: Throw_3 -O3 -findirect-dispatch execution - source compiled test
WARNING: program timed out.
FAIL: pr83 -findirect-dispatch execution - source compiled test
FAIL: pr83 -O3 -findirect-dispatch execution - source compiled test
=== libjava Summary for unix/-m64 ===
# of expected passes 2525
# of unexpected failures 25
# of untested testcases 25
=== libjava Summary ===
# of expected passes 5050
# of unexpected failures 50
# of untested testcases 50
=== libstdc++ tests ===
Running target unix
XPASS: 27_io/basic_istream/extractors_arithmetic/char/12.cc execution test
XPASS: 27_io/basic_istream/extractors_arithmetic/wchar_t/12.cc execution test
FAIL: 30_threads/async/42819.cc execution test
FAIL: 30_threads/async/any.cc execution test
FAIL: 30_threads/async/async.cc execution test
FAIL: 30_threads/async/sync.cc execution test
FAIL: 30_threads/call_once/39909.cc execution test
FAIL: 30_threads/call_once/call_once1.cc execution test
FAIL: 30_threads/future/members/get.cc execution test
FAIL: 30_threads/future/members/get2.cc execution test
FAIL: 30_threads/future/members/valid.cc execution test
FAIL: 30_threads/future/members/wait.cc execution test
FAIL: 30_threads/future/members/wait_for.cc execution test
FAIL: 30_threads/future/members/wait_until.cc execution test
FAIL: 30_threads/packaged_task/members/get_future.cc execution test
FAIL: 30_threads/packaged_task/members/invoke.cc execution test
FAIL: 30_threads/packaged_task/members/invoke2.cc execution test
FAIL: 30_threads/packaged_task/members/invoke3.cc execution test
FAIL: 30_threads/packaged_task/members/invoke4.cc execution test
FAIL: 30_threads/packaged_task/members/invoke5.cc execution test
FAIL: 30_threads/packaged_task/members/reset2.cc execution test
FAIL: 30_threads/promise/cons/move.cc execution test
FAIL: 30_threads/promise/cons/move_assign.cc execution test
FAIL: 30_threads/promise/members/get_future.cc execution test
FAIL: 30_threads/promise/members/set_exception.cc execution test
FAIL: 30_threads/promise/members/set_exception2.cc execution test
FAIL: 30_threads/promise/members/set_value.cc execution test
FAIL: 30_threads/promise/members/set_value2.cc execution test
FAIL: 30_threads/promise/members/set_value3.cc execution test
FAIL: 30_threads/promise/members/swap.cc execution test
FAIL: 30_threads/shared_future/members/get.cc execution test
FAIL: 30_threads/shared_future/members/get2.cc execution test
FAIL: 30_threads/shared_future/members/valid.cc execution test
FAIL: 30_threads/shared_future/members/wait.cc execution test
FAIL: 30_threads/shared_future/members/wait_for.cc execution test
FAIL: 30_threads/shared_future/members/wait_until.cc execution test
FAIL: ext/profile/all.cc (test for excess errors)
=== libstdc++ Summary for unix ===
# of expected passes 6656
# of unexpected failures 35
# of unexpected successes 2
# of expected failures 92
# of unsupported tests 436
Running target unix/-m64
XPASS: 27_io/basic_istream/extractors_arithmetic/char/12.cc execution test
XPASS: 27_io/basic_istream/extractors_arithmetic/wchar_t/12.cc execution test
FAIL: ext/profile/all.cc (test for excess errors)
=== libstdc++ Summary for unix/-m64 ===
# of expected passes 6690
# of unexpected failures 1
# of unexpected successes 2
# of expected failures 92
# of unsupported tests 436
=== libstdc++ Summary ===
# of expected passes 13346
# of unexpected failures 36
# of unexpected successes 4
# of expected failures 184
# of unsupported tests 872
=== libstdc++ Summary ===
Compiler version: 4.6.0 20100430 (experimental) (GCC)
Platform: sparc-sun-solaris2.11
configure flags: --prefix=/vol/gcc --target=sparc-sun-solaris2.11 --with-gmp=/vol/gcc --with-mpfr=/vol/gcc --with-mpc=/vol/gcc --enable-languages=all,ada
BOOT_CFLAGS=-g -O2
More information about the Gcc-testresults
mailing list