Results for 4.6.0 20100428 (experimental) [trunk revision 158844] (GCC) testsuite on i386-pc-rtems4.10
Joel Sherrill <joel.sherrill@OARcorp.com>
joel@rtems.org
Sat May 1 22:52:00 GMT 2010
LAST_UPDATED: Wed Apr 28 21:27:33 UTC 2010 (revision 158844)
Target is i386-pc-rtems4.10
Host is x86_64-unknown-linux-gnu
=== gcc tests ===
Running target rtems-i386-qemu
FAIL: gcc.c-torture/compile/limits-exprparen.c -O0 (test for excess errors)
FAIL: gcc.c-torture/compile/limits-exprparen.c -O1 (test for excess errors)
FAIL: gcc.c-torture/compile/limits-exprparen.c -O2 (test for excess errors)
FAIL: gcc.c-torture/compile/limits-exprparen.c -O3 -fomit-frame-pointer (test for excess errors)
FAIL: gcc.c-torture/compile/limits-exprparen.c -O3 -g (test for excess errors)
FAIL: gcc.c-torture/compile/limits-exprparen.c -Os (test for excess errors)
FAIL: gcc.c-torture/compile/limits-exprparen.c -O2 -flto (test for excess errors)
FAIL: gcc.c-torture/compile/limits-exprparen.c -O2 -fwhopr (test for excess errors)
FAIL: gcc.c-torture/execute/memcpy-1.c execution, -O0
FAIL: gcc.c-torture/execute/memcpy-1.c execution, -O1
FAIL: gcc.c-torture/execute/memcpy-1.c execution, -O2
FAIL: gcc.c-torture/execute/memcpy-1.c execution, -O3 -fomit-frame-pointer
FAIL: gcc.c-torture/execute/memcpy-1.c execution, -O3 -fomit-frame-pointer -funroll-loops
FAIL: gcc.c-torture/execute/memcpy-1.c execution, -O3 -fomit-frame-pointer -funroll-all-loops -finline-functions
FAIL: gcc.c-torture/execute/memcpy-1.c execution, -O3 -g
FAIL: gcc.c-torture/execute/memcpy-1.c execution, -Os
FAIL: gcc.c-torture/execute/memcpy-1.c execution, -O2 -flto
FAIL: gcc.c-torture/execute/memcpy-1.c execution, -O2 -fwhopr
FAIL: gcc.c-torture/execute/pr28982b.c execution, -O0
FAIL: gcc.c-torture/execute/pr28982b.c execution, -O1
FAIL: gcc.c-torture/execute/pr28982b.c execution, -O2
FAIL: gcc.c-torture/execute/pr28982b.c execution, -O3 -fomit-frame-pointer
FAIL: gcc.c-torture/execute/pr28982b.c execution, -O3 -fomit-frame-pointer -funroll-loops
FAIL: gcc.c-torture/execute/pr28982b.c execution, -O3 -fomit-frame-pointer -funroll-all-loops -finline-functions
FAIL: gcc.c-torture/execute/pr28982b.c execution, -O3 -g
FAIL: gcc.c-torture/execute/pr28982b.c execution, -O2 -flto
FAIL: gcc.c-torture/execute/pr28982b.c execution, -O2 -fwhopr
FAIL: gcc.dg/cpp/_Pragma6.c (test for excess errors)
FAIL: gcc.dg/debug/dwarf2/global-used-types.c scan-assembler-times DIE \\\\(0x.*?\\\\) DW_TAG_enumeration_type 1
FAIL: gcc.dg/debug/dwarf2/global-used-types.c scan-assembler-times DIE \\\\(0x.*?\\\\) DW_TAG_enumerator 2
FAIL: gcc.dg/debug/dwarf2/global-used-types.c scan-assembler-times ascii "a.0"[\\t ]+.*?DW_AT_name 1
FAIL: gcc.dg/debug/dwarf2/global-used-types.c scan-assembler-times ascii "b.0"[\\t ]+.*?DW_AT_name 1
FAIL: gcc.dg/debug/dwarf2/inline2.c scan-assembler-times \\\\(DIE \\\\(.*?\\\\) DW_TAG_inlined_subroutine 6
FAIL: gcc.dg/debug/dwarf2/inline2.c scan-assembler-times \\\\(DIE \\\\(.*?\\\\) DW_TAG_lexical_block 6
FAIL: gcc.dg/debug/dwarf2/inline2.c scan-assembler-times (?:byte|data1)[^\\n]*0x3[^\\n]* DW_AT_inline 3
FAIL: gcc.dg/debug/dwarf2/inline3.c scan-assembler-times DW_AT_const_value 1
FAIL: gcc.dg/debug/dwarf2/pr37726.c scan-assembler-times "parm[^\\n]*"[^\\n]*DW_AT_name 2
FAIL: gcc.dg/debug/dwarf2/pr37726.c scan-assembler-times "var[^\\n]*"[^\\n]*DW_AT_name 2
FAIL: gcc.dg/debug/dwarf2/pr41445-1.c scan-assembler DW_TAG_variable[^\\\\r\\\\n]*[\\\\r\\\\n]+[^\\\\r\\\\n]*"varh[^\\\\r\\\\n]*DW_AT_name([^\\\\r\\\\n]*[\\\\r\\\\n]+[^\\\\r\\\\n]*DW_AT_)*[^\\\\r\\\\n]*[\\\\r\\\\n]+[^\\\\r\\\\n]*[^0-9a-fA-FxX](0x)?8[^0-9a-fA-FxX][^\\\\r\\\\n]*DW_AT_decl_line
FAIL: gcc.dg/debug/dwarf2/pr41445-1.c scan-assembler DW_TAG_variable[^\\\\r\\\\n]*[\\\\r\\\\n]+[^\\\\r\\\\n]*"vari[^\\\\r\\\\n]*DW_AT_name([^\\\\r\\\\n]*[\\\\r\\\\n]+[^\\\\r\\\\n]*DW_AT_)*[^\\\\r\\\\n]*[\\\\r\\\\n]+[^\\\\r\\\\n]*[^0-9a-fA-FxX](0xc|12)[^0-9a-fA-FxX][^\\\\r\\\\n]*DW_AT_decl_line
FAIL: gcc.dg/debug/dwarf2/pr41445-1.c scan-assembler DW_TAG_variable[^\\\\r\\\\n]*[\\\\r\\\\n]+[^\\\\r\\\\n]*"varj[^\\\\r\\\\n]*DW_AT_name([^\\\\r\\\\n]*[\\\\r\\\\n]+[^\\\\r\\\\n]*DW_AT_)*[^\\\\r\\\\n]*[\\\\r\\\\n]+[^\\\\r\\\\n]*[^0-9a-fA-FxX](0xd|13)[^0-9a-fA-FxX][^\\\\r\\\\n]*DW_AT_decl_line
FAIL: gcc.dg/debug/dwarf2/pr41445-2.c scan-assembler DW_TAG_variable[^\\\\r\\\\n]*[\\\\r\\\\n]+[^\\\\r\\\\n]*"varh[^\\\\r\\\\n]*DW_AT_name([^\\\\r\\\\n]*[\\\\r\\\\n]+[^\\\\r\\\\n]*DW_AT_)*[^\\\\r\\\\n]*[\\\\r\\\\n]+[^\\\\r\\\\n]*[^0-9a-fA-FxX](0x)?8[^0-9a-fA-FxX][^\\\\r\\\\n]*DW_AT_decl_line
FAIL: gcc.dg/debug/dwarf2/pr41445-2.c scan-assembler DW_TAG_variable[^\\\\r\\\\n]*[\\\\r\\\\n]+[^\\\\r\\\\n]*"vari[^\\\\r\\\\n]*DW_AT_name([^\\\\r\\\\n]*[\\\\r\\\\n]+[^\\\\r\\\\n]*DW_AT_)*[^\\\\r\\\\n]*[\\\\r\\\\n]+[^\\\\r\\\\n]*[^0-9a-fA-FxX](0xc|12)[^0-9a-fA-FxX][^\\\\r\\\\n]*DW_AT_decl_line
FAIL: gcc.dg/debug/dwarf2/pr41445-2.c scan-assembler DW_TAG_variable[^\\\\r\\\\n]*[\\\\r\\\\n]+[^\\\\r\\\\n]*"varj[^\\\\r\\\\n]*DW_AT_name([^\\\\r\\\\n]*[\\\\r\\\\n]+[^\\\\r\\\\n]*DW_AT_)*[^\\\\r\\\\n]*[\\\\r\\\\n]+[^\\\\r\\\\n]*[^0-9a-fA-FxX](0xd|13)[^0-9a-fA-FxX][^\\\\r\\\\n]*DW_AT_decl_line
FAIL: gcc.dg/debug/dwarf2/pr41445-3.c scan-assembler DW_TAG_variable[^\\\\r\\\\n]*[\\\\r\\\\n]+[^\\\\r\\\\n]*"varh[^\\\\r\\\\n]*DW_AT_name([^\\\\r\\\\n]*[\\\\r\\\\n]+[^\\\\r\\\\n]*DW_AT_)*[^\\\\r\\\\n]*[\\\\r\\\\n]+[^\\\\r\\\\n]*[^0-9a-fA-FxX](0x)?8[^0-9a-fA-FxX][^\\\\r\\\\n]*DW_AT_decl_line
FAIL: gcc.dg/debug/dwarf2/pr41445-3.c scan-assembler DW_TAG_variable[^\\\\r\\\\n]*[\\\\r\\\\n]+[^\\\\r\\\\n]*"vari[^\\\\r\\\\n]*DW_AT_name([^\\\\r\\\\n]*[\\\\r\\\\n]+[^\\\\r\\\\n]*DW_AT_)*[^\\\\r\\\\n]*[\\\\r\\\\n]+[^\\\\r\\\\n]*[^0-9a-fA-FxX](0xc|12)[^0-9a-fA-FxX][^\\\\r\\\\n]*DW_AT_decl_line
FAIL: gcc.dg/debug/dwarf2/pr41445-3.c scan-assembler DW_TAG_variable[^\\\\r\\\\n]*[\\\\r\\\\n]+[^\\\\r\\\\n]*"varj[^\\\\r\\\\n]*DW_AT_name([^\\\\r\\\\n]*[\\\\r\\\\n]+[^\\\\r\\\\n]*DW_AT_)*[^\\\\r\\\\n]*[\\\\r\\\\n]+[^\\\\r\\\\n]*[^0-9a-fA-FxX](0xd|13)[^0-9a-fA-FxX][^\\\\r\\\\n]*DW_AT_decl_line
FAIL: gcc.dg/debug/dwarf2/pr41445-4.c scan-assembler DW_TAG_variable[^\\\\r\\\\n]*[\\\\r\\\\n]+[^\\\\r\\\\n]*"varh[^\\\\r\\\\n]*DW_AT_name([^\\\\r\\\\n]*[\\\\r\\\\n]+[^\\\\r\\\\n]*DW_AT_)*[^\\\\r\\\\n]*[\\\\r\\\\n]+[^\\\\r\\\\n]*[^0-9a-fA-FxX](0x)?8[^0-9a-fA-FxX][^\\\\r\\\\n]*DW_AT_decl_line
FAIL: gcc.dg/debug/dwarf2/pr41445-4.c scan-assembler DW_TAG_variable[^\\\\r\\\\n]*[\\\\r\\\\n]+[^\\\\r\\\\n]*"vari[^\\\\r\\\\n]*DW_AT_name([^\\\\r\\\\n]*[\\\\r\\\\n]+[^\\\\r\\\\n]*DW_AT_)*[^\\\\r\\\\n]*[\\\\r\\\\n]+[^\\\\r\\\\n]*[^0-9a-fA-FxX](0xc|12)[^0-9a-fA-FxX][^\\\\r\\\\n]*DW_AT_decl_line
FAIL: gcc.dg/debug/dwarf2/pr41445-4.c scan-assembler DW_TAG_variable[^\\\\r\\\\n]*[\\\\r\\\\n]+[^\\\\r\\\\n]*"varj[^\\\\r\\\\n]*DW_AT_name([^\\\\r\\\\n]*[\\\\r\\\\n]+[^\\\\r\\\\n]*DW_AT_)*[^\\\\r\\\\n]*[\\\\r\\\\n]+[^\\\\r\\\\n]*[^0-9a-fA-FxX](0xd|13)[^0-9a-fA-FxX][^\\\\r\\\\n]*DW_AT_decl_line
FAIL: gcc.dg/debug/dwarf2/pr41445-5.c scan-assembler DW_TAG_variable[^\\\\r\\\\n]*[\\\\r\\\\n]+[^\\\\r\\\\n]*"vari[^\\\\r\\\\n]*DW_AT_name([^\\\\r\\\\n]*[\\\\r\\\\n]+[^\\\\r\\\\n]*DW_AT_)*[^\\\\r\\\\n]*[\\\\r\\\\n]+[^\\\\r\\\\n]*[^0-9a-fA-FxX](0x)?7[^0-9a-fA-FxX][^\\\\r\\\\n]*DW_AT_decl_line
FAIL: gcc.dg/debug/dwarf2/pr41445-5.c scan-assembler DW_TAG_variable[^\\\\r\\\\n]*[\\\\r\\\\n]+[^\\\\r\\\\n]*"varj[^\\\\r\\\\n]*DW_AT_name([^\\\\r\\\\n]*[\\\\r\\\\n]+[^\\\\r\\\\n]*DW_AT_)*[^\\\\r\\\\n]*[\\\\r\\\\n]+[^\\\\r\\\\n]*[^0-9a-fA-FxX](0xa|10)[^0-9a-fA-FxX][^\\\\r\\\\n]*DW_AT_decl_line
FAIL: gcc.dg/debug/dwarf2/pr41445-6.c scan-assembler DW_TAG_variable[^\\\\r\\\\n]*[\\\\r\\\\n]+[^\\\\r\\\\n]*"vari[^\\\\r\\\\n]*DW_AT_name([^\\\\r\\\\n]*[\\\\r\\\\n]+[^\\\\r\\\\n]*DW_AT_)*[^\\\\r\\\\n]*[\\\\r\\\\n]+[^\\\\r\\\\n]*[^0-9a-fA-FxX](0x)?7[^0-9a-fA-FxX][^\\\\r\\\\n]*DW_AT_decl_line
FAIL: gcc.dg/debug/dwarf2/pr41445-6.c scan-assembler DW_TAG_variable[^\\\\r\\\\n]*[\\\\r\\\\n]+[^\\\\r\\\\n]*"varj[^\\\\r\\\\n]*DW_AT_name([^\\\\r\\\\n]*[\\\\r\\\\n]+[^\\\\r\\\\n]*DW_AT_)*[^\\\\r\\\\n]*[\\\\r\\\\n]+[^\\\\r\\\\n]*[^0-9a-fA-FxX](0xa|10)[^0-9a-fA-FxX][^\\\\r\\\\n]*DW_AT_decl_line
FAIL: gcc.dg/debug/dwarf2/struct-loc1.c scan-assembler DW_TAG_structure_type[^\\\\r\\\\n]*[\\\\r\\\\n]+[^\\\\r\\\\n]*"foo[^\\\\r\\\\n]*DW_AT_name([^\\\\r\\\\n]*[\\\\r\\\\n]+[^\\\\r\\\\n]*DW_AT_)*[^\\\\r\\\\n]*[\\\\r\\\\n]+[^\\\\r\\\\n]*[^0-9a-fA-FxX](0x)?6[^0-9a-fA-FxX][^\\\\r\\\\n]*DW_AT_decl_line
FAIL: gcc.dg/pr34668-1.c (internal compiler error)
FAIL: gcc.dg/pr34668-1.c (test for excess errors)
FAIL: gcc.dg/pr42427.c (test for excess errors)
FAIL: gcc.dg/uninit-pred-7_a.c bogus warning (test for bogus messages, line 26)
FAIL: gcc.dg/uninit-pred-8_a.c bogus warning (test for bogus messages, line 26)
FAIL: gcc.dg/uninit-pred-9_b.c bogus warning (test for bogus messages, line 24)
FAIL: gcc.dg/lto/20090126-1 c_lto_20090126-1_0.o-c_lto_20090126-1_0.o link, (internal compiler error)
UNRESOLVED: gcc.dg/lto/20090126-1 c_lto_20090126-1_0.o-c_lto_20090126-1_0.o execute -O0 -fwhopr
FAIL: gcc.dg/lto/20091216-1 c_lto_20091216-1_0.o-c_lto_20091216-1_0.o link
UNRESOLVED: gcc.dg/lto/20091216-1 c_lto_20091216-1_0.o-c_lto_20091216-1_0.o execute -O0 -fwhopr
FAIL: gcc.dg/lto/20091216-1 c_lto_20091216-1_0.o-c_lto_20091216-1_0.o link
UNRESOLVED: gcc.dg/lto/20091216-1 c_lto_20091216-1_0.o-c_lto_20091216-1_0.o execute -O2 -fwhopr
FAIL: gcc.dg/lto/20091216-1 c_lto_20091216-1_0.o-c_lto_20091216-1_0.o link
UNRESOLVED: gcc.dg/lto/20091216-1 c_lto_20091216-1_0.o-c_lto_20091216-1_0.o execute -O0 -flto
FAIL: gcc.dg/lto/20091216-1 c_lto_20091216-1_0.o-c_lto_20091216-1_0.o link
UNRESOLVED: gcc.dg/lto/20091216-1 c_lto_20091216-1_0.o-c_lto_20091216-1_0.o execute -O2 -flto
FAIL: gcc.dg/lto/20100423-2 c_lto_20100423-2_0.o-c_lto_20100423-2_1.o link
UNRESOLVED: gcc.dg/lto/20100423-2 c_lto_20100423-2_0.o-c_lto_20100423-2_1.o execute -O2 -flto
FAIL: gcc.dg/lto/20100423-2 c_lto_20100423-2_0.o-c_lto_20100423-2_1.o link
UNRESOLVED: gcc.dg/lto/20100423-2 c_lto_20100423-2_0.o-c_lto_20100423-2_1.o execute -O2 -fwhopr
FAIL: gcc.dg/lto/20100423-2 c_lto_20100423-2_0.o-c_lto_20100423-2_1.o link
UNRESOLVED: gcc.dg/lto/20100423-2 c_lto_20100423-2_0.o-c_lto_20100423-2_1.o execute -O3 -flto
FAIL: gcc.dg/lto/20100423-2 c_lto_20100423-2_0.o-c_lto_20100423-2_1.o link
UNRESOLVED: gcc.dg/lto/20100423-2 c_lto_20100423-2_0.o-c_lto_20100423-2_1.o execute -O3 -fwhopr
FAIL: gcc.dg/torture/fp-int-convert-float128-timode.c -O0 (test for excess errors)
WARNING: gcc.dg/torture/fp-int-convert-float128-timode.c -O0 compilation failed to produce executable
FAIL: gcc.dg/torture/fp-int-convert-float128-timode.c -O1 (test for excess errors)
WARNING: gcc.dg/torture/fp-int-convert-float128-timode.c -O1 compilation failed to produce executable
FAIL: gcc.dg/torture/fp-int-convert-float128-timode.c -O2 (test for excess errors)
WARNING: gcc.dg/torture/fp-int-convert-float128-timode.c -O2 compilation failed to produce executable
FAIL: gcc.dg/torture/fp-int-convert-float128-timode.c -O3 -fomit-frame-pointer (test for excess errors)
WARNING: gcc.dg/torture/fp-int-convert-float128-timode.c -O3 -fomit-frame-pointer compilation failed to produce executable
FAIL: gcc.dg/torture/fp-int-convert-float128-timode.c -O3 -g (test for excess errors)
WARNING: gcc.dg/torture/fp-int-convert-float128-timode.c -O3 -g compilation failed to produce executable
FAIL: gcc.dg/torture/fp-int-convert-float128-timode.c -Os (test for excess errors)
WARNING: gcc.dg/torture/fp-int-convert-float128-timode.c -Os compilation failed to produce executable
FAIL: gcc.dg/torture/fp-int-convert-float128-timode.c -O2 -flto (test for excess errors)
WARNING: gcc.dg/torture/fp-int-convert-float128-timode.c -O2 -flto compilation failed to produce executable
FAIL: gcc.dg/torture/fp-int-convert-float128-timode.c -O2 -fwhopr (test for excess errors)
WARNING: gcc.dg/torture/fp-int-convert-float128-timode.c -O2 -fwhopr compilation failed to produce executable
FAIL: gcc.dg/torture/fp-int-convert-float128.c -O0 (test for excess errors)
WARNING: gcc.dg/torture/fp-int-convert-float128.c -O0 compilation failed to produce executable
FAIL: gcc.dg/torture/fp-int-convert-float128.c -O1 (test for excess errors)
WARNING: gcc.dg/torture/fp-int-convert-float128.c -O1 compilation failed to produce executable
FAIL: gcc.dg/torture/fp-int-convert-float128.c -O2 (test for excess errors)
WARNING: gcc.dg/torture/fp-int-convert-float128.c -O2 compilation failed to produce executable
FAIL: gcc.dg/torture/fp-int-convert-float128.c -O3 -fomit-frame-pointer (test for excess errors)
WARNING: gcc.dg/torture/fp-int-convert-float128.c -O3 -fomit-frame-pointer compilation failed to produce executable
FAIL: gcc.dg/torture/fp-int-convert-float128.c -O3 -g (test for excess errors)
WARNING: gcc.dg/torture/fp-int-convert-float128.c -O3 -g compilation failed to produce executable
FAIL: gcc.dg/torture/fp-int-convert-float128.c -Os (test for excess errors)
WARNING: gcc.dg/torture/fp-int-convert-float128.c -Os compilation failed to produce executable
FAIL: gcc.dg/torture/fp-int-convert-float128.c -O2 -flto (test for excess errors)
WARNING: gcc.dg/torture/fp-int-convert-float128.c -O2 -flto compilation failed to produce executable
FAIL: gcc.dg/torture/fp-int-convert-float128.c -O2 -fwhopr (test for excess errors)
WARNING: gcc.dg/torture/fp-int-convert-float128.c -O2 -fwhopr compilation failed to produce executable
FAIL: gcc.dg/torture/stackalign/alloca-2.c -O0 execution test
FAIL: gcc.dg/torture/stackalign/alloca-3.c -O0 execution test
FAIL: gcc.dg/torture/stackalign/push-1.c -O0 execution test
FAIL: gcc.dg/torture/stackalign/push-1.c -O1 execution test
FAIL: gcc.dg/torture/stackalign/push-1.c -O2 execution test
FAIL: gcc.dg/torture/stackalign/push-1.c -O3 -fomit-frame-pointer execution test
FAIL: gcc.dg/torture/stackalign/push-1.c -O3 -g execution test
FAIL: gcc.dg/torture/stackalign/push-1.c -Os execution test
FAIL: gcc.dg/torture/stackalign/push-1.c -O2 -flto execution test
FAIL: gcc.dg/torture/stackalign/push-1.c -O2 -fwhopr execution test
FAIL: gcc.dg/torture/stackalign/vararg-3.c -O0 execution test
FAIL: gcc.dg/torture/stackalign/alloca-2.c -O0 execution test
FAIL: gcc.dg/torture/stackalign/alloca-3.c -O0 execution test
FAIL: gcc.dg/torture/stackalign/push-1.c -O0 execution test
FAIL: gcc.dg/torture/stackalign/push-1.c -O1 execution test
FAIL: gcc.dg/torture/stackalign/push-1.c -O2 execution test
FAIL: gcc.dg/torture/stackalign/push-1.c -O3 -fomit-frame-pointer execution test
FAIL: gcc.dg/torture/stackalign/push-1.c -O3 -g execution test
FAIL: gcc.dg/torture/stackalign/push-1.c -Os execution test
FAIL: gcc.dg/torture/stackalign/push-1.c -O2 -flto execution test
FAIL: gcc.dg/torture/stackalign/push-1.c -O2 -fwhopr execution test
FAIL: gcc.dg/torture/stackalign/vararg-3.c -O0 execution test
FAIL: gcc.dg/torture/stackalign/alloca-2.c -O0 execution test
FAIL: gcc.dg/torture/stackalign/alloca-3.c -O0 execution test
FAIL: gcc.dg/torture/stackalign/push-1.c -O0 execution test
FAIL: gcc.dg/torture/stackalign/push-1.c -O1 execution test
FAIL: gcc.dg/torture/stackalign/push-1.c -O2 execution test
FAIL: gcc.dg/torture/stackalign/push-1.c -O3 -fomit-frame-pointer execution test
FAIL: gcc.dg/torture/stackalign/push-1.c -O3 -g execution test
FAIL: gcc.dg/torture/stackalign/push-1.c -Os execution test
FAIL: gcc.dg/torture/stackalign/push-1.c -O2 -flto execution test
FAIL: gcc.dg/torture/stackalign/push-1.c -O2 -fwhopr execution test
FAIL: gcc.dg/torture/stackalign/vararg-3.c -O0 execution test
FAIL: gcc.dg/torture/stackalign/alloca-2.c -O0 execution test
FAIL: gcc.dg/torture/stackalign/alloca-3.c -O0 execution test
WARNING: program timed out.
FAIL: gcc.dg/torture/stackalign/nested-2.c -O3 -fomit-frame-pointer execution test
FAIL: gcc.dg/torture/stackalign/push-1.c -O0 execution test
FAIL: gcc.dg/torture/stackalign/push-1.c -O1 execution test
FAIL: gcc.dg/torture/stackalign/push-1.c -O2 execution test
FAIL: gcc.dg/torture/stackalign/push-1.c -O3 -fomit-frame-pointer execution test
FAIL: gcc.dg/torture/stackalign/push-1.c -O3 -g execution test
FAIL: gcc.dg/torture/stackalign/push-1.c -Os execution test
FAIL: gcc.dg/torture/stackalign/push-1.c -O2 -flto execution test
FAIL: gcc.dg/torture/stackalign/push-1.c -O2 -fwhopr execution test
FAIL: gcc.dg/torture/stackalign/vararg-3.c -O0 execution test
XPASS: gcc.dg/tree-ssa/20040204-1.c scan-tree-dump-times optimized "link_error" 0
FAIL: gcc.dg/tree-ssa/ltrans-1.c scan-tree-dump-times ltrans "converted loop nest to perfect loop nest" 1
FAIL: gcc.dg/tree-ssa/ltrans-1.c scan-tree-dump-times ltrans "transformed loop" 1
FAIL: gcc.dg/tree-ssa/ltrans-3.c scan-tree-dump-times ltrans "transformed loop" 1
FAIL: gcc.dg/tree-ssa/ltrans-4.c scan-tree-dump-times ltrans "transformed loop" 1
FAIL: gcc.dg/tree-ssa/ltrans-5.c scan-tree-dump-times ltrans "transformed loop" 1
FAIL: gcc.dg/tree-ssa/ltrans-6.c scan-tree-dump-times ltrans "transformed loop" 1
FAIL: gcc.dg/tree-ssa/ltrans-8.c scan-tree-dump-times ltrans "transformed loop" 1
FAIL: gcc.dg/tree-ssa/vrp47.c scan-tree-dump-times vrp1 "[xy][^ ]* !=" 0
FAIL: gcc.dg/tree-ssa/vrp47.c scan-tree-dump-times dom1 "x[^ ]* & y" 1
FAIL: gcc.dg/tree-ssa/vrp47.c scan-tree-dump-times vrp1 "x[^ ]* [|] y" 1
FAIL: gcc.target/i386/abi-1.c scan-assembler-times xmm0 1
XPASS: gcc.target/i386/builtin-apply-mmx.c execution test
FAIL: gcc.target/i386/pr22076.c scan-assembler-times movq 3
FAIL: gcc.target/i386/pr22076.c scan-assembler-not movl
FAIL: gcc.target/i386/pr39315-2.c execution test
FAIL: gcc.target/i386/pr39315-4.c execution test
=== gcc Summary ===
# of expected passes 69706
# of unexpected failures 146
# of unexpected successes 2
# of expected failures 163
# of unresolved testcases 9
# of unsupported tests 756
/users/joel/test-gcc/b-gcc1-i386/gcc/xgcc version 4.6.0 20100428 (experimental) [trunk revision 158844] (GCC)
Host is x86_64-unknown-linux-gnu
=== g++ tests ===
Running target rtems-i386-qemu
FAIL: g++.dg/debug/dwarf2/enum1.C scan-assembler-times DIE[^\\n\\r]*DW_TAG_enumeration_type 3
FAIL: g++.dg/debug/dwarf2/enum1.C scan-assembler-times DW_AT_enum_class 2
FAIL: g++.dg/debug/dwarf2/explicit-constructor.C scan-assembler-times DW_AT_explicit 2
FAIL: g++.dg/debug/dwarf2/global-used-types-1.C scan-assembler-times DIE \\\\(0x.*?\\\\) DW_TAG_enumeration_type 1
FAIL: g++.dg/debug/dwarf2/global-used-types-1.C scan-assembler-times DIE \\\\(0x.*?\\\\) DW_TAG_enumerator 2
FAIL: g++.dg/debug/dwarf2/global-used-types-1.C scan-assembler-times ascii "a.0"[\\t ]+.*?DW_AT_name 1
FAIL: g++.dg/debug/dwarf2/global-used-types-1.C scan-assembler-times ascii "b.0"[\\t ]+.*?DW_AT_name 1
FAIL: g++.dg/debug/dwarf2/imported-module-2.C scan-assembler DW_TAG_imported_module
FAIL: g++.dg/debug/dwarf2/imported-module-3.C scan-assembler DW_TAG_imported_module
FAIL: g++.dg/debug/dwarf2/imported-module-4.C scan-assembler DW_TAG_imported_module
FAIL: g++.dg/debug/dwarf2/namespace-1.C scan-assembler-times DIE +\\\\(.*?\\\\) DW_TAG_namespace 1
FAIL: g++.dg/debug/dwarf2/namespace-1.C scan-assembler-times "not_emitted.0".*?DW_AT_name 1
FAIL: g++.dg/debug/dwarf2/namespace-1.C scan-assembler-times DIE +\\\\(.*?\\\\) DW_TAG_typedef 1
FAIL: g++.dg/debug/dwarf2/namespace-1.C scan-assembler-times .ascii "T.0"[\\t ]+.*?DW_AT_name 1
FAIL: g++.dg/debug/dwarf2/nested-1.C scan-assembler DW_TAG_typedef
FAIL: g++.dg/debug/dwarf2/pubnames-1.C scan-assembler-times .section[\\t ].*?debug_pubnames 1
FAIL: g++.dg/debug/dwarf2/pubnames-1.C scan-assembler-times "main.0".*external name 1
FAIL: g++.dg/debug/dwarf2/pubnames-1.C scan-assembler-times "ns::ns_x.*external name 1
FAIL: g++.dg/debug/dwarf2/pubnames-1.C scan-assembler-times "y::y_x.*external name 1
FAIL: g++.dg/debug/dwarf2/redeclaration-1.C scan-assembler-times [^\\n\\r]*\\\\(DIE [^\\n\\r]*DW_TAG_lexical_block\\\\)[\\n\\r]{1,2}[^\\n\\r]*DW_AT_low_pc[\\n\\r]{1,2}[^\\n\\r]*DW_AT_high_pc[\\n\\r]{1,2}[^\\n\\r]*\\\\(DIE [^\\n\\r]*DW_TAG_variable\\\\)[\\n\\r]{1,2}[^\\n\\r]*DW_AT_name 2
FAIL: g++.dg/debug/dwarf2/static-data-member1.C scan-assembler DW_TAG_member[^\\n\\r]*[\\n\\r]*[^\\n\\r]*staticdatamember[^\\n\\r]*DW_AT_name
FAIL: g++.dg/debug/dwarf2/static-data-member1.C scan-assembler DW_TAG_variable[^\\n\\r]*[\\n\\r]*[^\\n\\r]*DW_AT_specification
FAIL: g++.dg/debug/dwarf2/static-local-var-in-ctor.C scan-assembler DW_OP_addr[^\\n\\r]*[\\n\\r]*[^\\n\\r]*staticvar1
FAIL: g++.dg/debug/dwarf2/static-local-var-in-ctor.C scan-assembler DW_OP_addr[^\\n\\r]*[\\n\\r]*[^\\n\\r]*staticvar2
FAIL: g++.dg/debug/dwarf2/template-func-params-1.C scan-assembler DW_TAG_template_type_param
FAIL: g++.dg/debug/dwarf2/template-func-params-1.C scan-assembler U.*DW_AT_name
FAIL: g++.dg/debug/dwarf2/template-func-params-2.C scan-assembler DW_TAG_template_value_param
FAIL: g++.dg/debug/dwarf2/template-func-params-2.C scan-assembler i.*DW_AT_name
FAIL: g++.dg/debug/dwarf2/template-func-params-2.C scan-assembler 3.*DW_AT_const_value
FAIL: g++.dg/debug/dwarf2/template-func-params-3.C scan-assembler DW_TAG_template_value_param
FAIL: g++.dg/debug/dwarf2/template-func-params-3.C scan-assembler f.*DW_AT_name
FAIL: g++.dg/debug/dwarf2/template-func-params-3.C scan-assembler DW_AT_location[^\\\\r\\\\n]*[\\\\r\\\\n]*[^\\\\r\\\\n]*DW_OP_addr[^\\\\r\\\\n]*[\\\\r\\\\n]*[^\\\\r\\\\n]*_Z4blehv[^\\\\r\\\\n]*[\\\\r\\\\n]*[^\\\\r\\\\n]*DW_OP_stack_value
FAIL: g++.dg/debug/dwarf2/template-func-params-4.C scan-assembler-times DIE \\\\(0x.*?\\\\) DW_TAG_GNU_template_parameter_pack 1
FAIL: g++.dg/debug/dwarf2/template-func-params-4.C scan-assembler-times DIE \\\\(0x.*?\\\\) DW_TAG_template_type_param 3
FAIL: g++.dg/debug/dwarf2/template-func-params-5.C scan-assembler DW_TAG_template_type_param
FAIL: g++.dg/debug/dwarf2/template-func-params-5.C scan-assembler T.*DW_AT_name
FAIL: g++.dg/debug/dwarf2/template-func-params-6.C scan-assembler-times DW_TAG_GNU_template_template_param 2
FAIL: g++.dg/debug/dwarf2/template-func-params-6.C scan-assembler-times "vector.0".*?DW_AT_GNU_template_name 1
FAIL: g++.dg/debug/dwarf2/template-func-params-6.C scan-assembler-times .ascii "U.0".*?DW_AT_name 1
FAIL: g++.dg/debug/dwarf2/template-func-params-7.C scan-assembler-times DIE \\\\(0x.*?\\\\) DW_TAG_subprogram 5
FAIL: g++.dg/debug/dwarf2/template-func-params-7.C scan-assembler-times DIE \\\\(0x.*?\\\\) DW_TAG_template_type_param 6
FAIL: g++.dg/debug/dwarf2/template-func-params-7.C scan-assembler-times "printf<int, char, int>.0".*?DW_AT_name 1
FAIL: g++.dg/debug/dwarf2/template-func-params-7.C scan-assembler-times "printf<char, int>.0".*?DW_AT_name 1
FAIL: g++.dg/debug/dwarf2/template-func-params-7.C scan-assembler-times "printf<int>.0".*?DW_AT_name 1
FAIL: g++.dg/debug/dwarf2/template-func-params-7.C scan-assembler-times "printf.0".*?DW_AT_name 1
FAIL: g++.dg/debug/dwarf2/template-func-params-7.C scan-assembler-times DIE \\\\(0x.*?\\\\) DW_TAG_GNU_template_parameter_pack 3
FAIL: g++.dg/debug/dwarf2/template-func-params-7.C scan-assembler-times DIE \\\\(0x.*?\\\\) DW_TAG_GNU_formal_parameter_pack 3
FAIL: g++.dg/debug/dwarf2/template-params-1.C scan-assembler DW_TAG_template_type_param
FAIL: g++.dg/debug/dwarf2/template-params-1.C scan-assembler U.*DW_AT_name
FAIL: g++.dg/debug/dwarf2/template-params-2.C scan-assembler DW_TAG_template_value_param
FAIL: g++.dg/debug/dwarf2/template-params-2.C scan-assembler i.*DW_AT_name
FAIL: g++.dg/debug/dwarf2/template-params-2.C scan-assembler 3.*DW_AT_const_value
FAIL: g++.dg/debug/dwarf2/template-params-3.C scan-assembler DW_TAG_template_value_param
FAIL: g++.dg/debug/dwarf2/template-params-3.C scan-assembler f.*DW_AT_name
FAIL: g++.dg/debug/dwarf2/template-params-3.C scan-assembler DW_AT_location[^\\\\r\\\\n]*[\\\\r\\\\n]*[^\\\\r\\\\n]*DW_OP_addr[^\\\\r\\\\n]*[\\\\r\\\\n]*[^\\\\r\\\\n]*_Z4blehv[^\\\\r\\\\n]*[\\\\r\\\\n]*[^\\\\r\\\\n]*DW_OP_stack_value
FAIL: g++.dg/debug/dwarf2/template-params-4.C scan-assembler-times DIE \\\\(0x.*?\\\\) DW_TAG_GNU_template_parameter_pack 1
FAIL: g++.dg/debug/dwarf2/template-params-4.C scan-assembler-times DIE \\\\(0x.*?\\\\) DW_TAG_template_type_param 3
FAIL: g++.dg/debug/dwarf2/template-params-5.C scan-assembler DW_TAG_template_type_param
FAIL: g++.dg/debug/dwarf2/template-params-5.C scan-assembler T.*DW_AT_name
FAIL: g++.dg/debug/dwarf2/template-params-6.C scan-assembler-times DW_TAG_GNU_template_template_param 2
FAIL: g++.dg/debug/dwarf2/template-params-6.C scan-assembler-times "vector.0".*?DW_AT_GNU_template_name 1
FAIL: g++.dg/debug/dwarf2/template-params-6.C scan-assembler-times .ascii "U.0".*?DW_AT_name 1
FAIL: g++.dg/debug/dwarf2/template-params-7.C scan-assembler-times DIE \\\\(0x.*?\\\\) DW_TAG_GNU_template_parameter_pack 1
FAIL: g++.dg/debug/dwarf2/typedef1.C scan-assembler-times DW_TAG_structure_type 2
FAIL: g++.dg/debug/dwarf2/typedef1.C scan-assembler-times DW_AT_name: "foo<1u>"|"foo<1u>..".*DW_AT_name 1
FAIL: g++.dg/debug/dwarf2/typedef1.C scan-assembler-times DW_TAG_enumeration_type 2
FAIL: g++.dg/debug/dwarf2/typedef1.C scan-assembler-times DW_AT_name: "typedef foo<1u>::type type"|"typedef foo<1u>::type type..".*DW_AT_name 1
FAIL: g++.dg/debug/dwarf2/typedef1.C scan-assembler-times DIE (.*) DW_TAG_enumeration_type 2
FAIL: g++.dg/debug/dwarf2/typedef1.C scan-assembler-times "e0..".*DW_AT_name 1
FAIL: g++.dg/debug/dwarf2/typedef1.C scan-assembler-times "e1..".*DW_AT_name 1
FAIL: g++.dg/debug/dwarf2/typedef2.C scan-assembler-times [^\\n\\r]*\\\\(DIE[^\\n\\r]*DW_TAG_formal_parameter\\\\)[\\n\\r]{1,2}[^\\n\\r]*DW_AT_type[\\n\\r]{1,2} 1
FAIL: g++.dg/cpp/_Pragma1.C (test for excess errors)
FAIL: g++.dg/eh/simd-2.C (test for excess errors)
WARNING: g++.dg/eh/simd-2.C compilation failed to produce executable
FAIL: g++.dg/init/struct2.C (internal compiler error)
FAIL: g++.dg/init/struct2.C (test for excess errors)
FAIL: g++.dg/other/unused1.C scan-assembler (string|ascii?)z?[\\t ]"printer("|\\\\\\\\0)
FAIL: g++.dg/pch/array-1.C -g assembly comparison
FAIL: g++.dg/pch/array-1.C -O2 -g assembly comparison
FAIL: g++.dg/pch/externc-1.C -g assembly comparison
FAIL: g++.dg/pch/externc-1.C -O2 -g assembly comparison
FAIL: g++.dg/pch/static-1.C -g assembly comparison
FAIL: g++.dg/pch/static-1.C -O2 -g assembly comparison
FAIL: g++.dg/pch/system-1.C -g assembly comparison
FAIL: g++.dg/pch/system-1.C -O2 -g assembly comparison
FAIL: g++.dg/pch/system-2.C -g assembly comparison
FAIL: g++.dg/pch/system-2.C -O2 -g assembly comparison
FAIL: g++.dg/pch/uninst.C -g assembly comparison
FAIL: g++.dg/pch/uninst.C -O2 -g assembly comparison
FAIL: g++.dg/pch/wchar-1.C -g assembly comparison
FAIL: g++.dg/pch/wchar-1.C -O2 -g assembly comparison
XPASS: g++.old-deja/g++.other/init19.C execution test
=== g++ Summary ===
# of expected passes 22152
# of unexpected failures 90
# of unexpected successes 1
# of expected failures 153
# of unsupported tests 170
/users/joel/test-gcc/b-gcc1-i386/gcc/testsuite/g++/../../g++ version 4.6.0 20100428 (experimental) [trunk revision 158844] (GCC)
Compiler version: 4.6.0 20100428 (experimental) [trunk revision 158844] (GCC)
Platform: i386-pc-rtems4.10
configure flags: --enable-threads=rtems --with-gnu-as --enable-multilib --enable-newlib-mb --enable-newlib-iconv --with-gnu-ld --with-newlib --verbose --with-system-zlib --disable-nls --enable-version-specific-runtime-libs --enable-languages=c,c++ --target=i386-rtems4.10 --prefix=/users/joel/test-gcc/install-svn
More information about the Gcc-testresults
mailing list