Results for 4.5.0 20100329 (experimental) [trunk revision 157806] (GCC) testsuite on hppa64-hp-hpux11.11
John David Anglin
dave@hiauly3.hia.nrc.ca
Wed Mar 31 01:06:00 GMT 2010
Native configuration is hppa64-hp-hpux11.11
=== g++ tests ===
Running target unix
FAIL: c-c++-common/raw-string-1.c execution test
=== g++ Summary ===
# of expected passes 20998
# of unexpected failures 1
# of expected failures 153
# of unsupported tests 238
/test/gnu/gcc/objdir/gcc/testsuite/g++/../../g++ version 4.5.0 20100329 (experimental) [trunk revision 157806] (GCC)
=== gcc tests ===
Running target unix
WARNING: program timed out.
FAIL: gcc.c-torture/compile/limits-fnargs.c -O3 -g (test for excess errors)
XPASS: gcc.dg/funcorder.c scan-assembler-not link_error,%r
FAIL: gcc.dg/pr34668-1.c (internal compiler error)
FAIL: gcc.dg/pr34668-1.c (test for excess errors)
FAIL: c-c++-common/raw-string-1.c -Wc++-compat execution test
WARNING: program timed out.
FAIL: gcc.dg/lto/20090116 c_lto_20090116_0.o-c_lto_20090116_0.o link, (internal compiler error)
UNRESOLVED: gcc.dg/lto/20090116 c_lto_20090116_0.o-c_lto_20090116_0.o execute -O1 -fwhopr -fPIC
FAIL: gcc.dg/lto/20090313 c_lto_20090313_0.o-c_lto_20090313_0.o link
UNRESOLVED: gcc.dg/lto/20090313 c_lto_20090313_0.o-c_lto_20090313_0.o execute -O0 -fwhopr
FAIL: gcc.dg/lto/20090313 c_lto_20090313_0.o-c_lto_20090313_0.o link
UNRESOLVED: gcc.dg/lto/20090313 c_lto_20090313_0.o-c_lto_20090313_0.o execute -O2 -fwhopr
FAIL: gcc.dg/lto/20090313 c_lto_20090313_0.o-c_lto_20090313_0.o link
UNRESOLVED: gcc.dg/lto/20090313 c_lto_20090313_0.o-c_lto_20090313_0.o execute -O0 -flto
FAIL: gcc.dg/lto/20090313 c_lto_20090313_0.o-c_lto_20090313_0.o link
UNRESOLVED: gcc.dg/lto/20090313 c_lto_20090313_0.o-c_lto_20090313_0.o execute -O2 -flto
FAIL: gcc.dg/lto/20090914-1 c_lto_20090914-1_0.o assemble, -flto -g -fvar-tracking-assignments (internal compiler error)
UNRESOLVED: gcc.dg/lto/20090914-1 c_lto_20090914-1_0.o-c_lto_20090914-1_0.o link -flto
UNRESOLVED: gcc.dg/lto/20090914-1 c_lto_20090914-1_0.o-c_lto_20090914-1_0.o execute -flto
=== gcc Summary ===
# of expected passes 61677
# of unexpected failures 10
# of unexpected successes 1
# of expected failures 89
# of unresolved testcases 7
# of unsupported tests 787
/test/gnu/gcc/objdir/gcc/xgcc version 4.5.0 20100329 (experimental) [trunk revision 157806] (GCC)
=== gfortran tests ===
Running target unix
=== gfortran Summary ===
# of expected passes 32928
# of expected failures 21
# of unsupported tests 285
/test/gnu/gcc/objdir/gcc/testsuite/gfortran/../../gfortran version 4.5.0 20100329 (experimental) [trunk revision 157806] (GCC)
=== obj-c++ tests ===
Running target unix
WARNING: obj-c++.dg/lookup-2.mm -fgnu-runtime compilation failed to produce executable
WARNING: obj-c++.dg/try-catch-2.mm -fgnu-runtime compilation failed to produce executable
WARNING: obj-c++.dg/try-catch-9.mm -fgnu-runtime compilation failed to produce executable
=== obj-c++ Summary ===
# of expected passes 429
# of expected failures 18
# of unsupported tests 13
/test/gnu/gcc/objdir/gcc/testsuite/obj-c++/../../g++ version 4.5.0 20100329 (experimental) [trunk revision 157806] (GCC)
=== objc tests ===
Running target unix
=== objc Summary ===
# of expected passes 1866
# of expected failures 15
# of unsupported tests 22
/test/gnu/gcc/objdir/gcc/xgcc version 4.5.0 20100329 (experimental) [trunk revision 157806] (GCC)
=== libgomp tests ===
Running target unix
=== libgomp Summary ===
# of expected passes 2442
# of unsupported tests 9
=== libstdc++ tests ===
Running target unix
FAIL: ext/profile/all.cc (test for excess errors)
=== libstdc++ Summary ===
# of expected passes 6326
# of unexpected failures 1
# of expected failures 89
# of unsupported tests 616
Compiler version: 4.5.0 20100329 (experimental) [trunk revision 157806] (GCC)
Platform: hppa64-hp-hpux11.11
configure flags:Test Run By dave on Tue Mar 30 11:22:22 2010
More information about the Gcc-testresults
mailing list