Results for 4.5.0 20100325 (experimental) [trunk revision 157731] (GCC) testsuite on i686-apple-darwin9
IainS
developer@sandoe-acoustics.co.uk
Fri Mar 26 08:36:00 GMT 2010
uname -v : Darwin Kernel Version 9.8.0: Wed Jul 15 16:55:01 PDT 2009;
root:xnu-1228.15.4~1/RELEASE_I386
arch : i386 machine : i486
BOOTSTRAPped with gcc version 4.0.1 (Apple Inc. build 5493)
ld: @(#)PROGRAM:ld PROJECT:ld64-85.2.1
@(#)PROGRAM:dsymutil PROJECT:dwarfutils-70
m4 (GNU M4) 1.4.13
autoconf (GNU Autoconf) 2.64
automake (GNU automake) 1.11
dejagnu - setting timeout default to 30s
Expect version is 5.43.0
Tcl version is 8.5
Framework version is 1.4.4
GMP version 4.3.2, MPFR version 2.4.2, MPC version 0.8.1
box description: Dual 4Core Xeon
LAST_UPDATED: Thu 25 Mar 2010 22:30:38 UTC (revision 157731)
Native configuration is i686-apple-darwin9
=== g++ tests ===
Running target unix/-m32
FAIL: g++.dg/abi/mangle40.C scan-assembler weak[^\\n]*_Z1fIDv4_fEvT_
FAIL: g++.dg/abi/mangle40.C scan-assembler weak[^\\n]*_ZN1AIDv4_fE1tE
WARNING: g++.dg/ext/label13.C compilation failed to produce executable
=== g++ Summary for unix/-m32 ===
# of expected passes 21655
# of unexpected failures 2
# of expected failures 150
# of unsupported tests 180
Running target unix/-m64
FAIL: g++.dg/abi/mangle40.C scan-assembler weak[^\\n]*_Z1fIDv4_fEvT_
FAIL: g++.dg/abi/mangle40.C scan-assembler weak[^\\n]*_ZN1AIDv4_fE1tE
WARNING: g++.dg/ext/label13.C compilation failed to produce executable
=== g++ Summary for unix/-m64 ===
# of expected passes 21341
# of unexpected failures 2
# of expected failures 150
# of unsupported tests 328
=== g++ Summary ===
# of expected passes 42996
# of unexpected failures 4
# of expected failures 300
# of unsupported tests 508
/Volumes/ScratchCS/gcc-4-5-trunk-build/gcc/testsuite/g++/../../g++
version 4.5.0 20100325 (experimental) [trunk revision 157731] (GCC)
=== gcc tests ===
Running target unix/-m32
FAIL: gcc.dg/debug/dwarf2/aranges-fnsec-1.c scan-assembler DW_AT_ranges
FAIL: gcc.dg/pr34668-1.c (internal compiler error)
FAIL: gcc.dg/pr34668-1.c (test for excess errors)
=== gcc Summary for unix/-m32 ===
# of expected passes 58946
# of unexpected failures 3
# of expected failures 166
# of unsupported tests 1186
Running target unix/-m64
FAIL: gcc.dg/debug/dwarf2/aranges-fnsec-1.c scan-assembler DW_AT_ranges
FAIL: gcc.dg/pr34668-1.c (internal compiler error)
FAIL: gcc.dg/pr34668-1.c (test for excess errors)
=== gcc Summary for unix/-m64 ===
# of expected passes 58578
# of unexpected failures 3
# of expected failures 167
# of unsupported tests 1459
=== gcc Summary ===
# of expected passes 117524
# of unexpected failures 6
# of expected failures 333
# of unsupported tests 2645
/Volumes/ScratchCS/gcc-4-5-trunk-build/gcc/xgcc version 4.5.0
20100325 (experimental) [trunk revision 157731] (GCC)
=== gfortran tests ===
Running target unix/-m32
=== gfortran Summary for unix/-m32 ===
# of expected passes 33613
# of expected failures 29
# of unsupported tests 143
Running target unix/-m64
=== gfortran Summary for unix/-m64 ===
# of expected passes 33758
# of expected failures 29
# of unsupported tests 75
=== gfortran Summary ===
# of expected passes 67371
# of expected failures 58
# of unsupported tests 218
/Volumes/ScratchCS/gcc-4-5-trunk-build/gcc/testsuite/gfortran/../../
gfortran version 4.5.0 20100325 (experimental) [trunk revision
157731] (GCC)
=== obj-c++ tests ===
Running target unix/-m32
FAIL: obj-c++.dg/bitfield-3.mm -fgnu-runtime execution test
FAIL: obj-c++.dg/comp-types-10.mm -fgnu-runtime (internal compiler
error)
WARNING: obj-c++.dg/lookup-2.mm -fgnu-runtime compilation failed to
produce executable
FAIL: obj-c++.dg/objc-gc-3.mm -fgnu-runtime (internal compiler error)
FAIL: obj-c++.dg/objc-gc-3.mm -fgnu-runtime (test for excess errors)
FAIL: obj-c++.dg/stubify-2.mm -fgnu-runtime (test for excess errors)
ERROR: obj-c++.dg/stubify-2.mm: error executing dg-final: couldn't
open "stubify-2.mm.08.jump": no such file or directory
UNRESOLVED: obj-c++.dg/stubify-2.mm: error executing dg-final:
couldn't open "stubify-2.mm.08.jump": no such file or directory
WARNING: obj-c++.dg/try-catch-2.mm -fgnu-runtime compilation failed to
produce executable
WARNING: obj-c++.dg/try-catch-9.mm -fgnu-runtime compilation failed to
produce executable
XPASS: obj-c++.dg/cxx-ivars-2.mm -fnext-runtime execution test
FAIL: obj-c++.dg/cxx-ivars-3.mm -fnext-runtime execution test
XPASS: obj-c++.dg/encode-8.mm -fnext-runtime execution test
XPASS: obj-c++.dg/isa-field-1.mm -fnext-runtime (test for excess errors)
XPASS: obj-c++.dg/lookup-2.mm -fnext-runtime (test for excess errors)
FAIL: obj-c++.dg/stubify-2.mm -fnext-runtime (test for excess errors)
ERROR: obj-c++.dg/stubify-2.mm: error executing dg-final: couldn't
open "stubify-2.mm.08.jump": no such file or directory
UNRESOLVED: obj-c++.dg/stubify-2.mm: error executing dg-final:
couldn't open "stubify-2.mm.08.jump": no such file or directory
XPASS: obj-c++.dg/try-catch-2.mm -fnext-runtime (test for excess errors)
XPASS: obj-c++.dg/try-catch-9.mm -fnext-runtime (test for excess errors)
=== obj-c++ Summary for unix/-m32 ===
# of expected passes 903
# of unexpected failures 7
# of unexpected successes 6
# of expected failures 12
# of unresolved testcases 2
# of unsupported tests 10
Running target unix/-m64
FAIL: obj-c++.dg/bitfield-3.mm -fgnu-runtime execution test
FAIL: obj-c++.dg/comp-types-10.mm -fgnu-runtime (internal compiler
error)
WARNING: obj-c++.dg/lookup-2.mm -fgnu-runtime compilation failed to
produce executable
FAIL: obj-c++.dg/objc-gc-3.mm -fgnu-runtime (internal compiler error)
FAIL: obj-c++.dg/objc-gc-3.mm -fgnu-runtime (test for excess errors)
FAIL: obj-c++.dg/stubify-2.mm -fgnu-runtime (test for excess errors)
ERROR: obj-c++.dg/stubify-2.mm: error executing dg-final: couldn't
open "stubify-2.mm.08.jump": no such file or directory
UNRESOLVED: obj-c++.dg/stubify-2.mm: error executing dg-final:
couldn't open "stubify-2.mm.08.jump": no such file or directory
WARNING: obj-c++.dg/try-catch-2.mm -fgnu-runtime compilation failed to
produce executable
WARNING: obj-c++.dg/try-catch-9.mm -fgnu-runtime compilation failed to
produce executable
FAIL: obj-c++.dg/bitfield-2.mm -fnext-runtime execution test
FAIL: obj-c++.dg/const-str-10.mm scan-assembler .long\
\t__NSConstantStringClassReference\\n\\t.long\\t.*\\n\\t.long\\t5\\n\
\t.data
FAIL: obj-c++.dg/const-str-11.mm scan-assembler .long\
\t__XStrClassReference\\n\\t.long\\t.*\\n\\t.long\\t5\\n\\t.data
FAIL: obj-c++.dg/const-str-3.mm -fnext-runtime execution test
FAIL: obj-c++.dg/const-str-7.mm -fnext-runtime execution test
FAIL: obj-c++.dg/const-str-9.mm scan-assembler .long\
\t__NSConstantStringClassReference\\n\\t.long\\t.*\\n\\t.long\\t5\\n\
\t.data
FAIL: obj-c++.dg/cxx-ivars-1.mm -fnext-runtime execution test
XPASS: obj-c++.dg/encode-8.mm -fnext-runtime execution test
FAIL: obj-c++.dg/except-1.mm -fnext-runtime execution test
XPASS: obj-c++.dg/isa-field-1.mm -fnext-runtime (test for excess errors)
XPASS: obj-c++.dg/lookup-2.mm -fnext-runtime (test for excess errors)
FAIL: obj-c++.dg/stubify-2.mm -fnext-runtime (test for excess errors)
ERROR: obj-c++.dg/stubify-2.mm: error executing dg-final: couldn't
open "stubify-2.mm.08.jump": no such file or directory
UNRESOLVED: obj-c++.dg/stubify-2.mm: error executing dg-final:
couldn't open "stubify-2.mm.08.jump": no such file or directory
WARNING: obj-c++.dg/try-catch-2.mm -fnext-runtime compilation failed
to produce executable
WARNING: obj-c++.dg/try-catch-9.mm -fnext-runtime compilation failed
to produce executable
=== obj-c++ Summary for unix/-m64 ===
# of expected passes 860
# of unexpected failures 14
# of unexpected successes 3
# of expected failures 49
# of unresolved testcases 2
# of unsupported tests 10
=== obj-c++ Summary ===
# of expected passes 1763
# of unexpected failures 21
# of unexpected successes 9
# of expected failures 61
# of unresolved testcases 4
# of unsupported tests 20
/Volumes/ScratchCS/gcc-4-5-trunk-build/gcc/testsuite/obj-c++/../../g+
+ version 4.5.0 20100325 (experimental) [trunk revision 157731] (GCC)
=== objc tests ===
Running target unix/-m32
FAIL: objc/execute/exceptions/catchall-1.m execution, -O3 -fomit-
frame-pointer -fnext-runtime
FAIL: objc/execute/exceptions/catchall-1.m execution, -O3 -g -fnext-
runtime
FAIL: objc/execute/exceptions/local-variables-1.m execution, -O3 -
fomit-frame-pointer -fnext-runtime
FAIL: objc/execute/exceptions/local-variables-1.m execution, -O3 -g -
fnext-runtime
FAIL: objc.dg/objc-gc-4.m -fgnu-runtime (internal compiler error)
FAIL: objc.dg/objc-gc-4.m -fgnu-runtime (test for excess errors)
FAIL: objc.dg/headers.m -fnext-runtime (test for excess errors)
FAIL: objc.dg/no-extra-load.m -fnext-runtime (test for excess errors)
ERROR: objc.dg/no-extra-load.m: error executing dg-final: couldn't
open "no-extra-load.s": no such file or directory
UNRESOLVED: objc.dg/no-extra-load.m: error executing dg-final:
couldn't open "no-extra-load.s": no such file or directory
FAIL: objc.dg/stret-2.m scan-assembler objc_msgSend_stret
FAIL: objc.dg/stret-2.m scan-assembler-not objc_msgSend[^_S]
FAIL: objc.dg/stret-2.m scan-assembler-not objc_msgSendSuper[^_]
FAIL: objc.dg/stubify-1.m -fnext-runtime (test for excess errors)
ERROR: objc.dg/stubify-1.m: error executing dg-final: couldn't open
"stubify-1.s": no such file or directory
UNRESOLVED: objc.dg/stubify-1.m: error executing dg-final: couldn't
open "stubify-1.s": no such file or directory
FAIL: objc.dg/stubify-2.m -fnext-runtime (test for excess errors)
FAIL: objc.dg/stubify-2.m -fnext-runtime scan-rtl-dump-not jump
"symbol_ref.*"objc_msgSend"": dump file does not exist
FAIL: objc.dg/symtab-1.m scan-assembler L_OBJC_SYMBOLS.*:\\n\\t.long\
\t0\\n\\t.long\\t0\\n\\t.short\\t2\\n\\t.short\\t0\\n\\t.long\
\tL_OBJC_CLASS_Derived.*\\n\\t.long\\tL_OBJC_CLASS_Base.*\\n
=== objc Summary for unix/-m32 ===
# of expected passes 3696
# of unexpected failures 15
# of expected failures 7
# of unresolved testcases 2
# of unsupported tests 24
Running target unix/-m64
FAIL: objc.dg/objc-gc-4.m -fgnu-runtime (internal compiler error)
FAIL: objc.dg/objc-gc-4.m -fgnu-runtime (test for excess errors)
FAIL: objc.dg/headers.m -fnext-runtime (test for excess errors)
FAIL: objc.dg/next-runtime-1.m scan-assembler L_OBJC_MODULES:\\n[ \
\t]*.long\\t6\\n
FAIL: objc.dg/no-extra-load.m -fnext-runtime (test for excess errors)
ERROR: objc.dg/no-extra-load.m: error executing dg-final: couldn't
open "no-extra-load.s": no such file or directory
UNRESOLVED: objc.dg/no-extra-load.m: error executing dg-final:
couldn't open "no-extra-load.s": no such file or directory
FAIL: objc.dg/stret-2.m scan-assembler objc_msgSend_stret
FAIL: objc.dg/stret-2.m scan-assembler-not objc_msgSend[^_S]
FAIL: objc.dg/stret-2.m scan-assembler-not objc_msgSendSuper[^_]
FAIL: objc.dg/stubify-1.m -fnext-runtime (test for excess errors)
ERROR: objc.dg/stubify-1.m: error executing dg-final: couldn't open
"stubify-1.s": no such file or directory
UNRESOLVED: objc.dg/stubify-1.m: error executing dg-final: couldn't
open "stubify-1.s": no such file or directory
FAIL: objc.dg/stubify-2.m -fnext-runtime (test for excess errors)
FAIL: objc.dg/stubify-2.m -fnext-runtime scan-rtl-dump-not jump
"symbol_ref.*"objc_msgSend"": dump file does not exist
FAIL: objc.dg/symtab-1.m scan-assembler L_OBJC_SYMBOLS.*:\\n\\t.long\
\t0\\n\\t.long\\t0\\n\\t.short\\t2\\n\\t.short\\t0\\n\\t.long\
\tL_OBJC_CLASS_Derived.*\\n\\t.long\\tL_OBJC_CLASS_Base.*\\n
=== objc Summary for unix/-m64 ===
# of expected passes 2425
# of unexpected failures 12
# of expected failures 40
# of unresolved testcases 2
# of unsupported tests 25
=== objc Summary ===
# of expected passes 6121
# of unexpected failures 27
# of expected failures 47
# of unresolved testcases 4
# of unsupported tests 49
/Volumes/ScratchCS/gcc-4-5-trunk-build/gcc/xgcc version 4.5.0
20100325 (experimental) [trunk revision 157731] (GCC)
=== libgomp tests ===
Running target unix/-m32
=== libgomp Summary for unix/-m32 ===
# of expected passes 2456
# of unsupported tests 2
Running target unix/-m64
=== libgomp Summary for unix/-m64 ===
# of expected passes 2456
# of unsupported tests 2
=== libgomp Summary ===
# of expected passes 4912
# of unsupported tests 4
=== libstdc++ tests ===
Running target unix/-m32
XPASS: 21_strings/basic_string/element_access/char/21674.cc execution
test
XPASS: 21_strings/basic_string/element_access/wchar_t/21674.cc
execution test
FAIL: ext/mt_allocator/deallocate_global_thread-1.cc execution test
FAIL: ext/mt_allocator/deallocate_global_thread-3.cc execution test
=== libstdc++ Summary for unix/-m32 ===
# of expected passes 6452
# of unexpected failures 2
# of unexpected successes 2
# of expected failures 87
# of unsupported tests 546
Running target unix/-m64
XPASS: 21_strings/basic_string/element_access/char/21674.cc execution
test
XPASS: 21_strings/basic_string/element_access/wchar_t/21674.cc
execution test
FAIL: ext/mt_allocator/deallocate_global_thread-1.cc execution test
FAIL: ext/mt_allocator/deallocate_global_thread-3.cc execution test
=== libstdc++ Summary for unix/-m64 ===
# of expected passes 6450
# of unexpected failures 2
# of unexpected successes 2
# of expected failures 87
# of unsupported tests 547
=== libstdc++ Summary ===
# of expected passes 12902
# of unexpected failures 4
# of unexpected successes 4
# of expected failures 174
# of unsupported tests 1093
=== libstdc++ Summary ===
Compiler version: 4.5.0 20100325 (experimental) [trunk revision
157731] (GCC)
Platform: i686-apple-darwin9
configure flags: --enable-bootstrap --prefix=/GCC/gcc-4-5-install --
target=i686-apple-darwin9 --host=i686-apple-darwin9 --build=i686-apple-
darwin9 --enable-languages=c,objc,c++,obj-c++,fortran --enable-version-
specific-runtime-libs --enable-threads --enable-checking=yes --program-
suffix=-4.5trunk --with-libiconv-prefix=/usr --with-system-zlib
More information about the Gcc-testresults
mailing list