Results for 4.5.0 20100321 (experimental) [trunk revision 157605] (GCC) testsuite on hppa-unknown-linux-gnu
John David Anglin
dave@mx3210.hia.nrc.ca
Tue Mar 23 20:23:00 GMT 2010
LAST_UPDATED: Sun Mar 21 19:42:07 UTC 2010 (revision 157605)
=== acats tests ===
FAIL: c940013
=== acats Summary ===
# of expected passes 2320
# of unexpected failures 1
Native configuration is hppa-unknown-linux-gnu
=== g++ tests ===
Running target unix
WARNING: program timed out.
FAIL: c-c++-common/torture/complex-sign-mul-one.c -O2 -flto (test for excess errors)
UNRESOLVED: c-c++-common/torture/complex-sign-mul-one.c -O2 -flto compilation failed to produce executable
=== g++ Summary ===
# of expected passes 22012
# of unexpected failures 1
# of expected failures 150
# of unresolved testcases 1
# of unsupported tests 190
/home/dave/gnu/gcc/objdir/gcc/testsuite/g++/../../g++ version 4.5.0 20100321 (experimental) [trunk revision 157605] (GCC)
=== gcc tests ===
Running target unix
FAIL: gcc.dg/pr34668-1.c (internal compiler error)
FAIL: gcc.dg/pr34668-1.c (test for excess errors)
XPASS: gcc.dg/tree-ssa/loop-1.c scan-assembler-times foo 5
=== gcc Summary ===
# of expected passes 63231
# of unexpected failures 2
# of unexpected successes 1
# of expected failures 98
# of unsupported tests 721
/home/dave/gnu/gcc/objdir/gcc/xgcc version 4.5.0 20100321 (experimental) [trunk revision 157605] (GCC)
=== gfortran tests ===
Running target unix
FAIL: gfortran.dg/inquire_size.f90 -O0 execution test
FAIL: gfortran.dg/inquire_size.f90 -O1 execution test
FAIL: gfortran.dg/inquire_size.f90 -O2 execution test
FAIL: gfortran.dg/inquire_size.f90 -O3 -fomit-frame-pointer execution test
FAIL: gfortran.dg/inquire_size.f90 -O3 -fomit-frame-pointer -funroll-loops execution test
FAIL: gfortran.dg/inquire_size.f90 -O3 -fomit-frame-pointer -funroll-all-loops -finline-functions execution test
FAIL: gfortran.dg/inquire_size.f90 -O3 -g execution test
FAIL: gfortran.dg/inquire_size.f90 -Os execution test
FAIL: gfortran.dg/pr41928.f90 -O (internal compiler error)
FAIL: gfortran.dg/pr41928.f90 -O (test for excess errors)
WARNING: program timed out.
FAIL: gfortran.dg/string_ctor_1.f90 -O3 -fomit-frame-pointer (test for excess errors)
UNRESOLVED: gfortran.dg/string_ctor_1.f90 -O3 -fomit-frame-pointer compilation failed to produce executable
WARNING: program timed out.
FAIL: gfortran.fortran-torture/execute/forall_7.f90 compilation, -O3 -g
=== gfortran Summary ===
# of expected passes 33011
# of unexpected failures 12
# of expected failures 32
# of unresolved testcases 1
# of untested testcases 1
# of unsupported tests 290
/home/dave/gnu/gcc/objdir/gcc/testsuite/gfortran/../../gfortran version 4.5.0 20100321 (experimental) [trunk revision 157605] (GCC)
=== gnat tests ===
Running target unix
=== gnat Summary ===
# of expected passes 757
# of expected failures 7
# of unsupported tests 1
=== obj-c++ tests ===
Running target unix
UNRESOLVED: obj-c++.dg/lookup-2.mm compilation failed to produce executable
UNRESOLVED: obj-c++.dg/try-catch-2.mm compilation failed to produce executable
UNRESOLVED: obj-c++.dg/try-catch-9.mm compilation failed to produce executable
=== obj-c++ Summary ===
# of expected passes 438
# of expected failures 10
# of unresolved testcases 3
# of unsupported tests 13
/home/dave/gnu/gcc/objdir/gcc/testsuite/obj-c++/../../g++ version 4.5.0 20100321 (experimental) [trunk revision 157605] (GCC)
=== objc tests ===
Running target unix
WARNING: program timed out.
FAIL: objc/execute/np-1.m compilation, -O3 -g -fgnu-runtime
UNRESOLVED: objc/execute/np-1.m execution, -O3 -g -fgnu-runtime
=== objc Summary ===
# of expected passes 1865
# of unexpected failures 1
# of expected failures 15
# of unresolved testcases 1
# of unsupported tests 24
/home/dave/gnu/gcc/objdir/gcc/xgcc version 4.5.0 20100321 (experimental) [trunk revision 157605] (GCC)
=== libffi tests ===
Running target unix
=== libffi Summary ===
# of expected passes 1624
# of expected failures 10
# of unsupported tests 15
=== libgomp tests ===
Running target unix
WARNING: program timed out.
FAIL: libgomp.c++/loop-8.C -O (test for excess errors)
UNRESOLVED: libgomp.c++/loop-8.C -O compilation failed to produce executable
=== libgomp Summary ===
# of expected passes 2488
# of unexpected failures 1
# of unresolved testcases 1
# of unsupported tests 7
=== libjava tests ===
Running target unix
=== libjava Summary ===
# of expected passes 2574
=== libmudflap tests ===
Running target unix
FAIL: libmudflap.c/fail31-frag.c (-O3) crash test
FAIL: libmudflap.c/fail31-frag.c (-O3) output pattern test
FAIL: libmudflap.c/pass45-frag.c (-O3) execution test
FAIL: libmudflap.c/pass45-frag.c (-O3) output pattern test
FAIL: libmudflap.c/pass45-frag.c (-O3) execution test
FAIL: libmudflap.c/pass45-frag.c (-O3) output pattern test
FAIL: libmudflap.c++/pass41-frag.cxx execution test
FAIL: libmudflap.c++/pass41-frag.cxx (-static) execution test
FAIL: libmudflap.c++/pass41-frag.cxx ( -O) execution test
FAIL: libmudflap.c++/pass41-frag.cxx (-O2) execution test
FAIL: libmudflap.c++/pass41-frag.cxx (-O3) execution test
=== libmudflap Summary ===
# of expected passes 1883
# of unexpected failures 11
=== libstdc++ tests ===
Running target unix
FAIL: ext/profile/all.cc (test for excess errors)
FAIL: ext/profile/mh.cc (test for excess errors)
=== libstdc++ Summary ===
# of expected passes 6825
# of unexpected failures 2
# of expected failures 93
# of unsupported tests 355
Compiler version: 4.5.0 20100321 (experimental) [trunk revision 157605] (GCC)
Platform: hppa-unknown-linux-gnu
configure flags: --with-gnu-as --with-gnu-ld --enable-shared --prefix=/home/dave/opt/gnu/gcc/gcc-4.5.0 --with-local-prefix=/home/dave/opt/gnu --enable-threads=posix --enable-__cxa_atexit --build=hppa-linux --enable-clocale=gnu --enable-java-gc=boehm --enable-java-awt=xlib --enable-languages=c,c++,objc,fortran,obj-c++,java,ada
More information about the Gcc-testresults
mailing list