Results for 4.5.0 20100323 (experimental) (GCC) testsuite on ia64-debian-linux-gnu
Steve Ellcey
sje@cup.hp.com
Tue Mar 23 12:28:00 GMT 2010
Native configuration is ia64-debian-linux-gnu
=== gcc tests ===
Running target unix
FAIL: gcc.c-torture/compile/limits-exprparen.c -O0 (test for excess errors)
FAIL: gcc.c-torture/compile/limits-exprparen.c -O1 (test for excess errors)
FAIL: gcc.c-torture/compile/limits-exprparen.c -O2 (test for excess errors)
FAIL: gcc.c-torture/compile/limits-exprparen.c -O3 -fomit-frame-pointer (test for excess errors)
FAIL: gcc.c-torture/compile/limits-exprparen.c -O3 -g (test for excess errors)
FAIL: gcc.c-torture/compile/limits-exprparen.c -Os (test for excess errors)
FAIL: gcc.dg/20020425-1.c (test for excess errors)
FAIL: gcc.dg/builtin-apply4.c execution test
FAIL: gcc.dg/pr34668-1.c (internal compiler error)
FAIL: gcc.dg/pr34668-1.c (test for excess errors)
WARNING: program timed out.
FAIL: gcc.dg/pr43058.c (test for excess errors)
XPASS: gcc.dg/guality/example.c -O0 execution test
WARNING: program timed out.
XPASS: gcc.dg/guality/guality.c -O0 execution test
WARNING: program timed out.
XPASS: gcc.dg/guality/inline-params.c -O0 execution test
XPASS: gcc.dg/guality/inline-params.c -O2 execution test
FAIL: gcc.dg/guality/pr36728-1.c -O1 line 12 y == 2
FAIL: gcc.dg/guality/pr36728-1.c -O1 line 14 *x == (char) 25
FAIL: gcc.dg/guality/pr36728-1.c -O1 line 14 y == 2
FAIL: gcc.dg/guality/pr36728-1.c -O3 -fomit-frame-pointer line 12 arg7 == 30
FAIL: gcc.dg/guality/pr36728-1.c -O3 -fomit-frame-pointer line 14 arg7 == 30
FAIL: gcc.dg/guality/pr36728-1.c -O3 -g line 12 arg7 == 30
FAIL: gcc.dg/guality/pr36728-1.c -O3 -g line 14 arg7 == 30
FAIL: gcc.dg/guality/pr36728-2.c -O1 line 12 y == 2
FAIL: gcc.dg/guality/pr36728-2.c -O1 line 14 *x == (char) 25
FAIL: gcc.dg/guality/pr36728-2.c -O1 line 14 y == 2
XPASS: gcc.dg/guality/pr41353-1.c -O0 line 28 j == 28 + 37
XPASS: gcc.dg/guality/pr41353-1.c -O1 line 28 j == 28 + 37
XPASS: gcc.dg/guality/pr41353-1.c -O2 line 28 j == 28 + 37
FAIL: gcc.dg/guality/pr41353-1.c -O3 -fomit-frame-pointer line 17 vari1 == 2 * 17
FAIL: gcc.dg/guality/pr41353-1.c -O3 -fomit-frame-pointer line 17 vari2 == 3 * 17
FAIL: gcc.dg/guality/pr41353-1.c -O3 -fomit-frame-pointer line 17 vari3 == 2 * 17
FAIL: gcc.dg/guality/pr41353-1.c -O3 -fomit-frame-pointer line 17 vari4 == 3 * 17
FAIL: gcc.dg/guality/pr41353-1.c -O3 -fomit-frame-pointer line 17 vari5 == 4 * 17
FAIL: gcc.dg/guality/pr41353-1.c -O3 -fomit-frame-pointer line 17 vari6 == 5 * 17
FAIL: gcc.dg/guality/pr41353-1.c -O3 -fomit-frame-pointer line 28 i1 == 2 * 37
FAIL: gcc.dg/guality/pr41353-1.c -O3 -fomit-frame-pointer line 28 i2 == 3 * 37
FAIL: gcc.dg/guality/pr41353-1.c -O3 -fomit-frame-pointer line 39 i == 12
FAIL: gcc.dg/guality/pr41353-1.c -O3 -fomit-frame-pointer line 39 i1 == 2 * 12
FAIL: gcc.dg/guality/pr41353-1.c -O3 -fomit-frame-pointer line 39 i2 == 2 * 12
FAIL: gcc.dg/guality/pr41353-1.c -O3 -fomit-frame-pointer line 39 i3 == 3 * 12
FAIL: gcc.dg/guality/pr41353-1.c -O3 -g line 17 vari1 == 2 * 17
FAIL: gcc.dg/guality/pr41353-1.c -O3 -g line 17 vari2 == 3 * 17
FAIL: gcc.dg/guality/pr41353-1.c -O3 -g line 17 vari3 == 2 * 17
FAIL: gcc.dg/guality/pr41353-1.c -O3 -g line 17 vari4 == 3 * 17
FAIL: gcc.dg/guality/pr41353-1.c -O3 -g line 17 vari5 == 4 * 17
FAIL: gcc.dg/guality/pr41353-1.c -O3 -g line 17 vari6 == 5 * 17
FAIL: gcc.dg/guality/pr41353-1.c -O3 -g line 28 i1 == 2 * 37
FAIL: gcc.dg/guality/pr41353-1.c -O3 -g line 28 i2 == 3 * 37
FAIL: gcc.dg/guality/pr41353-1.c -O3 -g line 39 i == 12
FAIL: gcc.dg/guality/pr41353-1.c -O3 -g line 39 i1 == 2 * 12
FAIL: gcc.dg/guality/pr41353-1.c -O3 -g line 39 i2 == 2 * 12
FAIL: gcc.dg/guality/pr41353-1.c -O3 -g line 39 i3 == 3 * 12
XPASS: gcc.dg/guality/pr41353-1.c -Os line 28 j == 28 + 37
FAIL: gcc.dg/guality/pr41353-2.c -O3 -fomit-frame-pointer line 13 vari1 == 2 * 17
FAIL: gcc.dg/guality/pr41353-2.c -O3 -fomit-frame-pointer line 13 vari2 == 3 * 17
FAIL: gcc.dg/guality/pr41353-2.c -O3 -g line 13 vari1 == 2 * 17
FAIL: gcc.dg/guality/pr41353-2.c -O3 -g line 13 vari2 == 3 * 17
FAIL: gcc.dg/guality/pr41404-1.c -O1 line 10 *foo == 'f'
FAIL: gcc.dg/guality/pr41404-1.c -O2 line 10 *foo == 'f'
FAIL: gcc.dg/guality/pr41404-1.c -Os line 10 *foo == 'f'
XPASS: gcc.dg/guality/pr41447-1.c -O0 execution test
XPASS: gcc.dg/guality/pr41447-1.c -O2 execution test
XPASS: gcc.dg/guality/pr41447-1.c -O3 -fomit-frame-pointer execution test
XPASS: gcc.dg/guality/pr41447-1.c -O3 -g execution test
WARNING: program timed out.
XPASS: gcc.dg/guality/pr41616-1.c -O0 execution test
XPASS: gcc.dg/guality/pr41616-1.c -O2 execution test
FAIL: gcc.dg/guality/pr43051-1.c -O1 line 34 c == &a[0]
FAIL: gcc.dg/guality/pr43051-1.c -O1 line 39 c == &a[0]
FAIL: gcc.dg/guality/pr43077-1.c -O0 line 19 vara == 1
FAIL: gcc.dg/guality/pr43077-1.c -O1 line 42 b == 2
FAIL: gcc.dg/guality/pr43077-1.c -O2 line 42 a == 1
FAIL: gcc.dg/guality/pr43077-1.c -O2 line 42 b == 2
FAIL: gcc.dg/guality/pr43077-1.c -O3 -fomit-frame-pointer line 11 vara == 0
FAIL: gcc.dg/guality/pr43077-1.c -O3 -fomit-frame-pointer line 19 vara == 1
FAIL: gcc.dg/guality/pr43077-1.c -O3 -fomit-frame-pointer line 42 a == 1
FAIL: gcc.dg/guality/pr43077-1.c -O3 -fomit-frame-pointer line 42 vara == 1
FAIL: gcc.dg/guality/pr43077-1.c -O3 -fomit-frame-pointer line 42 varb == 2
FAIL: gcc.dg/guality/pr43077-1.c -O3 -fomit-frame-pointer line 42 varc == 3
FAIL: gcc.dg/guality/pr43077-1.c -O3 -g line 11 vara == 0
FAIL: gcc.dg/guality/pr43077-1.c -O3 -g line 19 vara == 1
FAIL: gcc.dg/guality/pr43077-1.c -O3 -g line 42 a == 1
FAIL: gcc.dg/guality/pr43077-1.c -O3 -g line 42 vara == 1
FAIL: gcc.dg/guality/pr43077-1.c -O3 -g line 42 varb == 2
FAIL: gcc.dg/guality/pr43077-1.c -O3 -g line 42 varc == 3
FAIL: gcc.dg/guality/pr43077-1.c -Os line 42 a == 1
FAIL: gcc.dg/guality/pr43077-1.c -Os line 42 b == 2
FAIL: gcc.dg/guality/pr43177.c -O3 -fomit-frame-pointer line 15 x == 7
FAIL: gcc.dg/guality/pr43177.c -O3 -fomit-frame-pointer line 24 x == 7
FAIL: gcc.dg/guality/pr43177.c -O3 -g line 15 x == 7
FAIL: gcc.dg/guality/pr43177.c -O3 -g line 24 x == 7
FAIL: gcc.dg/guality/pr43329-1.c -O0 (test for excess errors)
WARNING: gcc.dg/guality/pr43329-1.c -O0 compilation failed to produce executable
FAIL: gcc.dg/guality/pr43329-1.c -O1 (test for excess errors)
WARNING: gcc.dg/guality/pr43329-1.c -O1 compilation failed to produce executable
FAIL: gcc.dg/guality/pr43329-1.c -O2 (test for excess errors)
WARNING: gcc.dg/guality/pr43329-1.c -O2 compilation failed to produce executable
FAIL: gcc.dg/guality/pr43329-1.c -O3 -fomit-frame-pointer (test for excess errors)
WARNING: gcc.dg/guality/pr43329-1.c -O3 -fomit-frame-pointer compilation failed to produce executable
FAIL: gcc.dg/guality/pr43329-1.c -O3 -g (test for excess errors)
WARNING: gcc.dg/guality/pr43329-1.c -O3 -g compilation failed to produce executable
FAIL: gcc.dg/guality/pr43329-1.c -Os (test for excess errors)
WARNING: gcc.dg/guality/pr43329-1.c -Os compilation failed to produce executable
FAIL: gcc.dg/guality/vla-1.c -O0 line 17 sizeof (a) == 6
FAIL: gcc.dg/guality/vla-1.c -O0 line 24 sizeof (a) == 17 * sizeof (short)
FAIL: gcc.dg/guality/vla-1.c -O1 line 17 sizeof (a) == 6
FAIL: gcc.dg/guality/vla-1.c -O1 line 24 sizeof (a) == 17 * sizeof (short)
FAIL: gcc.dg/guality/vla-1.c -O2 line 17 sizeof (a) == 6
FAIL: gcc.dg/guality/vla-1.c -O2 line 24 i == 5
FAIL: gcc.dg/guality/vla-1.c -O2 line 24 sizeof (a) == 17 * sizeof (short)
FAIL: gcc.dg/guality/vla-1.c -O3 -fomit-frame-pointer line 17 sizeof (a) == 6
FAIL: gcc.dg/guality/vla-1.c -O3 -fomit-frame-pointer line 24 i == 5
FAIL: gcc.dg/guality/vla-1.c -O3 -fomit-frame-pointer line 24 sizeof (a) == 17 * sizeof (short)
FAIL: gcc.dg/guality/vla-1.c -O3 -g line 17 sizeof (a) == 6
FAIL: gcc.dg/guality/vla-1.c -O3 -g line 24 i == 5
FAIL: gcc.dg/guality/vla-1.c -O3 -g line 24 sizeof (a) == 17 * sizeof (short)
FAIL: gcc.dg/guality/vla-1.c -Os line 17 sizeof (a) == 6
FAIL: gcc.dg/guality/vla-1.c -Os line 24 i == 5
FAIL: gcc.dg/guality/vla-1.c -Os line 24 sizeof (a) == 17 * sizeof (short)
XPASS: gcc.dg/tree-ssa/loop-1.c scan-assembler-times foo 5
=== gcc Summary ===
# of expected passes 54287
# of unexpected failures 98
# of unexpected successes 15
# of expected failures 246
# of unsupported tests 625
/proj/opensrc_nobackup/nightly2/build-ia64-debian-linux-gnu-trunk/obj_gcc/gcc/xgcc version 4.5.0 20100323 (experimental) (GCC)
=== gfortran tests ===
Running target unix
FAIL: gfortran.dg/array_constructor_33.f90 -O (test for excess errors)
WARNING: program timed out.
=== gfortran Summary ===
# of expected passes 33845
# of unexpected failures 1
# of expected failures 30
# of unsupported tests 53
/proj/opensrc_nobackup/nightly2/build-ia64-debian-linux-gnu-trunk/obj_gcc/gcc/testsuite/gfortran/../../gfortran version 4.5.0 20100323 (experimental) (GCC)
=== g++ tests ===
Running target unix
=== g++ Summary ===
# of expected passes 20497
# of expected failures 148
# of unsupported tests 190
/proj/opensrc_nobackup/nightly2/build-ia64-debian-linux-gnu-trunk/obj_gcc/gcc/testsuite/g++/../../g++ version 4.5.0 20100323 (experimental) (GCC)
=== objc tests ===
Running target unix
=== objc Summary ===
# of expected passes 1865
# of expected failures 15
# of unsupported tests 25
/proj/opensrc_nobackup/nightly2/build-ia64-debian-linux-gnu-trunk/obj_gcc/gcc/xgcc version 4.5.0 20100323 (experimental) (GCC)
=== libffi tests ===
Running target unix
=== libffi Summary ===
# of expected passes 1624
# of expected failures 10
# of unsupported tests 15
=== libgomp tests ===
Running target unix
=== libgomp Summary ===
# of expected passes 2460
=== libjava tests ===
Running target unix
FAIL: getlocalvartable output
FAIL: Throw_3 -O3 output - source compiled test
FAIL: Throw_3 -O3 -findirect-dispatch output - source compiled test
=== libjava Summary ===
# of expected passes 2571
# of unexpected failures 3
=== libstdc++ tests ===
Running target unix
FAIL: abi_check
=== libstdc++ Summary ===
# of expected passes 6814
# of unexpected failures 1
# of expected failures 93
# of unsupported tests 357
Compiler version: 4.5.0 20100323 (experimental) (GCC)
Platform: ia64-debian-linux-gnu
configure flags: --host=ia64-debian-linux-gnu --build=ia64-debian-linux-gnu --prefix=/proj/opensrc_nobackup/nightly2/gcc-ia64-debian-linux-gnu-trunk --with-local-prefix=/proj/opensrc_nobackup/nightly2/gcc-ia64-debian-linux-gnu-trunk --disable-nls --with-gmp=/proj/opensrc/be/ia64-debian-linux-gnu --with-mpfr=/proj/opensrc/be/ia64-debian-linux-gnu --disable-libmudflap
More information about the Gcc-testresults
mailing list