Results for 4.5.0 20100318 (experimental) (GCC) testsuite on i686-pc-cygwin
Tim Prince
n8tm@aol.com
Sun Mar 21 13:46:00 GMT 2010
libstdc++ and gfortran have new dependencies on unsupported wchar stuff
LAST_UPDATED: Obtained from SVN: trunk revision 157552
Native configuration is i686-pc-cygwin
=== g++ tests ===
Running target unix
FAIL: g++.dg/compat/decimal/pass-1 cp_compat_x_tst.o-cp_compat_y_tst.o link
UNRESOLVED: g++.dg/compat/decimal/pass-1
cp_compat_x_tst.o-cp_compat_y_tst.o execute
FAIL: g++.dg/compat/decimal/pass-2 cp_compat_x_tst.o-cp_compat_y_tst.o link
UNRESOLVED: g++.dg/compat/decimal/pass-2
cp_compat_x_tst.o-cp_compat_y_tst.o execute
FAIL: g++.dg/compat/decimal/pass-3 cp_compat_x_tst.o-cp_compat_y_tst.o link
UNRESOLVED: g++.dg/compat/decimal/pass-3
cp_compat_x_tst.o-cp_compat_y_tst.o execute
FAIL: g++.dg/compat/decimal/pass-4 cp_compat_x_tst.o-cp_compat_y_tst.o link
UNRESOLVED: g++.dg/compat/decimal/pass-4
cp_compat_x_tst.o-cp_compat_y_tst.o execute
FAIL: g++.dg/compat/decimal/pass-5 cp_compat_x_tst.o-cp_compat_y_tst.o link
UNRESOLVED: g++.dg/compat/decimal/pass-5
cp_compat_x_tst.o-cp_compat_y_tst.o execute
FAIL: g++.dg/compat/decimal/pass-6 cp_compat_x_tst.o-cp_compat_y_tst.o link
UNRESOLVED: g++.dg/compat/decimal/pass-6
cp_compat_x_tst.o-cp_compat_y_tst.o execute
FAIL: g++.dg/compat/decimal/return-1 cp_compat_x_tst.o-cp_compat_y_tst.o
link
UNRESOLVED: g++.dg/compat/decimal/return-1
cp_compat_x_tst.o-cp_compat_y_tst.o execute
FAIL: g++.dg/compat/decimal/return-2 cp_compat_x_tst.o-cp_compat_y_tst.o
link
UNRESOLVED: g++.dg/compat/decimal/return-2
cp_compat_x_tst.o-cp_compat_y_tst.o execute
FAIL: g++.dg/compat/decimal/return-3 cp_compat_x_tst.o-cp_compat_y_tst.o
link
UNRESOLVED: g++.dg/compat/decimal/return-3
cp_compat_x_tst.o-cp_compat_y_tst.o execute
FAIL: g++.dg/compat/decimal/return-4 cp_compat_x_tst.o-cp_compat_y_tst.o
link
UNRESOLVED: g++.dg/compat/decimal/return-4
cp_compat_x_tst.o-cp_compat_y_tst.o execute
FAIL: g++.dg/compat/decimal/return-5 cp_compat_x_tst.o-cp_compat_y_tst.o
link
UNRESOLVED: g++.dg/compat/decimal/return-5
cp_compat_x_tst.o-cp_compat_y_tst.o execute
FAIL: g++.dg/compat/decimal/return-6 cp_compat_x_tst.o-cp_compat_y_tst.o
link
UNRESOLVED: g++.dg/compat/decimal/return-6
cp_compat_x_tst.o-cp_compat_y_tst.o execute
FAIL: c-c++-common/dfp/func-vararg-mixed-2.c (test for excess errors)
WARNING: c-c++-common/dfp/func-vararg-mixed-2.c compilation failed to
produce executable
FAIL: c-c++-common/dfp/pr36800.c (test for excess errors)
WARNING: c-c++-common/dfp/pr36800.c compilation failed to produce executable
FAIL: c-c++-common/dfp/pr39034.c (test for excess errors)
WARNING: c-c++-common/dfp/pr39034.c compilation failed to produce executable
FAIL: c-c++-common/dfp/pr39035.c (test for excess errors)
WARNING: c-c++-common/dfp/pr39035.c compilation failed to produce executable
FAIL: g++.dg/abi/local1.C execution test
FAIL: g++.dg/abi/mangle40.C scan-assembler weak[^\\n]*_Z1fIU8__vectorfEvT_
FAIL: g++.dg/abi/mangle40.C scan-assembler weak[^\\n]*_ZN1AIDv4_fE1tE
FAIL: g++.dg/abi/mangle40.C scan-assembler weak[^\\n]*_ZN1AIU8__vectorfE1tE
FAIL: g++.dg/abi/thunk5.C scan-assembler weak.*ZTv
FAIL: g++.dg/eh/weak1.C execution test
FAIL: g++.dg/ext/dllimport7.C C++ specific error (test for errors, line 24)
FAIL: g++.dg/ext/selectany1.C scan-assembler-dem \\nguard variable for x:
FAIL: g++.dg/init/cleanup3.C scan-assembler-not _tcf
FAIL: g++.old-deja/g++.eh/badalloc1.C execution test
XPASS: g++.old-deja/g++.ext/attrib5.C execution test
FAIL: g++.old-deja/g++.other/init5.C execution test
=== g++ Summary ===
# of expected passes 22123
# of unexpected failures 27
# of unexpected successes 1
# of expected failures 148
# of unresolved testcases 12
# of unsupported tests 205
/cygdrive/e/gnu/xp/gcc/testsuite/g++/../../g++ version 4.5.0 20100318
(experimental) (GCC)
=== gcc tests ===
Running target unix
FAIL: gcc.dg/dfp/fe-binop.c (test for excess errors)
FAIL: gcc.dg/dfp/fe-convert-1.c (test for excess errors)
FAIL: gcc.dg/dfp/fe-convert-2.c (test for excess errors)
FAIL: gcc.dg/dfp/fe-convert-3.c (test for excess errors)
FAIL: c-c++-common/dfp/func-vararg-mixed-2.c (test for excess errors)
WARNING: c-c++-common/dfp/func-vararg-mixed-2.c compilation failed to
produce executable
FAIL: c-c++-common/dfp/pr36800.c (test for excess errors)
WARNING: c-c++-common/dfp/pr36800.c compilation failed to produce executable
FAIL: c-c++-common/dfp/pr39034.c (test for excess errors)
WARNING: c-c++-common/dfp/pr39034.c compilation failed to produce executable
FAIL: c-c++-common/dfp/pr39035.c (test for excess errors)
WARNING: c-c++-common/dfp/pr39035.c compilation failed to produce executable
FAIL: gcc.dg/alias-7.c execution test
FAIL: gcc.dg/pr34668-1.c (internal compiler error)
FAIL: gcc.dg/pr34668-1.c (test for excess errors)
FAIL: gcc.dg/pr42427.c (test for excess errors)
FAIL: gcc.dg/ssp-1.c (test for excess errors)
WARNING: gcc.dg/ssp-1.c compilation failed to produce executable
FAIL: gcc.dg/ssp-2.c (test for excess errors)
WARNING: gcc.dg/ssp-2.c compilation failed to produce executable
FAIL: gcc.dg/graphite/run-id-1.c execution test
FAIL: gcc.dg/graphite/interchange-9.c execution test
FAIL: gcc.dg/graphite/pr43012.c execution test
FAIL: largefile.c -O0 -g -I. (test for excess errors)
FAIL: gcc.dg/pch/largefile.c -O0 -g assembly comparison
FAIL: largefile.c -O0 -I. (test for excess errors)
FAIL: gcc.dg/pch/largefile.c -O0 assembly comparison
FAIL: largefile.c -O1 -I. (test for excess errors)
FAIL: gcc.dg/pch/largefile.c -O1 assembly comparison
FAIL: largefile.c -O2 -I. (test for excess errors)
FAIL: gcc.dg/pch/largefile.c -O2 assembly comparison
FAIL: largefile.c -O3 -fomit-frame-pointer -I. (test for excess errors)
FAIL: gcc.dg/pch/largefile.c -O3 -fomit-frame-pointer assembly comparison
FAIL: largefile.c -O3 -g -I. (test for excess errors)
FAIL: gcc.dg/pch/largefile.c -O3 -g assembly comparison
FAIL: largefile.c -Os -I. (test for excess errors)
FAIL: gcc.dg/pch/largefile.c -Os assembly comparison
FAIL: gcc.dg/tree-ssa/pr27781.c scan-tree-dump optimized "func \\(\\);"
FAIL: gcc.dg/tree-ssa/pr36881.c scan-assembler-not CSWTCH
FAIL: gcc.dg/tree-ssa/pr36881.c scan-tree-dump switchconv "need runtime
relocations"
FAIL: gcc.dg/tree-ssa/ssa-store-ccp-2.c scan-tree-dump-times optimized
"conststaticvariable" 1
FAIL: gcc.dg/tree-ssa/ssa-store-ccp-4.c scan-tree-dump-times optimized
"conststaticvariable" 1
FAIL: gcc.target/i386/pr25993.c (test for excess errors)
FAIL: gcc.target/i386/pr32065-2.c (test for excess errors)
WARNING: gcc.target/i386/pr32065-2.c compilation failed to produce
executable
FAIL: gcc.target/i386/pr37843-4.c scan-assembler jmp[\\\\t ]*foo
FAIL: gcc.target/i386/pr40906-1.c (test for excess errors)
FAIL: gcc.target/i386/pr40906-2.c (test for excess errors)
XPASS: gcc.target/i386/push-1.c scan-assembler-not movups
=== gcc Summary ===
# of expected passes 61407
# of unexpected failures 41
# of unexpected successes 1
# of expected failures 178
# of unsupported tests 686
/cygdrive/e/gnu/xp/gcc/xgcc version 4.5.0 20100318 (experimental) (GCC)
=== gfortran tests ===
Running target unix
FAIL: gfortran.dg/array_temporaries_2.f90 -O0 execution test
FAIL: gfortran.dg/array_temporaries_2.f90 -O1 execution test
FAIL: gfortran.dg/array_temporaries_2.f90 -O2 execution test
FAIL: gfortran.dg/array_temporaries_2.f90 -O3 -fomit-frame-pointer
execution test
FAIL: gfortran.dg/array_temporaries_2.f90 -O3 -fomit-frame-pointer
-funroll-loops execution test
FAIL: gfortran.dg/array_temporaries_2.f90 -O3 -fomit-frame-pointer
-funroll-all-loops -finline-functions execution test
FAIL: gfortran.dg/array_temporaries_2.f90 -O3 -g execution test
FAIL: gfortran.dg/array_temporaries_2.f90 -Os execution test
FAIL: gfortran.dg/atan2_1.f90 -O0 execution test
FAIL: gfortran.dg/c_f_pointer_tests_4.f90 -O0 execution test
FAIL: gfortran.dg/c_f_pointer_tests_4.f90 -O1 execution test
FAIL: gfortran.dg/c_f_pointer_tests_4.f90 -O2 execution test
FAIL: gfortran.dg/c_f_pointer_tests_4.f90 -O3 -fomit-frame-pointer
execution test
FAIL: gfortran.dg/c_f_pointer_tests_4.f90 -O3 -fomit-frame-pointer
-funroll-loops execution test
FAIL: gfortran.dg/c_f_pointer_tests_4.f90 -O3 -fomit-frame-pointer
-funroll-all-loops -finline-functions execution test
FAIL: gfortran.dg/c_f_pointer_tests_4.f90 -O3 -g execution test
FAIL: gfortran.dg/c_f_pointer_tests_4.f90 -Os execution test
FAIL: gfortran.dg/complex_intrinsic_3.f90 -O0 execution test
FAIL: gfortran.dg/complex_intrinsic_3.f90 -O1 execution test
FAIL: gfortran.dg/complex_intrinsic_3.f90 -O2 execution test
FAIL: gfortran.dg/complex_intrinsic_3.f90 -O3 -fomit-frame-pointer
execution test
FAIL: gfortran.dg/complex_intrinsic_3.f90 -O3 -fomit-frame-pointer
-funroll-loops execution test
FAIL: gfortran.dg/complex_intrinsic_3.f90 -O3 -fomit-frame-pointer
-funroll-all-loops -finline-functions execution test
FAIL: gfortran.dg/complex_intrinsic_3.f90 -O3 -g execution test
FAIL: gfortran.dg/complex_intrinsic_3.f90 -Os execution test
FAIL: gfortran.dg/complex_intrinsic_5.f90 -O0 execution test
FAIL: gfortran.dg/complex_intrinsic_5.f90 -O1 execution test
FAIL: gfortran.dg/complex_intrinsic_5.f90 -O2 execution test
FAIL: gfortran.dg/complex_intrinsic_5.f90 -O3 -fomit-frame-pointer
execution test
FAIL: gfortran.dg/complex_intrinsic_5.f90 -O3 -fomit-frame-pointer
-funroll-loops execution test
FAIL: gfortran.dg/complex_intrinsic_5.f90 -O3 -fomit-frame-pointer
-funroll-all-loops -finline-functions execution test
FAIL: gfortran.dg/complex_intrinsic_5.f90 -O3 -g execution test
FAIL: gfortran.dg/complex_intrinsic_5.f90 -Os execution test
FAIL: gfortran.dg/cshift_bounds_2.f90 -O0 execution test
FAIL: gfortran.dg/cshift_bounds_2.f90 -O1 execution test
FAIL: gfortran.dg/cshift_bounds_2.f90 -O2 execution test
FAIL: gfortran.dg/cshift_bounds_2.f90 -O3 -fomit-frame-pointer
execution test
FAIL: gfortran.dg/cshift_bounds_2.f90 -O3 -fomit-frame-pointer
-funroll-loops execution test
FAIL: gfortran.dg/cshift_bounds_2.f90 -O3 -fomit-frame-pointer
-funroll-all-loops -finline-functions execution test
FAIL: gfortran.dg/cshift_bounds_2.f90 -O3 -g execution test
FAIL: gfortran.dg/cshift_bounds_2.f90 -Os execution test
FAIL: gfortran.dg/cshift_bounds_3.f90 -O0 output pattern test, is ,
should match Fortran runtime error: Incorrect size in SHIFT argument of
CSHIFT intrinsic: should not be zero-sized
FAIL: gfortran.dg/cshift_bounds_3.f90 -O1 output pattern test, is ,
should match Fortran runtime error: Incorrect size in SHIFT argument of
CSHIFT intrinsic: should not be zero-sized
FAIL: gfortran.dg/cshift_bounds_3.f90 -O2 output pattern test, is ,
should match Fortran runtime error: Incorrect size in SHIFT argument of
CSHIFT intrinsic: should not be zero-sized
FAIL: gfortran.dg/cshift_bounds_3.f90 -O3 -fomit-frame-pointer output
pattern test, is , should match Fortran runtime error: Incorrect size in
SHIFT argument of CSHIFT intrinsic: should not be zero-sized
FAIL: gfortran.dg/cshift_bounds_3.f90 -O3 -fomit-frame-pointer
-funroll-loops output pattern test, is , should match Fortran runtime
error: Incorrect size in SHIFT argument of CSHIFT intrinsic: should not
be zero-sized
FAIL: gfortran.dg/cshift_bounds_3.f90 -O3 -fomit-frame-pointer
-funroll-all-loops -finline-functions output pattern test, is , should
match Fortran runtime error: Incorrect size in SHIFT argument of CSHIFT
intrinsic: should not be zero-sized
FAIL: gfortran.dg/cshift_bounds_3.f90 -O3 -g output pattern test, is ,
should match Fortran runtime error: Incorrect size in SHIFT argument of
CSHIFT intrinsic: should not be zero-sized
FAIL: gfortran.dg/cshift_bounds_3.f90 -Os output pattern test, is ,
should match Fortran runtime error: Incorrect size in SHIFT argument of
CSHIFT intrinsic: should not be zero-sized
FAIL: gfortran.dg/cshift_bounds_4.f90 -O0 execution test
FAIL: gfortran.dg/cshift_bounds_4.f90 -O1 execution test
FAIL: gfortran.dg/cshift_bounds_4.f90 -O2 execution test
FAIL: gfortran.dg/cshift_bounds_4.f90 -O3 -fomit-frame-pointer
execution test
FAIL: gfortran.dg/cshift_bounds_4.f90 -O3 -fomit-frame-pointer
-funroll-loops execution test
FAIL: gfortran.dg/cshift_bounds_4.f90 -O3 -fomit-frame-pointer
-funroll-all-loops -finline-functions execution test
FAIL: gfortran.dg/cshift_bounds_4.f90 -O3 -g execution test
FAIL: gfortran.dg/cshift_bounds_4.f90 -Os execution test
FAIL: gfortran.dg/eoshift_bounds_1.f90 -O0 output pattern test, is ,
should match Fortran runtime error: Incorrect size in SHIFT argument of
EOSHIFT intrinsic: should not be zero-sized
FAIL: gfortran.dg/eoshift_bounds_1.f90 -O1 output pattern test, is ,
should match Fortran runtime error: Incorrect size in SHIFT argument of
EOSHIFT intrinsic: should not be zero-sized
FAIL: gfortran.dg/eoshift_bounds_1.f90 -O2 output pattern test, is ,
should match Fortran runtime error: Incorrect size in SHIFT argument of
EOSHIFT intrinsic: should not be zero-sized
FAIL: gfortran.dg/eoshift_bounds_1.f90 -O3 -fomit-frame-pointer output
pattern test, is , should match Fortran runtime error: Incorrect size in
SHIFT argument of EOSHIFT intrinsic: should not be zero-sized
FAIL: gfortran.dg/eoshift_bounds_1.f90 -O3 -fomit-frame-pointer
-funroll-loops output pattern test, is , should match Fortran runtime
error: Incorrect size in SHIFT argument of EOSHIFT intrinsic: should not
be zero-sized
FAIL: gfortran.dg/eoshift_bounds_1.f90 -O3 -fomit-frame-pointer
-funroll-all-loops -finline-functions output pattern test, is , should
match Fortran runtime error: Incorrect size in SHIFT argument of EOSHIFT
intrinsic: should not be zero-sized
FAIL: gfortran.dg/eoshift_bounds_1.f90 -O3 -g output pattern test, is
, should match Fortran runtime error: Incorrect size in SHIFT argument
of EOSHIFT intrinsic: should not be zero-sized
FAIL: gfortran.dg/eoshift_bounds_1.f90 -Os output pattern test, is ,
should match Fortran runtime error: Incorrect size in SHIFT argument of
EOSHIFT intrinsic: should not be zero-sized
FAIL: gfortran.dg/erf_2.F90 -O0 execution test
FAIL: gfortran.dg/erf_2.F90 -O1 execution test
FAIL: gfortran.dg/erf_2.F90 -O2 execution test
FAIL: gfortran.dg/erf_2.F90 -O3 -fomit-frame-pointer execution test
FAIL: gfortran.dg/erf_2.F90 -O3 -fomit-frame-pointer -funroll-loops
execution test
FAIL: gfortran.dg/erf_2.F90 -O3 -fomit-frame-pointer -funroll-all-loops
-finline-functions execution test
FAIL: gfortran.dg/erf_2.F90 -O3 -g execution test
FAIL: gfortran.dg/erf_2.F90 -Os execution test
FAIL: gfortran.dg/erfc_scaled_1.f90 -O0 execution test
FAIL: gfortran.dg/erfc_scaled_1.f90 -O1 execution test
FAIL: gfortran.dg/erfc_scaled_1.f90 -O2 execution test
FAIL: gfortran.dg/erfc_scaled_1.f90 -O3 -fomit-frame-pointer execution
test
FAIL: gfortran.dg/erfc_scaled_1.f90 -O3 -fomit-frame-pointer
-funroll-loops execution test
FAIL: gfortran.dg/erfc_scaled_1.f90 -O3 -fomit-frame-pointer
-funroll-all-loops -finline-functions execution test
FAIL: gfortran.dg/erfc_scaled_1.f90 -O3 -g execution test
FAIL: gfortran.dg/erfc_scaled_1.f90 -Os execution test
FAIL: gfortran.dg/extends_type_of_1.f03 -O0 execution test
FAIL: gfortran.dg/extends_type_of_1.f03 -O1 execution test
FAIL: gfortran.dg/extends_type_of_1.f03 -O2 execution test
FAIL: gfortran.dg/extends_type_of_1.f03 -O3 -fomit-frame-pointer
execution test
FAIL: gfortran.dg/extends_type_of_1.f03 -O3 -fomit-frame-pointer
-funroll-loops execution test
FAIL: gfortran.dg/extends_type_of_1.f03 -O3 -fomit-frame-pointer
-funroll-all-loops -finline-functions execution test
FAIL: gfortran.dg/extends_type_of_1.f03 -O3 -g execution test
FAIL: gfortran.dg/extends_type_of_1.f03 -Os execution test
FAIL: gfortran.dg/f2003_inquire_1.f03 -O0 execution test
FAIL: gfortran.dg/f2003_inquire_1.f03 -O1 execution test
FAIL: gfortran.dg/f2003_inquire_1.f03 -O2 execution test
FAIL: gfortran.dg/f2003_inquire_1.f03 -O3 -fomit-frame-pointer
execution test
FAIL: gfortran.dg/f2003_inquire_1.f03 -O3 -fomit-frame-pointer
-funroll-loops execution test
FAIL: gfortran.dg/f2003_inquire_1.f03 -O3 -fomit-frame-pointer
-funroll-all-loops -finline-functions execution test
FAIL: gfortran.dg/f2003_inquire_1.f03 -O3 -g execution test
FAIL: gfortran.dg/f2003_inquire_1.f03 -Os execution test
FAIL: gfortran.dg/f2003_io_1.f03 -O0 execution test
FAIL: gfortran.dg/f2003_io_1.f03 -O1 execution test
FAIL: gfortran.dg/f2003_io_1.f03 -O2 execution test
FAIL: gfortran.dg/f2003_io_1.f03 -O3 -fomit-frame-pointer execution test
FAIL: gfortran.dg/f2003_io_1.f03 -O3 -fomit-frame-pointer
-funroll-loops execution test
FAIL: gfortran.dg/f2003_io_1.f03 -O3 -fomit-frame-pointer
-funroll-all-loops -finline-functions execution test
FAIL: gfortran.dg/f2003_io_1.f03 -O3 -g execution test
FAIL: gfortran.dg/f2003_io_1.f03 -Os execution test
FAIL: gfortran.dg/f2003_io_4.f03 -O0 execution test
FAIL: gfortran.dg/f2003_io_4.f03 -O1 execution test
FAIL: gfortran.dg/f2003_io_4.f03 -O2 execution test
FAIL: gfortran.dg/f2003_io_4.f03 -O3 -fomit-frame-pointer execution test
FAIL: gfortran.dg/f2003_io_4.f03 -O3 -fomit-frame-pointer
-funroll-loops execution test
FAIL: gfortran.dg/f2003_io_4.f03 -O3 -fomit-frame-pointer
-funroll-all-loops -finline-functions execution test
FAIL: gfortran.dg/f2003_io_4.f03 -O3 -g execution test
FAIL: gfortran.dg/f2003_io_4.f03 -Os execution test
FAIL: gfortran.dg/f2003_io_5.f03 -O0 execution test
FAIL: gfortran.dg/f2003_io_5.f03 -O1 execution test
FAIL: gfortran.dg/f2003_io_5.f03 -O2 execution test
FAIL: gfortran.dg/f2003_io_5.f03 -O3 -fomit-frame-pointer execution test
FAIL: gfortran.dg/f2003_io_5.f03 -O3 -fomit-frame-pointer
-funroll-loops execution test
FAIL: gfortran.dg/f2003_io_5.f03 -O3 -fomit-frame-pointer
-funroll-all-loops -finline-functions execution test
FAIL: gfortran.dg/f2003_io_5.f03 -O3 -g execution test
FAIL: gfortran.dg/f2003_io_5.f03 -Os execution test
FAIL: gfortran.dg/f2003_io_6.f03 -O0 execution test
FAIL: gfortran.dg/f2003_io_6.f03 -O1 execution test
FAIL: gfortran.dg/f2003_io_6.f03 -O2 execution test
FAIL: gfortran.dg/f2003_io_6.f03 -O3 -fomit-frame-pointer execution test
FAIL: gfortran.dg/f2003_io_6.f03 -O3 -fomit-frame-pointer
-funroll-loops execution test
FAIL: gfortran.dg/f2003_io_6.f03 -O3 -fomit-frame-pointer
-funroll-all-loops -finline-functions execution test
FAIL: gfortran.dg/f2003_io_6.f03 -O3 -g execution test
FAIL: gfortran.dg/f2003_io_6.f03 -Os execution test
FAIL: gfortran.dg/f2003_io_7.f03 -O0 execution test
FAIL: gfortran.dg/f2003_io_7.f03 -O1 execution test
FAIL: gfortran.dg/f2003_io_7.f03 -O2 execution test
FAIL: gfortran.dg/f2003_io_7.f03 -O3 -fomit-frame-pointer execution test
FAIL: gfortran.dg/f2003_io_7.f03 -O3 -fomit-frame-pointer
-funroll-loops execution test
FAIL: gfortran.dg/f2003_io_7.f03 -O3 -fomit-frame-pointer
-funroll-all-loops -finline-functions execution test
FAIL: gfortran.dg/f2003_io_7.f03 -O3 -g execution test
FAIL: gfortran.dg/f2003_io_7.f03 -Os execution test
FAIL: gfortran.dg/fmt_bz_bn.f -O0 execution test
FAIL: gfortran.dg/fmt_bz_bn.f -O1 execution test
FAIL: gfortran.dg/fmt_bz_bn.f -O2 execution test
FAIL: gfortran.dg/fmt_bz_bn.f -O3 -fomit-frame-pointer execution test
FAIL: gfortran.dg/fmt_bz_bn.f -O3 -fomit-frame-pointer -funroll-loops
execution test
FAIL: gfortran.dg/fmt_bz_bn.f -O3 -fomit-frame-pointer
-funroll-all-loops -finline-functions execution test
FAIL: gfortran.dg/fmt_bz_bn.f -O3 -g execution test
FAIL: gfortran.dg/fmt_bz_bn.f -Os execution test
FAIL: gfortran.dg/fmt_error_10.f -O0 execution test
FAIL: gfortran.dg/fmt_error_10.f -O1 execution test
FAIL: gfortran.dg/fmt_error_10.f -O2 execution test
FAIL: gfortran.dg/fmt_error_10.f -O3 -fomit-frame-pointer execution test
FAIL: gfortran.dg/fmt_error_10.f -O3 -fomit-frame-pointer
-funroll-loops execution test
FAIL: gfortran.dg/fmt_error_10.f -O3 -fomit-frame-pointer
-funroll-all-loops -finline-functions execution test
FAIL: gfortran.dg/fmt_error_10.f -O3 -g execution test
FAIL: gfortran.dg/fmt_error_10.f -Os execution test
FAIL: gfortran.dg/fmt_error_4.f90 -O0 output pattern test, is At line
14 of file
/cygdrive/e/gnu/gcc-4.5-20100318/gcc/testsuite/gfortran.dg/fmt_error_4.f90
(unit = 6, file = 'stdout')
FAIL: gfortran.dg/fmt_error_4.f90 -O1 output pattern test, is At line
14 of file
/cygdrive/e/gnu/gcc-4.5-20100318/gcc/testsuite/gfortran.dg/fmt_error_4.f90
(unit = 6, file = 'stdout')
FAIL: gfortran.dg/fmt_error_4.f90 -O2 output pattern test, is At line
14 of file
/cygdrive/e/gnu/gcc-4.5-20100318/gcc/testsuite/gfortran.dg/fmt_error_4.f90
(unit = 6, file = 'stdout')
FAIL: gfortran.dg/fmt_error_4.f90 -O3 -fomit-frame-pointer output
pattern test, is At line 14 of file
/cygdrive/e/gnu/gcc-4.5-20100318/gcc/testsuite/gfortran.dg/fmt_error_4.f90
(unit = 6, file = 'stdout')
FAIL: gfortran.dg/fmt_error_4.f90 -O3 -fomit-frame-pointer
-funroll-loops output pattern test, is At line 14 of file
/cygdrive/e/gnu/gcc-4.5-20100318/gcc/testsuite/gfortran.dg/fmt_error_4.f90
(unit = 6, file = 'stdout')
FAIL: gfortran.dg/fmt_error_4.f90 -O3 -fomit-frame-pointer
-funroll-all-loops -finline-functions output pattern test, is At line
14 of file
/cygdrive/e/gnu/gcc-4.5-20100318/gcc/testsuite/gfortran.dg/fmt_error_4.f90
(unit = 6, file = 'stdout')
FAIL: gfortran.dg/fmt_error_4.f90 -O3 -g output pattern test, is At
line 14 of file
/cygdrive/e/gnu/gcc-4.5-20100318/gcc/testsuite/gfortran.dg/fmt_error_4.f90
(unit = 6, file = 'stdout')
FAIL: gfortran.dg/fmt_error_4.f90 -Os output pattern test, is At line
14 of file
/cygdrive/e/gnu/gcc-4.5-20100318/gcc/testsuite/gfortran.dg/fmt_error_4.f90
(unit = 6, file = 'stdout')
FAIL: gfortran.dg/fmt_error_5.f90 -O0 output pattern test, is At line
14 of file
/cygdrive/e/gnu/gcc-4.5-20100318/gcc/testsuite/gfortran.dg/fmt_error_5.f90
(unit = 6, file = 'stdout')
FAIL: gfortran.dg/fmt_error_5.f90 -O1 output pattern test, is At line
14 of file
/cygdrive/e/gnu/gcc-4.5-20100318/gcc/testsuite/gfortran.dg/fmt_error_5.f90
(unit = 6, file = 'stdout')
FAIL: gfortran.dg/fmt_error_5.f90 -O2 output pattern test, is At line
14 of file
/cygdrive/e/gnu/gcc-4.5-20100318/gcc/testsuite/gfortran.dg/fmt_error_5.f90
(unit = 6, file = 'stdout')
FAIL: gfortran.dg/fmt_error_5.f90 -O3 -fomit-frame-pointer output
pattern test, is At line 14 of file
/cygdrive/e/gnu/gcc-4.5-20100318/gcc/testsuite/gfortran.dg/fmt_error_5.f90
(unit = 6, file = 'stdout')
FAIL: gfortran.dg/fmt_error_5.f90 -O3 -fomit-frame-pointer
-funroll-loops output pattern test, is At line 14 of file
/cygdrive/e/gnu/gcc-4.5-20100318/gcc/testsuite/gfortran.dg/fmt_error_5.f90
(unit = 6, file = 'stdout')
FAIL: gfortran.dg/fmt_error_5.f90 -O3 -fomit-frame-pointer
-funroll-all-loops -finline-functions output pattern test, is At line
14 of file
/cygdrive/e/gnu/gcc-4.5-20100318/gcc/testsuite/gfortran.dg/fmt_error_5.f90
(unit = 6, file = 'stdout')
FAIL: gfortran.dg/fmt_error_5.f90 -O3 -g output pattern test, is At
line 14 of file
/cygdrive/e/gnu/gcc-4.5-20100318/gcc/testsuite/gfortran.dg/fmt_error_5.f90
(unit = 6, file = 'stdout')
FAIL: gfortran.dg/fmt_error_5.f90 -Os output pattern test, is At line
14 of file
/cygdrive/e/gnu/gcc-4.5-20100318/gcc/testsuite/gfortran.dg/fmt_error_5.f90
(unit = 6, file = 'stdout')
FAIL: gfortran.dg/fmt_error_9.f -O0 execution test
FAIL: gfortran.dg/fmt_error_9.f -O1 execution test
FAIL: gfortran.dg/fmt_error_9.f -O2 execution test
FAIL: gfortran.dg/fmt_error_9.f -O3 -fomit-frame-pointer execution test
FAIL: gfortran.dg/fmt_error_9.f -O3 -fomit-frame-pointer
-funroll-loops execution test
FAIL: gfortran.dg/fmt_error_9.f -O3 -fomit-frame-pointer
-funroll-all-loops -finline-functions execution test
FAIL: gfortran.dg/fmt_error_9.f -O3 -g execution test
FAIL: gfortran.dg/fmt_error_9.f -Os execution test
FAIL: gfortran.dg/fmt_f_an_p.f -O0 execution test
FAIL: gfortran.dg/fmt_f_an_p.f -O1 execution test
FAIL: gfortran.dg/fmt_f_an_p.f -O2 execution test
FAIL: gfortran.dg/fmt_f_an_p.f -O3 -fomit-frame-pointer execution test
FAIL: gfortran.dg/fmt_f_an_p.f -O3 -fomit-frame-pointer -funroll-loops
execution test
FAIL: gfortran.dg/fmt_f_an_p.f -O3 -fomit-frame-pointer
-funroll-all-loops -finline-functions execution test
FAIL: gfortran.dg/fmt_f_an_p.f -O3 -g execution test
FAIL: gfortran.dg/fmt_f_an_p.f -Os execution test
FAIL: gfortran.dg/fmt_g0_1.f08 -O0 execution test
FAIL: gfortran.dg/fmt_g0_1.f08 -O1 execution test
FAIL: gfortran.dg/fmt_g0_1.f08 -O2 execution test
FAIL: gfortran.dg/fmt_g0_1.f08 -O3 -fomit-frame-pointer execution test
FAIL: gfortran.dg/fmt_g0_1.f08 -O3 -fomit-frame-pointer -funroll-loops
execution test
FAIL: gfortran.dg/fmt_g0_1.f08 -O3 -fomit-frame-pointer
-funroll-all-loops -finline-functions execution test
FAIL: gfortran.dg/fmt_g0_1.f08 -O3 -g execution test
FAIL: gfortran.dg/fmt_g0_1.f08 -Os execution test
FAIL: gfortran.dg/fmt_g0_2.f08 -O0 output pattern test, is At line 8
of file
/cygdrive/e/gnu/gcc-4.5-20100318/gcc/testsuite/gfortran.dg/fmt_g0_2.f08
FAIL: gfortran.dg/fmt_g0_2.f08 -O1 output pattern test, is At line 8
of file
/cygdrive/e/gnu/gcc-4.5-20100318/gcc/testsuite/gfortran.dg/fmt_g0_2.f08
FAIL: gfortran.dg/fmt_g0_2.f08 -O2 output pattern test, is At line 8
of file
/cygdrive/e/gnu/gcc-4.5-20100318/gcc/testsuite/gfortran.dg/fmt_g0_2.f08
FAIL: gfortran.dg/fmt_g0_2.f08 -O3 -fomit-frame-pointer output pattern
test, is At line 8 of file
/cygdrive/e/gnu/gcc-4.5-20100318/gcc/testsuite/gfortran.dg/fmt_g0_2.f08
FAIL: gfortran.dg/fmt_g0_2.f08 -O3 -fomit-frame-pointer -funroll-loops
output pattern test, is At line 8 of file
/cygdrive/e/gnu/gcc-4.5-20100318/gcc/testsuite/gfortran.dg/fmt_g0_2.f08
FAIL: gfortran.dg/fmt_g0_2.f08 -O3 -fomit-frame-pointer
-funroll-all-loops -finline-functions output pattern test, is At line 8
of file
/cygdrive/e/gnu/gcc-4.5-20100318/gcc/testsuite/gfortran.dg/fmt_g0_2.f08
FAIL: gfortran.dg/fmt_g0_2.f08 -O3 -g output pattern test, is At line
8 of file
/cygdrive/e/gnu/gcc-4.5-20100318/gcc/testsuite/gfortran.dg/fmt_g0_2.f08
FAIL: gfortran.dg/fmt_g0_2.f08 -Os output pattern test, is At line 8
of file
/cygdrive/e/gnu/gcc-4.5-20100318/gcc/testsuite/gfortran.dg/fmt_g0_2.f08
FAIL: gfortran.dg/fmt_int_sign.f90 -O0 execution test
FAIL: gfortran.dg/fmt_int_sign.f90 -O1 execution test
FAIL: gfortran.dg/fmt_int_sign.f90 -O2 execution test
FAIL: gfortran.dg/fmt_int_sign.f90 -O3 -fomit-frame-pointer execution test
FAIL: gfortran.dg/fmt_int_sign.f90 -O3 -fomit-frame-pointer
-funroll-loops execution test
FAIL: gfortran.dg/fmt_int_sign.f90 -O3 -fomit-frame-pointer
-funroll-all-loops -finline-functions execution test
FAIL: gfortran.dg/fmt_int_sign.f90 -O3 -g execution test
FAIL: gfortran.dg/fmt_int_sign.f90 -Os execution test
FAIL: gfortran.dg/fmt_t_7.f -O0 execution test
FAIL: gfortran.dg/fmt_t_7.f -O1 execution test
FAIL: gfortran.dg/fmt_t_7.f -O2 execution test
FAIL: gfortran.dg/fmt_t_7.f -O3 -fomit-frame-pointer execution test
FAIL: gfortran.dg/fmt_t_7.f -O3 -fomit-frame-pointer -funroll-loops
execution test
FAIL: gfortran.dg/fmt_t_7.f -O3 -fomit-frame-pointer -funroll-all-loops
-finline-functions execution test
FAIL: gfortran.dg/fmt_t_7.f -O3 -g execution test
FAIL: gfortran.dg/fmt_t_7.f -Os execution test
FAIL: gfortran.dg/fmt_zero_digits.f90 -O0 execution test
FAIL: gfortran.dg/fmt_zero_digits.f90 -O1 execution test
FAIL: gfortran.dg/fmt_zero_digits.f90 -O2 execution test
FAIL: gfortran.dg/fmt_zero_digits.f90 -O3 -fomit-frame-pointer
execution test
FAIL: gfortran.dg/fmt_zero_digits.f90 -O3 -fomit-frame-pointer
-funroll-loops execution test
FAIL: gfortran.dg/fmt_zero_digits.f90 -O3 -fomit-frame-pointer
-funroll-all-loops -finline-functions execution test
FAIL: gfortran.dg/fmt_zero_digits.f90 -O3 -g execution test
FAIL: gfortran.dg/fmt_zero_digits.f90 -Os execution test
FAIL: gfortran.dg/index_2.f90 -O0 execution test
FAIL: gfortran.dg/index_2.f90 -O1 execution test
FAIL: gfortran.dg/index_2.f90 -O2 execution test
FAIL: gfortran.dg/index_2.f90 -O3 -fomit-frame-pointer execution test
FAIL: gfortran.dg/index_2.f90 -O3 -fomit-frame-pointer -funroll-loops
execution test
FAIL: gfortran.dg/index_2.f90 -O3 -fomit-frame-pointer
-funroll-all-loops -finline-functions execution test
FAIL: gfortran.dg/index_2.f90 -O3 -g execution test
FAIL: gfortran.dg/index_2.f90 -Os execution test
FAIL: gfortran.dg/list_read_9.f90 -O0 execution test
FAIL: gfortran.dg/list_read_9.f90 -O1 execution test
FAIL: gfortran.dg/list_read_9.f90 -O2 execution test
FAIL: gfortran.dg/list_read_9.f90 -O3 -fomit-frame-pointer execution test
FAIL: gfortran.dg/list_read_9.f90 -O3 -fomit-frame-pointer
-funroll-loops execution test
FAIL: gfortran.dg/list_read_9.f90 -O3 -fomit-frame-pointer
-funroll-all-loops -finline-functions execution test
FAIL: gfortran.dg/list_read_9.f90 -O3 -g execution test
FAIL: gfortran.dg/list_read_9.f90 -Os execution test
FAIL: gfortran.dg/matmul_7.f90 -O0 execution test
FAIL: gfortran.dg/matmul_7.f90 -O1 execution test
FAIL: gfortran.dg/matmul_7.f90 -O2 execution test
FAIL: gfortran.dg/matmul_7.f90 -O3 -fomit-frame-pointer execution test
FAIL: gfortran.dg/matmul_7.f90 -O3 -fomit-frame-pointer -funroll-loops
execution test
FAIL: gfortran.dg/matmul_7.f90 -O3 -fomit-frame-pointer
-funroll-all-loops -finline-functions execution test
FAIL: gfortran.dg/matmul_7.f90 -O3 -g execution test
FAIL: gfortran.dg/matmul_7.f90 -Os execution test
FAIL: gfortran.dg/matmul_bounds_2.f90 -O0 execution test
FAIL: gfortran.dg/matmul_bounds_2.f90 -O1 execution test
FAIL: gfortran.dg/matmul_bounds_2.f90 -O2 execution test
FAIL: gfortran.dg/matmul_bounds_2.f90 -O3 -fomit-frame-pointer
execution test
FAIL: gfortran.dg/matmul_bounds_2.f90 -O3 -fomit-frame-pointer
-funroll-loops execution test
FAIL: gfortran.dg/matmul_bounds_2.f90 -O3 -fomit-frame-pointer
-funroll-all-loops -finline-functions execution test
FAIL: gfortran.dg/matmul_bounds_2.f90 -O3 -g execution test
FAIL: gfortran.dg/matmul_bounds_2.f90 -Os execution test
FAIL: gfortran.dg/matmul_bounds_3.f90 -O0 execution test
FAIL: gfortran.dg/matmul_bounds_3.f90 -O1 execution test
FAIL: gfortran.dg/matmul_bounds_3.f90 -O2 execution test
FAIL: gfortran.dg/matmul_bounds_3.f90 -O3 -fomit-frame-pointer
execution test
FAIL: gfortran.dg/matmul_bounds_3.f90 -O3 -fomit-frame-pointer
-funroll-loops execution test
FAIL: gfortran.dg/matmul_bounds_3.f90 -O3 -fomit-frame-pointer
-funroll-all-loops -finline-functions execution test
FAIL: gfortran.dg/matmul_bounds_3.f90 -O3 -g execution test
FAIL: gfortran.dg/matmul_bounds_3.f90 -Os execution test
FAIL: gfortran.dg/matmul_bounds_4.f90 -O0 execution test
FAIL: gfortran.dg/matmul_bounds_4.f90 -O1 execution test
FAIL: gfortran.dg/matmul_bounds_4.f90 -O2 execution test
FAIL: gfortran.dg/matmul_bounds_4.f90 -O3 -fomit-frame-pointer
execution test
FAIL: gfortran.dg/matmul_bounds_4.f90 -O3 -fomit-frame-pointer
-funroll-loops execution test
FAIL: gfortran.dg/matmul_bounds_4.f90 -O3 -fomit-frame-pointer
-funroll-all-loops -finline-functions execution test
FAIL: gfortran.dg/matmul_bounds_4.f90 -O3 -g execution test
FAIL: gfortran.dg/matmul_bounds_4.f90 -Os execution test
FAIL: gfortran.dg/matmul_bounds_5.f90 -O0 execution test
FAIL: gfortran.dg/matmul_bounds_5.f90 -O1 execution test
FAIL: gfortran.dg/matmul_bounds_5.f90 -O2 execution test
FAIL: gfortran.dg/matmul_bounds_5.f90 -O3 -fomit-frame-pointer
execution test
FAIL: gfortran.dg/matmul_bounds_5.f90 -O3 -fomit-frame-pointer
-funroll-loops execution test
FAIL: gfortran.dg/matmul_bounds_5.f90 -O3 -fomit-frame-pointer
-funroll-all-loops -finline-functions execution test
FAIL: gfortran.dg/matmul_bounds_5.f90 -O3 -g execution test
FAIL: gfortran.dg/matmul_bounds_5.f90 -Os execution test
FAIL: gfortran.dg/maxloc_bounds_4.f90 -O0 output pattern test, is
Fortran runtime error: Incorrect extent in return value of MAXLOC
intrnisic: is 3, should be 2
FAIL: gfortran.dg/maxloc_bounds_4.f90 -O1 output pattern test, is
Fortran runtime error: Incorrect extent in return value of MAXLOC
intrnisic: is 3, should be 2
FAIL: gfortran.dg/maxloc_bounds_4.f90 -O2 output pattern test, is
Fortran runtime error: Incorrect extent in return value of MAXLOC
intrnisic: is 3, should be 2
FAIL: gfortran.dg/maxloc_bounds_4.f90 -O3 -fomit-frame-pointer output
pattern test, is Fortran runtime error: Incorrect extent in return value
of MAXLOC intrnisic: is 3, should be 2
FAIL: gfortran.dg/maxloc_bounds_4.f90 -O3 -fomit-frame-pointer
-funroll-loops output pattern test, is Fortran runtime error: Incorrect
extent in return value of MAXLOC intrnisic: is 3, should be 2
FAIL: gfortran.dg/maxloc_bounds_4.f90 -O3 -fomit-frame-pointer
-funroll-all-loops -finline-functions output pattern test, is Fortran
runtime error: Incorrect extent in return value of MAXLOC intrnisic: is
3, should be 2
FAIL: gfortran.dg/maxloc_bounds_4.f90 -O3 -g output pattern test, is
Fortran runtime error: Incorrect extent in return value of MAXLOC
intrnisic: is 3, should be 2
FAIL: gfortran.dg/maxloc_bounds_4.f90 -Os output pattern test, is
Fortran runtime error: Incorrect extent in return value of MAXLOC
intrnisic: is 3, should be 2
FAIL: gfortran.dg/maxloc_bounds_5.f90 -O0 output pattern test, is
Fortran runtime error: Incorrect extent in return value of MAXLOC
intrnisic: is 3, should be 2
FAIL: gfortran.dg/maxloc_bounds_5.f90 -O1 output pattern test, is
Fortran runtime error: Incorrect extent in return value of MAXLOC
intrnisic: is 3, should be 2
FAIL: gfortran.dg/maxloc_bounds_5.f90 -O2 output pattern test, is
Fortran runtime error: Incorrect extent in return value of MAXLOC
intrnisic: is 3, should be 2
FAIL: gfortran.dg/maxloc_bounds_5.f90 -O3 -fomit-frame-pointer output
pattern test, is Fortran runtime error: Incorrect extent in return value
of MAXLOC intrnisic: is 3, should be 2
FAIL: gfortran.dg/maxloc_bounds_5.f90 -O3 -fomit-frame-pointer
-funroll-loops output pattern test, is Fortran runtime error: Incorrect
extent in return value of MAXLOC intrnisic: is 3, should be 2
FAIL: gfortran.dg/maxloc_bounds_5.f90 -O3 -fomit-frame-pointer
-funroll-all-loops -finline-functions output pattern test, is Fortran
runtime error: Incorrect extent in return value of MAXLOC intrnisic: is
3, should be 2
FAIL: gfortran.dg/maxloc_bounds_5.f90 -O3 -g output pattern test, is
Fortran runtime error: Incorrect extent in return value of MAXLOC
intrnisic: is 3, should be 2
FAIL: gfortran.dg/maxloc_bounds_5.f90 -Os output pattern test, is
Fortran runtime error: Incorrect extent in return value of MAXLOC
intrnisic: is 3, should be 2
FAIL: gfortran.dg/maxloc_bounds_7.f90 -O0 output pattern test, is
Fortran runtime error: Incorrect extent in return value of MAXLOC
intrnisic: is 3, should be 2
FAIL: gfortran.dg/maxloc_bounds_7.f90 -O1 output pattern test, is
Fortran runtime error: Incorrect extent in return value of MAXLOC
intrnisic: is 3, should be 2
FAIL: gfortran.dg/maxloc_bounds_7.f90 -O2 output pattern test, is
Fortran runtime error: Incorrect extent in return value of MAXLOC
intrnisic: is 3, should be 2
FAIL: gfortran.dg/maxloc_bounds_7.f90 -O3 -fomit-frame-pointer output
pattern test, is Fortran runtime error: Incorrect extent in return value
of MAXLOC intrnisic: is 3, should be 2
FAIL: gfortran.dg/maxloc_bounds_7.f90 -O3 -fomit-frame-pointer
-funroll-loops output pattern test, is Fortran runtime error: Incorrect
extent in return value of MAXLOC intrnisic: is 3, should be 2
FAIL: gfortran.dg/maxloc_bounds_7.f90 -O3 -fomit-frame-pointer
-funroll-all-loops -finline-functions output pattern test, is Fortran
runtime error: Incorrect extent in return value of MAXLOC intrnisic: is
3, should be 2
FAIL: gfortran.dg/maxloc_bounds_7.f90 -O3 -g output pattern test, is
Fortran runtime error: Incorrect extent in return value of MAXLOC
intrnisic: is 3, should be 2
FAIL: gfortran.dg/maxloc_bounds_7.f90 -Os output pattern test, is
Fortran runtime error: Incorrect extent in return value of MAXLOC
intrnisic: is 3, should be 2
FAIL: gfortran.dg/maxlocval_4.f90 -O0 execution test
FAIL: gfortran.dg/maxlocval_4.f90 -O1 execution test
FAIL: gfortran.dg/maxlocval_4.f90 -O2 execution test
FAIL: gfortran.dg/maxlocval_4.f90 -O3 -fomit-frame-pointer execution test
FAIL: gfortran.dg/maxlocval_4.f90 -O3 -fomit-frame-pointer
-funroll-loops execution test
FAIL: gfortran.dg/maxlocval_4.f90 -O3 -fomit-frame-pointer
-funroll-all-loops -finline-functions execution test
FAIL: gfortran.dg/maxlocval_4.f90 -O3 -g execution test
FAIL: gfortran.dg/maxlocval_4.f90 -Os execution test
FAIL: gfortran.dg/minlocval_4.f90 -O0 execution test
FAIL: gfortran.dg/minlocval_4.f90 -O1 execution test
FAIL: gfortran.dg/minlocval_4.f90 -O2 execution test
FAIL: gfortran.dg/minlocval_4.f90 -O3 -fomit-frame-pointer execution test
FAIL: gfortran.dg/minlocval_4.f90 -O3 -fomit-frame-pointer
-funroll-loops execution test
FAIL: gfortran.dg/minlocval_4.f90 -O3 -fomit-frame-pointer
-funroll-all-loops -finline-functions execution test
FAIL: gfortran.dg/minlocval_4.f90 -O3 -g execution test
FAIL: gfortran.dg/minlocval_4.f90 -Os execution test
FAIL: gfortran.dg/mvbits_5.f90 -O0 execution test
FAIL: gfortran.dg/mvbits_5.f90 -O1 execution test
FAIL: gfortran.dg/mvbits_5.f90 -O2 execution test
FAIL: gfortran.dg/mvbits_5.f90 -O3 -fomit-frame-pointer execution test
FAIL: gfortran.dg/mvbits_5.f90 -O3 -fomit-frame-pointer -funroll-loops
execution test
FAIL: gfortran.dg/mvbits_5.f90 -O3 -fomit-frame-pointer
-funroll-all-loops -finline-functions execution test
FAIL: gfortran.dg/mvbits_5.f90 -O3 -g execution test
FAIL: gfortran.dg/mvbits_5.f90 -Os execution test
FAIL: gfortran.dg/namelist_40.f90 -O0 output pattern test, is Multiple
sub-objects with non-zero rank in namelist object x
FAIL: gfortran.dg/namelist_40.f90 -O1 output pattern test, is Multiple
sub-objects with non-zero rank in namelist object x
FAIL: gfortran.dg/namelist_40.f90 -O2 output pattern test, is Multiple
sub-objects with non-zero rank in namelist object x
FAIL: gfortran.dg/namelist_40.f90 -O3 -fomit-frame-pointer output
pattern test, is Multiple sub-objects with non-zero rank in namelist
object x
FAIL: gfortran.dg/namelist_40.f90 -O3 -fomit-frame-pointer
-funroll-loops output pattern test, is Multiple sub-objects with
non-zero rank in namelist object x
FAIL: gfortran.dg/namelist_40.f90 -O3 -fomit-frame-pointer
-funroll-all-loops -finline-functions output pattern test, is Multiple
sub-objects with non-zero rank in namelist object x
FAIL: gfortran.dg/namelist_40.f90 -O3 -g output pattern test, is
Multiple sub-objects with non-zero rank in namelist object x
FAIL: gfortran.dg/namelist_40.f90 -Os output pattern test, is Multiple
sub-objects with non-zero rank in namelist object x
FAIL: gfortran.dg/namelist_47.f90 -O0 output pattern test, is Multiple
sub-objects with non-zero rank in namelist object x
FAIL: gfortran.dg/namelist_47.f90 -O1 output pattern test, is Multiple
sub-objects with non-zero rank in namelist object x
FAIL: gfortran.dg/namelist_47.f90 -O2 output pattern test, is Multiple
sub-objects with non-zero rank in namelist object x
FAIL: gfortran.dg/namelist_47.f90 -O3 -fomit-frame-pointer output
pattern test, is Multiple sub-objects with non-zero rank in namelist
object x
FAIL: gfortran.dg/namelist_47.f90 -O3 -fomit-frame-pointer
-funroll-loops output pattern test, is Multiple sub-objects with
non-zero rank in namelist object x
FAIL: gfortran.dg/namelist_47.f90 -O3 -fomit-frame-pointer
-funroll-all-loops -finline-functions output pattern test, is Multiple
sub-objects with non-zero rank in namelist object x
FAIL: gfortran.dg/namelist_47.f90 -O3 -g output pattern test, is
Multiple sub-objects with non-zero rank in namelist object x
FAIL: gfortran.dg/namelist_47.f90 -Os output pattern test, is Multiple
sub-objects with non-zero rank in namelist object x
FAIL: gfortran.dg/namelist_53.f90 -O0 execution test
FAIL: gfortran.dg/namelist_53.f90 -O1 execution test
FAIL: gfortran.dg/namelist_53.f90 -O2 execution test
FAIL: gfortran.dg/namelist_53.f90 -O3 -fomit-frame-pointer execution test
FAIL: gfortran.dg/namelist_53.f90 -O3 -fomit-frame-pointer
-funroll-loops execution test
FAIL: gfortran.dg/namelist_53.f90 -O3 -fomit-frame-pointer
-funroll-all-loops -finline-functions execution test
FAIL: gfortran.dg/namelist_53.f90 -O3 -g execution test
FAIL: gfortran.dg/namelist_53.f90 -Os execution test
FAIL: gfortran.dg/namelist_57.f90 -O0 execution test
FAIL: gfortran.dg/namelist_57.f90 -O1 execution test
FAIL: gfortran.dg/namelist_57.f90 -O2 execution test
FAIL: gfortran.dg/namelist_57.f90 -O3 -fomit-frame-pointer execution test
FAIL: gfortran.dg/namelist_57.f90 -O3 -fomit-frame-pointer
-funroll-loops execution test
FAIL: gfortran.dg/namelist_57.f90 -O3 -fomit-frame-pointer
-funroll-all-loops -finline-functions execution test
FAIL: gfortran.dg/namelist_57.f90 -O3 -g execution test
FAIL: gfortran.dg/namelist_57.f90 -Os execution test
FAIL: gfortran.dg/namelist_58.f90 -O0 execution test
FAIL: gfortran.dg/namelist_58.f90 -O1 execution test
FAIL: gfortran.dg/namelist_58.f90 -O2 execution test
FAIL: gfortran.dg/namelist_58.f90 -O3 -fomit-frame-pointer execution test
FAIL: gfortran.dg/namelist_58.f90 -O3 -fomit-frame-pointer
-funroll-loops execution test
FAIL: gfortran.dg/namelist_58.f90 -O3 -fomit-frame-pointer
-funroll-all-loops -finline-functions execution test
FAIL: gfortran.dg/namelist_58.f90 -O3 -g execution test
FAIL: gfortran.dg/namelist_58.f90 -Os execution test
FAIL: gfortran.dg/namelist_59.f90 -O0 execution test
FAIL: gfortran.dg/namelist_59.f90 -O1 execution test
FAIL: gfortran.dg/namelist_59.f90 -O2 execution test
FAIL: gfortran.dg/namelist_59.f90 -O3 -fomit-frame-pointer execution test
FAIL: gfortran.dg/namelist_59.f90 -O3 -fomit-frame-pointer
-funroll-loops execution test
FAIL: gfortran.dg/namelist_59.f90 -O3 -fomit-frame-pointer
-funroll-all-loops -finline-functions execution test
FAIL: gfortran.dg/namelist_59.f90 -O3 -g execution test
FAIL: gfortran.dg/namelist_59.f90 -Os execution test
FAIL: gfortran.dg/namelist_60.f90 -O0 execution test
FAIL: gfortran.dg/namelist_60.f90 -O1 execution test
FAIL: gfortran.dg/namelist_60.f90 -O2 execution test
FAIL: gfortran.dg/namelist_60.f90 -O3 -fomit-frame-pointer execution test
FAIL: gfortran.dg/namelist_60.f90 -O3 -fomit-frame-pointer
-funroll-loops execution test
FAIL: gfortran.dg/namelist_60.f90 -O3 -fomit-frame-pointer
-funroll-all-loops -finline-functions execution test
FAIL: gfortran.dg/namelist_60.f90 -O3 -g execution test
FAIL: gfortran.dg/namelist_60.f90 -Os execution test
FAIL: gfortran.dg/namelist_61.f90 -O0 execution test
FAIL: gfortran.dg/namelist_61.f90 -O1 execution test
FAIL: gfortran.dg/namelist_61.f90 -O2 execution test
FAIL: gfortran.dg/namelist_61.f90 -O3 -fomit-frame-pointer execution test
FAIL: gfortran.dg/namelist_61.f90 -O3 -fomit-frame-pointer
-funroll-loops execution test
FAIL: gfortran.dg/namelist_61.f90 -O3 -fomit-frame-pointer
-funroll-all-loops -finline-functions execution test
FAIL: gfortran.dg/namelist_61.f90 -O3 -g execution test
FAIL: gfortran.dg/namelist_61.f90 -Os execution test
FAIL: gfortran.dg/namelist_print_1.f -O0 output pattern test, is &MYNML
FAIL: gfortran.dg/namelist_print_1.f -O1 output pattern test, is &MYNML
FAIL: gfortran.dg/namelist_print_1.f -O2 output pattern test, is &MYNML
FAIL: gfortran.dg/namelist_print_1.f -O3 -fomit-frame-pointer output
pattern test, is &MYNML
FAIL: gfortran.dg/namelist_print_1.f -O3 -fomit-frame-pointer
-funroll-loops output pattern test, is &MYNML
FAIL: gfortran.dg/namelist_print_1.f -O3 -fomit-frame-pointer
-funroll-all-loops -finline-functions output pattern test, is &MYNML
FAIL: gfortran.dg/namelist_print_1.f -O3 -g output pattern test, is &MYNML
FAIL: gfortran.dg/namelist_print_1.f -Os output pattern test, is &MYNML
FAIL: gfortran.dg/newunit_1.f90 -O0 execution test
FAIL: gfortran.dg/newunit_1.f90 -O1 execution test
FAIL: gfortran.dg/newunit_1.f90 -O2 execution test
FAIL: gfortran.dg/newunit_1.f90 -O3 -fomit-frame-pointer execution test
FAIL: gfortran.dg/newunit_1.f90 -O3 -fomit-frame-pointer
-funroll-loops execution test
FAIL: gfortran.dg/newunit_1.f90 -O3 -fomit-frame-pointer
-funroll-all-loops -finline-functions execution test
FAIL: gfortran.dg/newunit_1.f90 -O3 -g execution test
FAIL: gfortran.dg/newunit_1.f90 -Os execution test
FAIL: gfortran.dg/nint_2.f90 -O0 execution test
FAIL: gfortran.dg/no_range_check_2.f90 -O0 execution test
FAIL: gfortran.dg/no_range_check_2.f90 -O1 execution test
FAIL: gfortran.dg/no_range_check_2.f90 -O2 execution test
FAIL: gfortran.dg/no_range_check_2.f90 -O3 -fomit-frame-pointer
execution test
FAIL: gfortran.dg/no_range_check_2.f90 -O3 -fomit-frame-pointer
-funroll-loops execution test
FAIL: gfortran.dg/no_range_check_2.f90 -O3 -fomit-frame-pointer
-funroll-all-loops -finline-functions execution test
FAIL: gfortran.dg/no_range_check_2.f90 -O3 -g execution test
FAIL: gfortran.dg/no_range_check_2.f90 -Os execution test
FAIL: gfortran.dg/read_eof_all.f90 -O0 execution test
FAIL: gfortran.dg/read_eof_all.f90 -O1 execution test
FAIL: gfortran.dg/read_eof_all.f90 -O2 execution test
FAIL: gfortran.dg/read_eof_all.f90 -O3 -fomit-frame-pointer execution test
FAIL: gfortran.dg/read_eof_all.f90 -O3 -fomit-frame-pointer
-funroll-loops execution test
FAIL: gfortran.dg/read_eof_all.f90 -O3 -fomit-frame-pointer
-funroll-all-loops -finline-functions execution test
FAIL: gfortran.dg/read_eof_all.f90 -O3 -g execution test
FAIL: gfortran.dg/read_eof_all.f90 -Os execution test
FAIL: gfortran.dg/reshape_order_1.f90 -O0 execution test
FAIL: gfortran.dg/reshape_order_1.f90 -O1 execution test
FAIL: gfortran.dg/reshape_order_1.f90 -O2 execution test
FAIL: gfortran.dg/reshape_order_1.f90 -O3 -fomit-frame-pointer
execution test
FAIL: gfortran.dg/reshape_order_1.f90 -O3 -fomit-frame-pointer
-funroll-loops execution test
FAIL: gfortran.dg/reshape_order_1.f90 -O3 -fomit-frame-pointer
-funroll-all-loops -finline-functions execution test
FAIL: gfortran.dg/reshape_order_1.f90 -O3 -g execution test
FAIL: gfortran.dg/reshape_order_1.f90 -Os execution test
FAIL: gfortran.dg/reshape_order_2.f90 -O0 output pattern test, is
Fortran runtime error: shape and target do not conform
FAIL: gfortran.dg/reshape_order_2.f90 -O1 output pattern test, is
Fortran runtime error: shape and target do not conform
FAIL: gfortran.dg/reshape_order_2.f90 -O2 output pattern test, is
Fortran runtime error: shape and target do not conform
FAIL: gfortran.dg/reshape_order_2.f90 -O3 -fomit-frame-pointer output
pattern test, is Fortran runtime error: shape and target do not conform
FAIL: gfortran.dg/reshape_order_2.f90 -O3 -fomit-frame-pointer
-funroll-loops output pattern test, is Fortran runtime error: shape and
target do not conform
FAIL: gfortran.dg/reshape_order_2.f90 -O3 -fomit-frame-pointer
-funroll-all-loops -finline-functions output pattern test, is Fortran
runtime error: shape and target do not conform
FAIL: gfortran.dg/reshape_order_2.f90 -O3 -g output pattern test, is
Fortran runtime error: shape and target do not conform
FAIL: gfortran.dg/reshape_order_2.f90 -Os output pattern test, is
Fortran runtime error: shape and target do not conform
FAIL: gfortran.dg/reshape_order_3.f90 -O0 execution test
FAIL: gfortran.dg/reshape_order_3.f90 -O1 execution test
FAIL: gfortran.dg/reshape_order_3.f90 -O2 execution test
FAIL: gfortran.dg/reshape_order_3.f90 -O3 -fomit-frame-pointer
execution test
FAIL: gfortran.dg/reshape_order_3.f90 -O3 -fomit-frame-pointer
-funroll-loops execution test
FAIL: gfortran.dg/reshape_order_3.f90 -O3 -fomit-frame-pointer
-funroll-all-loops -finline-functions execution test
FAIL: gfortran.dg/reshape_order_3.f90 -O3 -g execution test
FAIL: gfortran.dg/reshape_order_3.f90 -Os execution test
FAIL: gfortran.dg/reshape_order_4.f90 -O0 output pattern test, is
Fortran runtime error: shape and target do not conform
FAIL: gfortran.dg/reshape_order_4.f90 -O1 output pattern test, is
Fortran runtime error: shape and target do not conform
FAIL: gfortran.dg/reshape_order_4.f90 -O2 output pattern test, is
Fortran runtime error: shape and target do not conform
FAIL: gfortran.dg/reshape_order_4.f90 -O3 -fomit-frame-pointer output
pattern test, is Fortran runtime error: shape and target do not conform
FAIL: gfortran.dg/reshape_order_4.f90 -O3 -fomit-frame-pointer
-funroll-loops output pattern test, is Fortran runtime error: shape and
target do not conform
FAIL: gfortran.dg/reshape_order_4.f90 -O3 -fomit-frame-pointer
-funroll-all-loops -finline-functions output pattern test, is Fortran
runtime error: shape and target do not conform
FAIL: gfortran.dg/reshape_order_4.f90 -O3 -g output pattern test, is
Fortran runtime error: shape and target do not conform
FAIL: gfortran.dg/reshape_order_4.f90 -Os output pattern test, is
Fortran runtime error: shape and target do not conform
FAIL: gfortran.dg/round_1.f03 -O0 execution test
FAIL: gfortran.dg/round_1.f03 -O1 execution test
FAIL: gfortran.dg/round_1.f03 -O2 execution test
FAIL: gfortran.dg/round_1.f03 -O3 -fomit-frame-pointer execution test
FAIL: gfortran.dg/round_1.f03 -O3 -fomit-frame-pointer -funroll-loops
execution test
FAIL: gfortran.dg/round_1.f03 -O3 -fomit-frame-pointer
-funroll-all-loops -finline-functions execution test
FAIL: gfortran.dg/round_1.f03 -O3 -g execution test
FAIL: gfortran.dg/round_1.f03 -Os execution test
FAIL: gfortran.dg/round_2.f03 -O0 execution test
FAIL: gfortran.dg/round_2.f03 -O1 execution test
FAIL: gfortran.dg/round_2.f03 -O2 execution test
FAIL: gfortran.dg/round_2.f03 -O3 -fomit-frame-pointer execution test
FAIL: gfortran.dg/round_2.f03 -O3 -fomit-frame-pointer -funroll-loops
execution test
FAIL: gfortran.dg/round_2.f03 -O3 -fomit-frame-pointer
-funroll-all-loops -finline-functions execution test
FAIL: gfortran.dg/round_2.f03 -O3 -g execution test
FAIL: gfortran.dg/round_2.f03 -Os execution test
FAIL: gfortran.dg/select_type_2.f03 -O0 execution test
FAIL: gfortran.dg/select_type_2.f03 -O1 execution test
FAIL: gfortran.dg/select_type_2.f03 -O2 execution test
FAIL: gfortran.dg/select_type_2.f03 -O3 -fomit-frame-pointer execution
test
FAIL: gfortran.dg/select_type_2.f03 -O3 -fomit-frame-pointer
-funroll-loops execution test
FAIL: gfortran.dg/select_type_2.f03 -O3 -fomit-frame-pointer
-funroll-all-loops -finline-functions execution test
FAIL: gfortran.dg/select_type_2.f03 -O3 -g execution test
FAIL: gfortran.dg/select_type_2.f03 -Os execution test
FAIL: gfortran.dg/select_type_8.f03 -O0 execution test
FAIL: gfortran.dg/select_type_8.f03 -O1 execution test
FAIL: gfortran.dg/select_type_8.f03 -O2 execution test
FAIL: gfortran.dg/select_type_8.f03 -O3 -fomit-frame-pointer execution
test
FAIL: gfortran.dg/select_type_8.f03 -O3 -fomit-frame-pointer
-funroll-loops execution test
FAIL: gfortran.dg/select_type_8.f03 -O3 -fomit-frame-pointer
-funroll-all-loops -finline-functions execution test
FAIL: gfortran.dg/select_type_8.f03 -O3 -g execution test
FAIL: gfortran.dg/select_type_8.f03 -Os execution test
FAIL: gfortran.dg/selected_char_kind_1.f90 -O0 execution test
FAIL: gfortran.dg/selected_char_kind_1.f90 -O1 execution test
FAIL: gfortran.dg/selected_char_kind_1.f90 -O2 execution test
FAIL: gfortran.dg/selected_char_kind_1.f90 -O3 -fomit-frame-pointer
execution test
FAIL: gfortran.dg/selected_char_kind_1.f90 -O3 -fomit-frame-pointer
-funroll-loops execution test
FAIL: gfortran.dg/selected_char_kind_1.f90 -O3 -fomit-frame-pointer
-funroll-all-loops -finline-functions execution test
FAIL: gfortran.dg/selected_char_kind_1.f90 -O3 -g execution test
FAIL: gfortran.dg/selected_char_kind_1.f90 -Os execution test
FAIL: gfortran.dg/streamio_1.f90 -O0 execution test
FAIL: gfortran.dg/streamio_1.f90 -O1 execution test
FAIL: gfortran.dg/streamio_1.f90 -O2 execution test
FAIL: gfortran.dg/streamio_1.f90 -O3 -fomit-frame-pointer execution test
FAIL: gfortran.dg/streamio_1.f90 -O3 -fomit-frame-pointer
-funroll-loops execution test
FAIL: gfortran.dg/streamio_1.f90 -O3 -fomit-frame-pointer
-funroll-all-loops -finline-functions execution test
FAIL: gfortran.dg/streamio_1.f90 -O3 -g execution test
FAIL: gfortran.dg/streamio_1.f90 -Os execution test
FAIL: gfortran.dg/streamio_10.f90 -O0 execution test
FAIL: gfortran.dg/streamio_10.f90 -O1 execution test
FAIL: gfortran.dg/streamio_10.f90 -O2 execution test
FAIL: gfortran.dg/streamio_10.f90 -O3 -fomit-frame-pointer execution test
FAIL: gfortran.dg/streamio_10.f90 -O3 -fomit-frame-pointer
-funroll-loops execution test
FAIL: gfortran.dg/streamio_10.f90 -O3 -fomit-frame-pointer
-funroll-all-loops -finline-functions execution test
FAIL: gfortran.dg/streamio_10.f90 -O3 -g execution test
FAIL: gfortran.dg/streamio_10.f90 -Os execution test
FAIL: gfortran.dg/streamio_12.f90 -O0 execution test
FAIL: gfortran.dg/streamio_12.f90 -O1 execution test
FAIL: gfortran.dg/streamio_12.f90 -O2 execution test
FAIL: gfortran.dg/streamio_12.f90 -O3 -fomit-frame-pointer execution test
FAIL: gfortran.dg/streamio_12.f90 -O3 -fomit-frame-pointer
-funroll-loops execution test
FAIL: gfortran.dg/streamio_12.f90 -O3 -fomit-frame-pointer
-funroll-all-loops -finline-functions execution test
FAIL: gfortran.dg/streamio_12.f90 -O3 -g execution test
FAIL: gfortran.dg/streamio_12.f90 -Os execution test
FAIL: gfortran.dg/streamio_14.f90 -O0 execution test
FAIL: gfortran.dg/streamio_14.f90 -O1 execution test
FAIL: gfortran.dg/streamio_14.f90 -O2 execution test
FAIL: gfortran.dg/streamio_14.f90 -O3 -fomit-frame-pointer execution test
FAIL: gfortran.dg/streamio_14.f90 -O3 -fomit-frame-pointer
-funroll-loops execution test
FAIL: gfortran.dg/streamio_14.f90 -O3 -fomit-frame-pointer
-funroll-all-loops -finline-functions execution test
FAIL: gfortran.dg/streamio_14.f90 -O3 -g execution test
FAIL: gfortran.dg/streamio_14.f90 -Os execution test
FAIL: gfortran.dg/streamio_15.f90 -O0 execution test
FAIL: gfortran.dg/streamio_15.f90 -O1 execution test
FAIL: gfortran.dg/streamio_15.f90 -O2 execution test
FAIL: gfortran.dg/streamio_15.f90 -O3 -fomit-frame-pointer execution test
FAIL: gfortran.dg/streamio_15.f90 -O3 -fomit-frame-pointer
-funroll-loops execution test
FAIL: gfortran.dg/streamio_15.f90 -O3 -fomit-frame-pointer
-funroll-all-loops -finline-functions execution test
FAIL: gfortran.dg/streamio_15.f90 -O3 -g execution test
FAIL: gfortran.dg/streamio_15.f90 -Os execution test
FAIL: gfortran.dg/streamio_16.f90 -O0 execution test
FAIL: gfortran.dg/streamio_16.f90 -O1 execution test
FAIL: gfortran.dg/streamio_16.f90 -O2 execution test
FAIL: gfortran.dg/streamio_16.f90 -O3 -fomit-frame-pointer execution test
FAIL: gfortran.dg/streamio_16.f90 -O3 -fomit-frame-pointer
-funroll-loops execution test
FAIL: gfortran.dg/streamio_16.f90 -O3 -fomit-frame-pointer
-funroll-all-loops -finline-functions execution test
FAIL: gfortran.dg/streamio_16.f90 -O3 -g execution test
FAIL: gfortran.dg/streamio_16.f90 -Os execution test
FAIL: gfortran.dg/streamio_2.f90 -O0 execution test
FAIL: gfortran.dg/streamio_2.f90 -O1 execution test
FAIL: gfortran.dg/streamio_2.f90 -O2 execution test
FAIL: gfortran.dg/streamio_2.f90 -O3 -fomit-frame-pointer execution test
FAIL: gfortran.dg/streamio_2.f90 -O3 -fomit-frame-pointer
-funroll-loops execution test
FAIL: gfortran.dg/streamio_2.f90 -O3 -fomit-frame-pointer
-funroll-all-loops -finline-functions execution test
FAIL: gfortran.dg/streamio_2.f90 -O3 -g execution test
FAIL: gfortran.dg/streamio_2.f90 -Os execution test
FAIL: gfortran.dg/streamio_6.f90 -O0 execution test
FAIL: gfortran.dg/streamio_6.f90 -O1 execution test
FAIL: gfortran.dg/streamio_6.f90 -O2 execution test
FAIL: gfortran.dg/streamio_6.f90 -O3 -fomit-frame-pointer execution test
FAIL: gfortran.dg/streamio_6.f90 -O3 -fomit-frame-pointer
-funroll-loops execution test
FAIL: gfortran.dg/streamio_6.f90 -O3 -fomit-frame-pointer
-funroll-all-loops -finline-functions execution test
FAIL: gfortran.dg/streamio_6.f90 -O3 -g execution test
FAIL: gfortran.dg/streamio_6.f90 -Os execution test
FAIL: gfortran.dg/streamio_7.f90 -O0 execution test
FAIL: gfortran.dg/streamio_7.f90 -O1 execution test
FAIL: gfortran.dg/streamio_7.f90 -O2 execution test
FAIL: gfortran.dg/streamio_7.f90 -O3 -fomit-frame-pointer execution test
FAIL: gfortran.dg/streamio_7.f90 -O3 -fomit-frame-pointer
-funroll-loops execution test
FAIL: gfortran.dg/streamio_7.f90 -O3 -fomit-frame-pointer
-funroll-all-loops -finline-functions execution test
FAIL: gfortran.dg/streamio_7.f90 -O3 -g execution test
FAIL: gfortran.dg/streamio_7.f90 -Os execution test
FAIL: gfortran.dg/streamio_8.f90 -O0 execution test
FAIL: gfortran.dg/streamio_8.f90 -O1 execution test
FAIL: gfortran.dg/streamio_8.f90 -O2 execution test
FAIL: gfortran.dg/streamio_8.f90 -O3 -fomit-frame-pointer execution test
FAIL: gfortran.dg/streamio_8.f90 -O3 -fomit-frame-pointer
-funroll-loops execution test
FAIL: gfortran.dg/streamio_8.f90 -O3 -fomit-frame-pointer
-funroll-all-loops -finline-functions execution test
FAIL: gfortran.dg/streamio_8.f90 -O3 -g execution test
FAIL: gfortran.dg/streamio_8.f90 -Os execution test
FAIL: gfortran.dg/transpose_2.f90 -O0 execution test
FAIL: gfortran.dg/transpose_2.f90 -O1 execution test
FAIL: gfortran.dg/transpose_2.f90 -O2 execution test
FAIL: gfortran.dg/transpose_2.f90 -O3 -fomit-frame-pointer execution test
FAIL: gfortran.dg/transpose_2.f90 -O3 -fomit-frame-pointer
-funroll-loops execution test
FAIL: gfortran.dg/transpose_2.f90 -O3 -fomit-frame-pointer
-funroll-all-loops -finline-functions execution test
FAIL: gfortran.dg/transpose_2.f90 -O3 -g execution test
FAIL: gfortran.dg/transpose_2.f90 -Os execution test
FAIL: gfortran.dg/unlimited_fmt_1.f08 -O0 execution test
FAIL: gfortran.dg/unlimited_fmt_1.f08 -O1 execution test
FAIL: gfortran.dg/unlimited_fmt_1.f08 -O2 execution test
FAIL: gfortran.dg/unlimited_fmt_1.f08 -O3 -fomit-frame-pointer
execution test
FAIL: gfortran.dg/unlimited_fmt_1.f08 -O3 -fomit-frame-pointer
-funroll-loops execution test
FAIL: gfortran.dg/unlimited_fmt_1.f08 -O3 -fomit-frame-pointer
-funroll-all-loops -finline-functions execution test
FAIL: gfortran.dg/unlimited_fmt_1.f08 -O3 -g execution test
FAIL: gfortran.dg/unlimited_fmt_1.f08 -Os execution test
FAIL: gfortran.dg/unpack_bounds_1.f90 -O0 execution test
FAIL: gfortran.dg/unpack_bounds_1.f90 -O1 execution test
FAIL: gfortran.dg/unpack_bounds_1.f90 -O2 execution test
FAIL: gfortran.dg/unpack_bounds_1.f90 -O3 -fomit-frame-pointer
execution test
FAIL: gfortran.dg/unpack_bounds_1.f90 -O3 -fomit-frame-pointer
-funroll-loops execution test
FAIL: gfortran.dg/unpack_bounds_1.f90 -O3 -fomit-frame-pointer
-funroll-all-loops -finline-functions execution test
FAIL: gfortran.dg/unpack_bounds_1.f90 -O3 -g execution test
FAIL: gfortran.dg/unpack_bounds_1.f90 -Os execution test
FAIL: gfortran.dg/unpack_bounds_2.f90 -O0 execution test
FAIL: gfortran.dg/unpack_bounds_2.f90 -O1 execution test
FAIL: gfortran.dg/unpack_bounds_2.f90 -O2 execution test
FAIL: gfortran.dg/unpack_bounds_2.f90 -O3 -fomit-frame-pointer
execution test
FAIL: gfortran.dg/unpack_bounds_2.f90 -O3 -fomit-frame-pointer
-funroll-loops execution test
FAIL: gfortran.dg/unpack_bounds_2.f90 -O3 -fomit-frame-pointer
-funroll-all-loops -finline-functions execution test
FAIL: gfortran.dg/unpack_bounds_2.f90 -O3 -g execution test
FAIL: gfortran.dg/unpack_bounds_2.f90 -Os execution test
FAIL: gfortran.dg/unpack_bounds_3.f90 -O0 execution test
FAIL: gfortran.dg/unpack_bounds_3.f90 -O1 execution test
FAIL: gfortran.dg/unpack_bounds_3.f90 -O2 execution test
FAIL: gfortran.dg/unpack_bounds_3.f90 -O3 -fomit-frame-pointer
execution test
FAIL: gfortran.dg/unpack_bounds_3.f90 -O3 -fomit-frame-pointer
-funroll-loops execution test
FAIL: gfortran.dg/unpack_bounds_3.f90 -O3 -fomit-frame-pointer
-funroll-all-loops -finline-functions execution test
FAIL: gfortran.dg/unpack_bounds_3.f90 -O3 -g execution test
FAIL: gfortran.dg/unpack_bounds_3.f90 -Os execution test
FAIL: gfortran.dg/utf8_1.f03 -O0 execution test
FAIL: gfortran.dg/utf8_1.f03 -O1 execution test
FAIL: gfortran.dg/utf8_1.f03 -O2 execution test
FAIL: gfortran.dg/utf8_1.f03 -O3 -fomit-frame-pointer execution test
FAIL: gfortran.dg/utf8_1.f03 -O3 -fomit-frame-pointer -funroll-loops
execution test
FAIL: gfortran.dg/utf8_1.f03 -O3 -fomit-frame-pointer
-funroll-all-loops -finline-functions execution test
FAIL: gfortran.dg/utf8_1.f03 -O3 -g execution test
FAIL: gfortran.dg/utf8_1.f03 -Os execution test
FAIL: gfortran.dg/utf8_2.f03 -O0 execution test
FAIL: gfortran.dg/utf8_2.f03 -O1 execution test
FAIL: gfortran.dg/utf8_2.f03 -O2 execution test
FAIL: gfortran.dg/utf8_2.f03 -O3 -fomit-frame-pointer execution test
FAIL: gfortran.dg/utf8_2.f03 -O3 -fomit-frame-pointer -funroll-loops
execution test
FAIL: gfortran.dg/utf8_2.f03 -O3 -fomit-frame-pointer
-funroll-all-loops -finline-functions execution test
FAIL: gfortran.dg/utf8_2.f03 -O3 -g execution test
FAIL: gfortran.dg/utf8_2.f03 -Os execution test
FAIL: gfortran.dg/widechar_2.f90 -O0 execution test
FAIL: gfortran.dg/widechar_2.f90 -O1 execution test
FAIL: gfortran.dg/widechar_2.f90 -O2 execution test
FAIL: gfortran.dg/widechar_2.f90 -O3 -fomit-frame-pointer execution test
FAIL: gfortran.dg/widechar_2.f90 -O3 -fomit-frame-pointer
-funroll-loops execution test
FAIL: gfortran.dg/widechar_2.f90 -O3 -fomit-frame-pointer
-funroll-all-loops -finline-functions execution test
FAIL: gfortran.dg/widechar_2.f90 -O3 -g execution test
FAIL: gfortran.dg/widechar_2.f90 -Os execution test
FAIL: gfortran.dg/widechar_4.f90 -O0 execution test
FAIL: gfortran.dg/widechar_4.f90 -O1 execution test
FAIL: gfortran.dg/widechar_4.f90 -O2 execution test
FAIL: gfortran.dg/widechar_4.f90 -O3 -fomit-frame-pointer execution test
FAIL: gfortran.dg/widechar_4.f90 -O3 -fomit-frame-pointer
-funroll-loops execution test
FAIL: gfortran.dg/widechar_4.f90 -O3 -fomit-frame-pointer
-funroll-all-loops -finline-functions execution test
FAIL: gfortran.dg/widechar_4.f90 -O3 -g execution test
FAIL: gfortran.dg/widechar_4.f90 -Os execution test
FAIL: gfortran.dg/widechar_5.f90 -O0 execution test
FAIL: gfortran.dg/widechar_5.f90 -O1 execution test
FAIL: gfortran.dg/widechar_5.f90 -O2 execution test
FAIL: gfortran.dg/widechar_5.f90 -O3 -fomit-frame-pointer execution test
FAIL: gfortran.dg/widechar_5.f90 -O3 -fomit-frame-pointer
-funroll-loops execution test
FAIL: gfortran.dg/widechar_5.f90 -O3 -fomit-frame-pointer
-funroll-all-loops -finline-functions execution test
FAIL: gfortran.dg/widechar_5.f90 -O3 -g execution test
FAIL: gfortran.dg/widechar_5.f90 -Os execution test
FAIL: gfortran.dg/widechar_6.f90 -O0 execution test
FAIL: gfortran.dg/widechar_6.f90 -O1 execution test
FAIL: gfortran.dg/widechar_6.f90 -O2 execution test
FAIL: gfortran.dg/widechar_6.f90 -O3 -fomit-frame-pointer execution test
FAIL: gfortran.dg/widechar_6.f90 -O3 -fomit-frame-pointer
-funroll-loops execution test
FAIL: gfortran.dg/widechar_6.f90 -O3 -fomit-frame-pointer
-funroll-all-loops -finline-functions execution test
FAIL: gfortran.dg/widechar_6.f90 -O3 -g execution test
FAIL: gfortran.dg/widechar_6.f90 -Os execution test
FAIL: gfortran.dg/widechar_8.f90 -O0 execution test
FAIL: gfortran.dg/widechar_8.f90 -O1 execution test
FAIL: gfortran.dg/widechar_8.f90 -O2 execution test
FAIL: gfortran.dg/widechar_8.f90 -O3 -fomit-frame-pointer execution test
FAIL: gfortran.dg/widechar_8.f90 -O3 -fomit-frame-pointer
-funroll-loops execution test
FAIL: gfortran.dg/widechar_8.f90 -O3 -fomit-frame-pointer
-funroll-all-loops -finline-functions execution test
FAIL: gfortran.dg/widechar_8.f90 -O3 -g execution test
FAIL: gfortran.dg/widechar_8.f90 -Os execution test
FAIL: gfortran.dg/widechar_IO_1.f90 -O0 execution test
FAIL: gfortran.dg/widechar_IO_1.f90 -O1 execution test
FAIL: gfortran.dg/widechar_IO_1.f90 -O2 execution test
FAIL: gfortran.dg/widechar_IO_1.f90 -O3 -fomit-frame-pointer execution
test
FAIL: gfortran.dg/widechar_IO_1.f90 -O3 -fomit-frame-pointer
-funroll-loops execution test
FAIL: gfortran.dg/widechar_IO_1.f90 -O3 -fomit-frame-pointer
-funroll-all-loops -finline-functions execution test
FAIL: gfortran.dg/widechar_IO_1.f90 -O3 -g execution test
FAIL: gfortran.dg/widechar_IO_1.f90 -Os execution test
FAIL: gfortran.dg/widechar_IO_2.f90 -O0 execution test
FAIL: gfortran.dg/widechar_IO_2.f90 -O1 execution test
FAIL: gfortran.dg/widechar_IO_2.f90 -O2 execution test
FAIL: gfortran.dg/widechar_IO_2.f90 -O3 -fomit-frame-pointer execution
test
FAIL: gfortran.dg/widechar_IO_2.f90 -O3 -fomit-frame-pointer
-funroll-loops execution test
FAIL: gfortran.dg/widechar_IO_2.f90 -O3 -fomit-frame-pointer
-funroll-all-loops -finline-functions execution test
FAIL: gfortran.dg/widechar_IO_2.f90 -O3 -g execution test
FAIL: gfortran.dg/widechar_IO_2.f90 -Os execution test
FAIL: gfortran.dg/widechar_IO_3.f90 -O0 execution test
FAIL: gfortran.dg/widechar_IO_3.f90 -O1 execution test
FAIL: gfortran.dg/widechar_IO_3.f90 -O2 execution test
FAIL: gfortran.dg/widechar_IO_3.f90 -O3 -fomit-frame-pointer execution
test
FAIL: gfortran.dg/widechar_IO_3.f90 -O3 -fomit-frame-pointer
-funroll-loops execution test
FAIL: gfortran.dg/widechar_IO_3.f90 -O3 -fomit-frame-pointer
-funroll-all-loops -finline-functions execution test
FAIL: gfortran.dg/widechar_IO_3.f90 -O3 -g execution test
FAIL: gfortran.dg/widechar_IO_3.f90 -Os execution test
FAIL: gfortran.dg/widechar_IO_4.f90 -O0 execution test
FAIL: gfortran.dg/widechar_IO_4.f90 -O1 execution test
FAIL: gfortran.dg/widechar_IO_4.f90 -O2 execution test
FAIL: gfortran.dg/widechar_IO_4.f90 -O3 -fomit-frame-pointer execution
test
FAIL: gfortran.dg/widechar_IO_4.f90 -O3 -fomit-frame-pointer
-funroll-loops execution test
FAIL: gfortran.dg/widechar_IO_4.f90 -O3 -fomit-frame-pointer
-funroll-all-loops -finline-functions execution test
FAIL: gfortran.dg/widechar_IO_4.f90 -O3 -g execution test
FAIL: gfortran.dg/widechar_IO_4.f90 -Os execution test
FAIL: gfortran.dg/widechar_intrinsics_10.f90 -O0 execution test
FAIL: gfortran.dg/widechar_intrinsics_10.f90 -O1 execution test
FAIL: gfortran.dg/widechar_intrinsics_10.f90 -O2 execution test
FAIL: gfortran.dg/widechar_intrinsics_10.f90 -O3 -fomit-frame-pointer
execution test
FAIL: gfortran.dg/widechar_intrinsics_10.f90 -O3 -fomit-frame-pointer
-funroll-loops execution test
FAIL: gfortran.dg/widechar_intrinsics_10.f90 -O3 -fomit-frame-pointer
-funroll-all-loops -finline-functions execution test
FAIL: gfortran.dg/widechar_intrinsics_10.f90 -O3 -g execution test
FAIL: gfortran.dg/widechar_intrinsics_10.f90 -Os execution test
FAIL: gfortran.dg/widechar_intrinsics_4.f90 -O0 execution test
FAIL: gfortran.dg/widechar_intrinsics_4.f90 -O1 execution test
FAIL: gfortran.dg/widechar_intrinsics_4.f90 -O2 execution test
FAIL: gfortran.dg/widechar_intrinsics_4.f90 -O3 -fomit-frame-pointer
execution test
FAIL: gfortran.dg/widechar_intrinsics_4.f90 -O3 -fomit-frame-pointer
-funroll-loops execution test
FAIL: gfortran.dg/widechar_intrinsics_4.f90 -O3 -fomit-frame-pointer
-funroll-all-loops -finline-functions execution test
FAIL: gfortran.dg/widechar_intrinsics_4.f90 -O3 -g execution test
FAIL: gfortran.dg/widechar_intrinsics_4.f90 -Os execution test
FAIL: gfortran.dg/widechar_intrinsics_5.f90 -O0 execution test
FAIL: gfortran.dg/widechar_intrinsics_5.f90 -O1 execution test
FAIL: gfortran.dg/widechar_intrinsics_5.f90 -O2 execution test
FAIL: gfortran.dg/widechar_intrinsics_5.f90 -O3 -fomit-frame-pointer
execution test
FAIL: gfortran.dg/widechar_intrinsics_5.f90 -O3 -fomit-frame-pointer
-funroll-loops execution test
FAIL: gfortran.dg/widechar_intrinsics_5.f90 -O3 -fomit-frame-pointer
-funroll-all-loops -finline-functions execution test
FAIL: gfortran.dg/widechar_intrinsics_5.f90 -O3 -g execution test
FAIL: gfortran.dg/widechar_intrinsics_5.f90 -Os execution test
FAIL: gfortran.dg/widechar_intrinsics_6.f90 -O0 execution test
FAIL: gfortran.dg/widechar_intrinsics_6.f90 -O1 execution test
FAIL: gfortran.dg/widechar_intrinsics_6.f90 -O2 execution test
FAIL: gfortran.dg/widechar_intrinsics_6.f90 -O3 -fomit-frame-pointer
execution test
FAIL: gfortran.dg/widechar_intrinsics_6.f90 -O3 -fomit-frame-pointer
-funroll-loops execution test
FAIL: gfortran.dg/widechar_intrinsics_6.f90 -O3 -fomit-frame-pointer
-funroll-all-loops -finline-functions execution test
FAIL: gfortran.dg/widechar_intrinsics_6.f90 -O3 -g execution test
FAIL: gfortran.dg/widechar_intrinsics_6.f90 -Os execution test
FAIL: gfortran.dg/widechar_intrinsics_7.f90 -O0 execution test
FAIL: gfortran.dg/widechar_intrinsics_7.f90 -O1 execution test
FAIL: gfortran.dg/widechar_intrinsics_7.f90 -O2 execution test
FAIL: gfortran.dg/widechar_intrinsics_7.f90 -O3 -fomit-frame-pointer
execution test
FAIL: gfortran.dg/widechar_intrinsics_7.f90 -O3 -fomit-frame-pointer
-funroll-loops execution test
FAIL: gfortran.dg/widechar_intrinsics_7.f90 -O3 -fomit-frame-pointer
-funroll-all-loops -finline-functions execution test
FAIL: gfortran.dg/widechar_intrinsics_7.f90 -O3 -g execution test
FAIL: gfortran.dg/widechar_intrinsics_7.f90 -Os execution test
FAIL: gfortran.dg/widechar_intrinsics_8.f90 -O0 execution test
FAIL: gfortran.dg/widechar_intrinsics_8.f90 -O1 execution test
FAIL: gfortran.dg/widechar_intrinsics_8.f90 -O2 execution test
FAIL: gfortran.dg/widechar_intrinsics_8.f90 -O3 -fomit-frame-pointer
execution test
FAIL: gfortran.dg/widechar_intrinsics_8.f90 -O3 -fomit-frame-pointer
-funroll-loops execution test
FAIL: gfortran.dg/widechar_intrinsics_8.f90 -O3 -fomit-frame-pointer
-funroll-all-loops -finline-functions execution test
FAIL: gfortran.dg/widechar_intrinsics_8.f90 -O3 -g execution test
FAIL: gfortran.dg/widechar_intrinsics_8.f90 -Os execution test
FAIL: gfortran.dg/widechar_intrinsics_9.f90 -O0 execution test
FAIL: gfortran.dg/widechar_intrinsics_9.f90 -O1 execution test
FAIL: gfortran.dg/widechar_intrinsics_9.f90 -O2 execution test
FAIL: gfortran.dg/widechar_intrinsics_9.f90 -O3 -fomit-frame-pointer
execution test
FAIL: gfortran.dg/widechar_intrinsics_9.f90 -O3 -fomit-frame-pointer
-funroll-loops execution test
FAIL: gfortran.dg/widechar_intrinsics_9.f90 -O3 -fomit-frame-pointer
-funroll-all-loops -finline-functions execution test
FAIL: gfortran.dg/widechar_intrinsics_9.f90 -O3 -g execution test
FAIL: gfortran.dg/widechar_intrinsics_9.f90 -Os execution test
FAIL: gfortran.dg/widechar_select_1.f90 -O0 execution test
FAIL: gfortran.dg/widechar_select_1.f90 -O1 execution test
FAIL: gfortran.dg/widechar_select_1.f90 -O2 execution test
FAIL: gfortran.dg/widechar_select_1.f90 -O3 -fomit-frame-pointer
execution test
FAIL: gfortran.dg/widechar_select_1.f90 -O3 -fomit-frame-pointer
-funroll-loops execution test
FAIL: gfortran.dg/widechar_select_1.f90 -O3 -fomit-frame-pointer
-funroll-all-loops -finline-functions execution test
FAIL: gfortran.dg/widechar_select_1.f90 -O3 -g execution test
FAIL: gfortran.dg/widechar_select_1.f90 -Os execution test
FAIL: gfortran.dg/zero_sized_1.f90 -O0 execution test
FAIL: gfortran.dg/zero_sized_1.f90 -O1 execution test
FAIL: gfortran.dg/zero_sized_1.f90 -O2 execution test
FAIL: gfortran.dg/zero_sized_1.f90 -O3 -fomit-frame-pointer execution test
FAIL: gfortran.dg/zero_sized_1.f90 -O3 -fomit-frame-pointer
-funroll-loops execution test
FAIL: gfortran.dg/zero_sized_1.f90 -O3 -fomit-frame-pointer
-funroll-all-loops -finline-functions execution test
FAIL: gfortran.dg/zero_sized_1.f90 -O3 -g execution test
FAIL: gfortran.dg/zero_sized_1.f90 -Os execution test
FAIL: gfortran.dg/zero_sized_4.f90 -O0 execution test
FAIL: gfortran.dg/zero_sized_4.f90 -O1 execution test
FAIL: gfortran.dg/zero_sized_4.f90 -O2 execution test
FAIL: gfortran.dg/zero_sized_4.f90 -O3 -fomit-frame-pointer execution test
FAIL: gfortran.dg/zero_sized_4.f90 -O3 -fomit-frame-pointer
-funroll-loops execution test
FAIL: gfortran.dg/zero_sized_4.f90 -O3 -fomit-frame-pointer
-funroll-all-loops -finline-functions execution test
FAIL: gfortran.dg/zero_sized_4.f90 -O3 -g execution test
FAIL: gfortran.dg/zero_sized_4.f90 -Os execution test
FAIL: gfortran.dg/zero_sized_5.f90 -O0 execution test
FAIL: gfortran.dg/zero_sized_5.f90 -O1 execution test
FAIL: gfortran.dg/zero_sized_5.f90 -O2 execution test
FAIL: gfortran.dg/zero_sized_5.f90 -O3 -fomit-frame-pointer execution test
FAIL: gfortran.dg/zero_sized_5.f90 -O3 -fomit-frame-pointer
-funroll-loops execution test
FAIL: gfortran.dg/zero_sized_5.f90 -O3 -fomit-frame-pointer
-funroll-all-loops -finline-functions execution test
FAIL: gfortran.dg/zero_sized_5.f90 -O3 -g execution test
FAIL: gfortran.dg/zero_sized_5.f90 -Os execution test
=== objc tests ===
Running target unix
=== objc Summary ===
# of expected passes 1875
# of expected failures 7
# of unsupported tests 24
/cygdrive/e/gnu/xp/gcc/xgcc version 4.5.0 20100318 (experimental) (GCC)
=== libstdc++ tests ===
Running target unix
ERROR: tcl error sourcing
/cygdrive/e/gnu/gcc-4.5-20100318/libstdc++-v3/testsuite/libstdc++-abi/abi.exp.
ERROR: could not compile testsuite_allocator.cc
ERROR: tcl error sourcing
/cygdrive/e/gnu/gcc-4.5-20100318/libstdc++-v3/testsuite/libstdc++-dg/conformance.exp.
ERROR: could not compile testsuite_allocator.cc
=== libstdc++ Summary ===
Compiler version: 4.5.0 20100318 (experimental) (GCC)
Platform: i686-pc-cygwin
configure flags: --prefix=/usr/local/gcc45 --enable-languages='c c++
fortran objc' --enable-threads=posix --disable-sjlj-exceptions
--enable-maintainer-mode --disable-shared --disable-mudflap
--with-dwarf2 --enable-decimal-float --disable-libssp
BOOT_CFLAGS=-O2 -march=pentium-m -pipe
--
Tim Prince
More information about the Gcc-testresults
mailing list