Results for 4.5.0 20100310 (experimental) [trunk revision 157334] (Debian 20100310-1) testsuite on alpha-unknown-linux-gnu
Matthias Klose
doko@debian.org
Fri Mar 12 17:55:00 GMT 2010
LAST_UPDATED: Wed Mar 10 09:25:13 UTC 2010 (revision 157334)
Native configuration is alpha-unknown-linux-gnu
=== libffi tests ===
Running target unix
=== libffi Summary ===
# of expected passes 1624
# of expected failures 10
# of unsupported tests 15
=== libgomp tests ===
Running target unix
=== libgomp Summary ===
# of expected passes 2504
=== libjava tests ===
Running target unix
=== libjava Summary ===
# of expected passes 2574
=== libmudflap tests ===
Running target unix
FAIL: libmudflap.c/pass54-frag.c execution test
FAIL: libmudflap.c/pass54-frag.c execution test
FAIL: libmudflap.c/pass54-frag.c (-static) execution test
FAIL: libmudflap.c/pass54-frag.c (-static) execution test
FAIL: libmudflap.c/fail31-frag.c (-O3) crash test
FAIL: libmudflap.c/fail31-frag.c (-O3) output pattern test
FAIL: libmudflap.c/pass45-frag.c (-O3) execution test
FAIL: libmudflap.c/pass45-frag.c (-O3) output pattern test
FAIL: libmudflap.c/pass45-frag.c (-O3) execution test
FAIL: libmudflap.c/pass45-frag.c (-O3) output pattern test
FAIL: libmudflap.c++/pass41-frag.cxx execution test
FAIL: libmudflap.c++/pass41-frag.cxx (-static) execution test
FAIL: libmudflap.c++/pass41-frag.cxx ( -O) execution test
FAIL: libmudflap.c++/pass41-frag.cxx (-O2) execution test
FAIL: libmudflap.c++/pass41-frag.cxx (-O3) execution test
=== libmudflap Summary ===
# of expected passes 1879
# of unexpected failures 15
=== libstdc++ tests ===
Running target unix
=== libstdc++ Summary ===
# of expected passes 6749
# of expected failures 93
# of unsupported tests 355
Target: alpha-linux-gnu
gcc version 4.5.0 20100310 (experimental) [trunk revision 157334] (Debian 20100310-1)
=== acats tests ===
FAIL: c52103x
FAIL: cb1010a
FAIL: cb1010c
FAIL: cb1010d
FAIL: cxa5a03
FAIL: cxg2017
FAIL: cxg2020
=== acats Summary ===
# of expected passes 2314
# of unexpected failures 7
=== g++ tests ===
Running target unix
FAIL: g++.dg/abi/packed1.C (test for excess errors)
FAIL: g++.dg/graphite/pr43026.C (test for excess errors)
UNRESOLVED: attribute_plugin.c compilation, -I. -I/build/buildd-gcc-snapshot_20100310-1-alpha-8rzqVJ/gcc-snapshot-20100310/src/gcc/testsuite -I/build/buildd-gcc-snapshot_20100310-1-alpha-8rzqVJ/gcc-snapshot-20100310/src/gcc/testsuite/../../gcc -I/build/buildd-gcc-snapshot_20100310-1-alpha-8rzqVJ/gcc-snapshot-20100310/build/gcc/testsuite/g++/../../../gcc -I/build/buildd-gcc-snapshot_20100310-1-alpha-8rzqVJ/gcc-snapshot-20100310/src/gcc/testsuite/../../include -I/build/buildd-gcc-snapshot_20100310-1-alpha-8rzqVJ/gcc-snapshot-20100310/src/gcc/testsuite/../../libcpp/include -DIN_GCC -fPIC -shared
UNRESOLVED: pragma_plugin.c compilation, -I. -I/build/buildd-gcc-snapshot_20100310-1-alpha-8rzqVJ/gcc-snapshot-20100310/src/gcc/testsuite -I/build/buildd-gcc-snapshot_20100310-1-alpha-8rzqVJ/gcc-snapshot-20100310/src/gcc/testsuite/../../gcc -I/build/buildd-gcc-snapshot_20100310-1-alpha-8rzqVJ/gcc-snapshot-20100310/build/gcc/testsuite/g++/../../../gcc -I/build/buildd-gcc-snapshot_20100310-1-alpha-8rzqVJ/gcc-snapshot-20100310/src/gcc/testsuite/../../include -I/build/buildd-gcc-snapshot_20100310-1-alpha-8rzqVJ/gcc-snapshot-20100310/src/gcc/testsuite/../../libcpp/include -DIN_GCC -fPIC -shared
UNRESOLVED: selfassign.c compilation, -I. -I/build/buildd-gcc-snapshot_20100310-1-alpha-8rzqVJ/gcc-snapshot-20100310/src/gcc/testsuite -I/build/buildd-gcc-snapshot_20100310-1-alpha-8rzqVJ/gcc-snapshot-20100310/src/gcc/testsuite/../../gcc -I/build/buildd-gcc-snapshot_20100310-1-alpha-8rzqVJ/gcc-snapshot-20100310/build/gcc/testsuite/g++/../../../gcc -I/build/buildd-gcc-snapshot_20100310-1-alpha-8rzqVJ/gcc-snapshot-20100310/src/gcc/testsuite/../../include -I/build/buildd-gcc-snapshot_20100310-1-alpha-8rzqVJ/gcc-snapshot-20100310/src/gcc/testsuite/../../libcpp/include -O -DIN_GCC -fPIC -shared
UNRESOLVED: dumb_plugin.c compilation, -I. -I/build/buildd-gcc-snapshot_20100310-1-alpha-8rzqVJ/gcc-snapshot-20100310/src/gcc/testsuite -I/build/buildd-gcc-snapshot_20100310-1-alpha-8rzqVJ/gcc-snapshot-20100310/src/gcc/testsuite/../../gcc -I/build/buildd-gcc-snapshot_20100310-1-alpha-8rzqVJ/gcc-snapshot-20100310/build/gcc/testsuite/g++/../../../gcc -I/build/buildd-gcc-snapshot_20100310-1-alpha-8rzqVJ/gcc-snapshot-20100310/src/gcc/testsuite/../../include -I/build/buildd-gcc-snapshot_20100310-1-alpha-8rzqVJ/gcc-snapshot-20100310/src/gcc/testsuite/../../libcpp/include -DIN_GCC -fPIC -shared
UNRESOLVED: header_plugin.c compilation, -I. -I/build/buildd-gcc-snapshot_20100310-1-alpha-8rzqVJ/gcc-snapshot-20100310/src/gcc/testsuite -I/build/buildd-gcc-snapshot_20100310-1-alpha-8rzqVJ/gcc-snapshot-20100310/src/gcc/testsuite/../../gcc -I/build/buildd-gcc-snapshot_20100310-1-alpha-8rzqVJ/gcc-snapshot-20100310/build/gcc/testsuite/g++/../../../gcc -I/build/buildd-gcc-snapshot_20100310-1-alpha-8rzqVJ/gcc-snapshot-20100310/src/gcc/testsuite/../../include -I/build/buildd-gcc-snapshot_20100310-1-alpha-8rzqVJ/gcc-snapshot-20100310/src/gcc/testsuite/../../libcpp/include -DIN_GCC -fPIC -shared
=== g++ Summary ===
# of expected passes 21889
# of unexpected failures 2
# of expected failures 150
# of unresolved testcases 5
# of unsupported tests 191
/build/buildd-gcc-snapshot_20100310-1-alpha-8rzqVJ/gcc-snapshot-20100310/build/gcc/testsuite/g++/../../g++ version 4.5.0 20100310 (experimental) [trunk revision 157334] (Debian 20100310-1)
=== gcc tests ===
Running target unix
FAIL: gcc.c-torture/execute/stdarg-1.c execution, -O3 -fomit-frame-pointer
FAIL: gcc.c-torture/execute/stdarg-1.c execution, -O3 -g
FAIL: gcc.dg/pr34668-1.c (internal compiler error)
FAIL: gcc.dg/pr34668-1.c (test for excess errors)
WARNING: program timed out.
FAIL: gcc.dg/graphite/block-3.c (test for excess errors)
UNRESOLVED: gcc.dg/graphite/block-3.c compilation failed to produce executable
FAIL: gcc.dg/graphite/block-3.c scan-tree-dump-times graphite "will be loop blocked" 1
FAIL: gcc.dg/lto/20090116 c_lto_20090116_0.o-c_lto_20090116_0.o link, (internal compiler error)
UNRESOLVED: gcc.dg/lto/20090116 c_lto_20090116_0.o-c_lto_20090116_0.o execute -O1 -fwhopr -fPIC
UNRESOLVED: selfassign.c compilation, -I. -I/build/buildd-gcc-snapshot_20100310-1-alpha-8rzqVJ/gcc-snapshot-20100310/src/gcc/testsuite -I/build/buildd-gcc-snapshot_20100310-1-alpha-8rzqVJ/gcc-snapshot-20100310/src/gcc/testsuite/../../gcc -I/build/buildd-gcc-snapshot_20100310-1-alpha-8rzqVJ/gcc-snapshot-20100310/build/gcc/testsuite/gcc/../../../gcc -I/build/buildd-gcc-snapshot_20100310-1-alpha-8rzqVJ/gcc-snapshot-20100310/src/gcc/testsuite/../../include -I/build/buildd-gcc-snapshot_20100310-1-alpha-8rzqVJ/gcc-snapshot-20100310/src/gcc/testsuite/../../libcpp/include -O -DIN_GCC -fPIC -shared
UNRESOLVED: ggcplug.c compilation, -I. -I/build/buildd-gcc-snapshot_20100310-1-alpha-8rzqVJ/gcc-snapshot-20100310/src/gcc/testsuite -I/build/buildd-gcc-snapshot_20100310-1-alpha-8rzqVJ/gcc-snapshot-20100310/src/gcc/testsuite/../../gcc -I/build/buildd-gcc-snapshot_20100310-1-alpha-8rzqVJ/gcc-snapshot-20100310/build/gcc/testsuite/gcc/../../../gcc -I/build/buildd-gcc-snapshot_20100310-1-alpha-8rzqVJ/gcc-snapshot-20100310/src/gcc/testsuite/../../include -I/build/buildd-gcc-snapshot_20100310-1-alpha-8rzqVJ/gcc-snapshot-20100310/src/gcc/testsuite/../../libcpp/include -O -DIN_GCC -fPIC -shared
UNRESOLVED: one_time_plugin.c compilation, -I. -I/build/buildd-gcc-snapshot_20100310-1-alpha-8rzqVJ/gcc-snapshot-20100310/src/gcc/testsuite -I/build/buildd-gcc-snapshot_20100310-1-alpha-8rzqVJ/gcc-snapshot-20100310/src/gcc/testsuite/../../gcc -I/build/buildd-gcc-snapshot_20100310-1-alpha-8rzqVJ/gcc-snapshot-20100310/build/gcc/testsuite/gcc/../../../gcc -I/build/buildd-gcc-snapshot_20100310-1-alpha-8rzqVJ/gcc-snapshot-20100310/src/gcc/testsuite/../../include -I/build/buildd-gcc-snapshot_20100310-1-alpha-8rzqVJ/gcc-snapshot-20100310/src/gcc/testsuite/../../libcpp/include -DIN_GCC -fPIC -shared
UNRESOLVED: start_unit_plugin.c compilation, -I. -I/build/buildd-gcc-snapshot_20100310-1-alpha-8rzqVJ/gcc-snapshot-20100310/src/gcc/testsuite -I/build/buildd-gcc-snapshot_20100310-1-alpha-8rzqVJ/gcc-snapshot-20100310/src/gcc/testsuite/../../gcc -I/build/buildd-gcc-snapshot_20100310-1-alpha-8rzqVJ/gcc-snapshot-20100310/build/gcc/testsuite/gcc/../../../gcc -I/build/buildd-gcc-snapshot_20100310-1-alpha-8rzqVJ/gcc-snapshot-20100310/src/gcc/testsuite/../../include -I/build/buildd-gcc-snapshot_20100310-1-alpha-8rzqVJ/gcc-snapshot-20100310/src/gcc/testsuite/../../libcpp/include -DIN_GCC -fPIC -shared
UNRESOLVED: finish_unit_plugin.c compilation, -I. -I/build/buildd-gcc-snapshot_20100310-1-alpha-8rzqVJ/gcc-snapshot-20100310/src/gcc/testsuite -I/build/buildd-gcc-snapshot_20100310-1-alpha-8rzqVJ/gcc-snapshot-20100310/src/gcc/testsuite/../../gcc -I/build/buildd-gcc-snapshot_20100310-1-alpha-8rzqVJ/gcc-snapshot-20100310/build/gcc/testsuite/gcc/../../../gcc -I/build/buildd-gcc-snapshot_20100310-1-alpha-8rzqVJ/gcc-snapshot-20100310/src/gcc/testsuite/../../include -I/build/buildd-gcc-snapshot_20100310-1-alpha-8rzqVJ/gcc-snapshot-20100310/src/gcc/testsuite/../../libcpp/include -DIN_GCC -fPIC -shared
FAIL: gcc.dg/tree-ssa/pr42585.c scan-tree-dump-times optimized "struct _fat_ptr _ans" 0
FAIL: gcc.dg/tree-ssa/pr42585.c scan-tree-dump-times optimized "struct _fat_ptr _T2" 0
=== gcc Summary ===
# of expected passes 63145
# of unexpected failures 9
# of expected failures 99
# of unresolved testcases 7
# of unsupported tests 711
/build/buildd-gcc-snapshot_20100310-1-alpha-8rzqVJ/gcc-snapshot-20100310/build/gcc/xgcc version 4.5.0 20100310 (experimental) [trunk revision 157334] (Debian 20100310-1)
=== gfortran tests ===
Running target unix
=== gfortran Summary ===
# of expected passes 33862
# of expected failures 32
# of unsupported tests 73
/build/buildd-gcc-snapshot_20100310-1-alpha-8rzqVJ/gcc-snapshot-20100310/build/gcc/testsuite/gfortran/../../gfortran version 4.5.0 20100310 (experimental) [trunk revision 157334] (Debian 20100310-1)
=== gnat tests ===
Running target unix
FAIL: gnat.dg/atomic1.adb scan-tree-dump-times gimple "v_16" 1
FAIL: gnat.dg/null_pointer_deref1.adb execution test
FAIL: gnat.dg/stack_check1.adb execution test
FAIL: gnat.dg/stack_check2.adb execution test
=== gnat Summary ===
# of expected passes 750
# of unexpected failures 4
# of expected failures 7
# of unsupported tests 1
=== obj-c++ tests ===
Running target unix
UNRESOLVED: obj-c++.dg/lookup-2.mm compilation failed to produce executable
UNRESOLVED: obj-c++.dg/try-catch-2.mm compilation failed to produce executable
UNRESOLVED: obj-c++.dg/try-catch-9.mm compilation failed to produce executable
=== obj-c++ Summary ===
# of expected passes 430
# of expected failures 18
# of unresolved testcases 3
# of unsupported tests 13
/build/buildd-gcc-snapshot_20100310-1-alpha-8rzqVJ/gcc-snapshot-20100310/build/gcc/testsuite/obj-c++/../../g++ version 4.5.0 20100310 (experimental) [trunk revision 157334] (Debian 20100310-1)
=== objc tests ===
Running target unix
=== objc Summary ===
# of expected passes 1865
# of expected failures 15
# of unsupported tests 25
/build/buildd-gcc-snapshot_20100310-1-alpha-8rzqVJ/gcc-snapshot-20100310/build/gcc/xgcc version 4.5.0 20100310 (experimental) [trunk revision 157334] (Debian 20100310-1)
Compiler version: 4.5.0 20100310 (experimental) [trunk revision 157334] (Debian 20100310-1)
Platform: alpha-unknown-linux-gnu
configure flags: -v --with-pkgversion='Debian 20100310-1' --with-bugurl=file:///usr/share/doc/gcc-snapshot/README.Bugs --enable-languages=c,ada,c++,java,fortran,objc,obj-c++ --prefix=/usr/lib/gcc-snapshot --enable-shared --enable-multiarch --enable-linker-build-id --with-system-zlib --disable-nls --enable-clocale=gnu --enable-libstdcxx-debug --disable-libssp --enable-plugin --disable-browser-plugin --enable-java-awt=gtk --enable-gtk-cairo --with-java-home=/usr/lib/jvm/java-1.5.0-gcj-4.5-snap/jre --enable-java-home --with-jvm-root-dir=/usr/lib/jvm/java-1.5.0-gcj-4.5-snap --with-jvm-jar-dir=/usr/lib/jvm-exports/java-1.5.0-gcj-4.5-snap --with-arch-directory=alpha --with-ecj-jar=/usr/share/java/eclipse-ecj.jar --enable-objc-gc --with-long-double-128 --disable-werror --enable-checking=yes --build=alpha-linux-gnu --host=alpha-linux-gnu --target=alpha-linux-gnu
BOOT_CFLAGS=
Build Dependencies:
Desired=Unknown/Install/Remove/Purge/Hold
| Status=Not/Inst/Cfg-files/Unpacked/Failed-cfg/Half-inst/trig-aWait/Trig-pend
|/ Err?=(none)/Reinst-required (Status,Err: uppercase=bad)
||/ Name Version Description
+++-===============================-======================-==============================================
ii binutils 2.20-6 The GNU assembler, linker and binary utilities
ii g++-4.4 4.4.3-3 The GNU C++ compiler
ii libc6.1 2.10.2-6 Embedded GNU C Library: Shared libraries
pi libcloog-ppl-dev 0.15.8-1 the Chunky Loop Generator (development files)
pi libgmp3-dev 2:4.3.2+dfsg-1 Multiprecision arithmetic library developers t
pi libmpc-dev 0.8.1-1 multiple precision complex floating-point libr
pi libmpfr-dev 2.4.2-3 multiple precision floating-point computation
pi libppl0.10-dev 0.10.2-6 Parma Polyhedra Library (development)
pr40521-revert-workaround:
Revert the dwarf2cfi_asm workaround, obsoleted by PR debug/40521.
gcc-ice-hack:
Retry the build on an ice, save the calling options and preprocessed
source when the ice is reproducible.
gcc-ice-apport:
Report an ICE to apport (if apport is available
and the environment variable GCC_NOAPPORT is not set)
libjava-disable-static:
Disable building the static libjava.
libjava-fixed-symlinks:
Remove unneed '..' elements from symlinks in JAVA_HOME
libstdc++-arm-wno-abi:
Temporary work around:
On arm-linux-gnueabi run the libstdc++v3 testsuite with -Wno-abi
gcc-using-ld-and-gold:
Allow using both GNU ld and gold with LTO
The following pat^Whack allows switching between GNU ld and gold for
LTO. -fuse-linker-plugin will select gold (with a hardcoded path,
avoiding collect2 and thus breaking -frepo) for linking while
without that option the standard system linker will be used.
ada-mips:
Improve support for mips.
arm-unbreak-eabi-armv4t:
Fix armv4t build on ARM
gcc-multiarch:
Add multiarch support to GCC.
Convert the multilib option to a target triplet,
add multiarch include directories and libraries path:
/usr/local/include/<arch>-linux-gnu
/usr/include/<arch>-linux-gnu
/usr/lib/<arch>-linux-gnu
to the system paths.
Counting all warnings,
there are 0 warnings in stage3 of this bootstrap.
Number of warnings per file:
Number of warning types:
More information about the Gcc-testresults
mailing list