Results for 4.5.0 20100311 (experimental) (GCC) testsuite on ia64-hp-hpux11.23
Steve Ellcey
sje@cup.hp.com
Thu Mar 11 22:41:00 GMT 2010
Native configuration is ia64-hp-hpux11.23
=== g++ tests ===
Running target unix/-milp32
=== g++ Summary for unix/-milp32 ===
# of expected passes 20435
# of expected failures 154
# of unsupported tests 217
Running target unix/-mlp64
=== g++ Summary for unix/-mlp64 ===
# of expected passes 20396
# of expected failures 154
# of unsupported tests 218
=== g++ Summary ===
# of expected passes 40831
# of expected failures 308
# of unsupported tests 435
/proj/opensrc_nobackup/nightly2/build-ia64-hp-hpux11.23-trunk/obj_gcc/gcc/testsuite/g++/../../g++ version 4.5.0 20100311 (experimental) (GCC)
=== gcc tests ===
Running target unix/-milp32
FAIL: gcc.dg/builtin-apply4.c execution test
FAIL: gcc.dg/pr34668-1.c (internal compiler error)
FAIL: gcc.dg/pr34668-1.c (test for excess errors)
=== gcc Summary for unix/-milp32 ===
# of expected passes 53506
# of unexpected failures 3
# of expected failures 222
# of unsupported tests 679
Running target unix/-mlp64
FAIL: gcc.dg/builtin-apply4.c execution test
FAIL: gcc.dg/pr34668-1.c (internal compiler error)
FAIL: gcc.dg/pr34668-1.c (test for excess errors)
=== gcc Summary for unix/-mlp64 ===
# of expected passes 53521
# of unexpected failures 3
# of expected failures 223
# of unsupported tests 668
=== gcc Summary ===
# of expected passes 107027
# of unexpected failures 6
# of expected failures 445
# of unsupported tests 1347
/proj/opensrc_nobackup/nightly2/build-ia64-hp-hpux11.23-trunk/obj_gcc/gcc/xgcc version 4.5.0 20100311 (experimental) (GCC)
=== gfortran tests ===
Running target unix/-milp32
=== gfortran Summary for unix/-milp32 ===
# of expected passes 33708
# of expected failures 30
# of unsupported tests 71
Running target unix/-mlp64
=== gfortran Summary for unix/-mlp64 ===
# of expected passes 33708
# of expected failures 30
# of unsupported tests 71
=== gfortran Summary ===
# of expected passes 67416
# of expected failures 60
# of unsupported tests 142
/proj/opensrc_nobackup/nightly2/build-ia64-hp-hpux11.23-trunk/obj_gcc/gcc/testsuite/gfortran/../../gfortran version 4.5.0 20100311 (experimental) (GCC)
=== libgomp tests ===
Running target unix/-mlp64
=== libgomp Summary for unix/-mlp64 ===
# of expected passes 2454
# of unsupported tests 2
Running target unix/-milp32
=== libgomp Summary for unix/-milp32 ===
# of expected passes 2454
# of unsupported tests 2
=== libgomp Summary ===
# of expected passes 4908
# of unsupported tests 4
=== libstdc++ tests ===
Running target unix/-milp32
XPASS: 22_locale/collate/hash/char/1.cc (test for excess errors)
XPASS: 22_locale/collate/requirements/base_classes.cc (test for excess errors)
XPASS: 22_locale/collate/transform/wchar_t/28277.cc (test for excess errors)
XPASS: 22_locale/collate_byname/requirements/base_classes.cc (test for excess errors)
FAIL: 27_io/objects/wchar_t/7.cc execution test
FAIL: 27_io/objects/wchar_t/9661-1.cc execution test
FAIL: ext/codecvt/wchar_t.cc execution test
FAIL: ext/profile/all.cc (test for excess errors)
WARNING: program timed out.
WARNING: program timed out.
=== libstdc++ Summary for unix/-milp32 ===
# of expected passes 6197
# of unexpected failures 4
# of unexpected successes 4
# of expected failures 88
# of unsupported tests 642
Running target unix/-mlp64
XPASS: 22_locale/collate/hash/char/1.cc (test for excess errors)
XPASS: 22_locale/collate/requirements/base_classes.cc (test for excess errors)
XPASS: 22_locale/collate/transform/wchar_t/28277.cc (test for excess errors)
XPASS: 22_locale/collate_byname/requirements/base_classes.cc (test for excess errors)
FAIL: 27_io/objects/wchar_t/7.cc execution test
FAIL: 27_io/objects/wchar_t/9661-1.cc execution test
FAIL: ext/codecvt/wchar_t.cc execution test
FAIL: ext/profile/all.cc (test for excess errors)
WARNING: program timed out.
WARNING: program timed out.
=== libstdc++ Summary for unix/-mlp64 ===
# of expected passes 6197
# of unexpected failures 4
# of unexpected successes 4
# of expected failures 88
# of unsupported tests 642
=== libstdc++ Summary ===
# of expected passes 12394
# of unexpected failures 8
# of unexpected successes 8
# of expected failures 176
# of unsupported tests 1284
=== libstdc++ Summary ===
Compiler version: 4.5.0 20100311 (experimental) (GCC)
Platform: ia64-hp-hpux11.23
configure flags: --host=ia64-hp-hpux11.23 --build=ia64-hp-hpux11.23 --prefix=/proj/opensrc_nobackup/nightly2/gcc-ia64-hp-hpux11.23-trunk --with-local-prefix=/proj/opensrc_nobackup/nightly2/gcc-ia64-hp-hpux11.23-trunk --disable-nls --with-gmp=/proj/opensrc/be/ia64-hp-hpux11.23 --with-mpfr=/proj/opensrc/be/ia64-hp-hpux11.23 --disable-libmudflap --enable-libunwind-exceptions SED=/usr/bin/sed --enable-languages=c,c++,fortran
More information about the Gcc-testresults
mailing list