Results for 4.5.0 20100309 (experimental) [trunk revision 157328] (GCC) testsuite on x86_64-unknown-freebsd8.0
Laurent GUERBY
laurent@guerby.net
Wed Mar 10 21:28:00 GMT 2010
LAST_UPDATED: Tue Mar 9 22:14:47 UTC 2010 (revision 157328)
Native configuration is x86_64-unknown-freebsd8.0
=== gcc tests ===
Running target unix
FAIL: gcc.dg/20021014-1.c consider using \`-pg' instead of \`-p' with gprof(1) (test for warnings, line )
FAIL: gcc.dg/c99-stdint-1.c (test for excess errors)
FAIL: gcc.dg/c99-stdint-2.c (test for excess errors)
FAIL: gcc.dg/c99-stdint-5.c (test for excess errors)
FAIL: gcc.dg/c99-stdint-6.c (test for excess errors)
FAIL: gcc.dg/mallign.c execution test
FAIL: gcc.dg/pr34668-1.c (internal compiler error)
FAIL: gcc.dg/pr34668-1.c (test for excess errors)
FAIL: gcc.dg/utf-array-short-wchar.c (test for errors, line 39)
FAIL: gcc.dg/utf-array-short-wchar.c (test for errors, line 41)
FAIL: gcc.dg/utf-array-short-wchar.c (test for excess errors)
FAIL: gcc.dg/torture/fp-int-convert-float128-timode.c -O0 (test for excess errors)
WARNING: gcc.dg/torture/fp-int-convert-float128-timode.c -O0 compilation failed to produce executable
FAIL: gcc.dg/torture/fp-int-convert-float128-timode.c -O1 (test for excess errors)
WARNING: gcc.dg/torture/fp-int-convert-float128-timode.c -O1 compilation failed to produce executable
FAIL: gcc.dg/torture/fp-int-convert-float128-timode.c -O2 (test for excess errors)
WARNING: gcc.dg/torture/fp-int-convert-float128-timode.c -O2 compilation failed to produce executable
FAIL: gcc.dg/torture/fp-int-convert-float128-timode.c -O3 -fomit-frame-pointer (test for excess errors)
WARNING: gcc.dg/torture/fp-int-convert-float128-timode.c -O3 -fomit-frame-pointer compilation failed to produce executable
FAIL: gcc.dg/torture/fp-int-convert-float128-timode.c -O3 -g (test for excess errors)
WARNING: gcc.dg/torture/fp-int-convert-float128-timode.c -O3 -g compilation failed to produce executable
FAIL: gcc.dg/torture/fp-int-convert-float128-timode.c -Os (test for excess errors)
WARNING: gcc.dg/torture/fp-int-convert-float128-timode.c -Os compilation failed to produce executable
FAIL: gcc.dg/torture/fp-int-convert-float128.c -O0 (test for excess errors)
WARNING: gcc.dg/torture/fp-int-convert-float128.c -O0 compilation failed to produce executable
FAIL: gcc.dg/torture/fp-int-convert-float128.c -O1 (test for excess errors)
WARNING: gcc.dg/torture/fp-int-convert-float128.c -O1 compilation failed to produce executable
FAIL: gcc.dg/torture/fp-int-convert-float128.c -O2 (test for excess errors)
WARNING: gcc.dg/torture/fp-int-convert-float128.c -O2 compilation failed to produce executable
FAIL: gcc.dg/torture/fp-int-convert-float128.c -O3 -fomit-frame-pointer (test for excess errors)
WARNING: gcc.dg/torture/fp-int-convert-float128.c -O3 -fomit-frame-pointer compilation failed to produce executable
FAIL: gcc.dg/torture/fp-int-convert-float128.c -O3 -g (test for excess errors)
WARNING: gcc.dg/torture/fp-int-convert-float128.c -O3 -g compilation failed to produce executable
FAIL: gcc.dg/torture/fp-int-convert-float128.c -Os (test for excess errors)
WARNING: gcc.dg/torture/fp-int-convert-float128.c -Os compilation failed to produce executable
=== gcc Summary ===
# of expected passes 58404
# of unexpected failures 23
# of expected failures 168
# of unsupported tests 1512
/usr/home/guerby/101/build/gcc/xgcc version 4.5.0 20100309 (experimental) [trunk revision 157328] (GCC)
=== libgomp tests ===
Running target unix
FAIL: libgomp.c/atomic-2.c (test for excess errors)
WARNING: libgomp.c/atomic-2.c compilation failed to produce executable
FAIL: libgomp.c/atomic-5.c (test for excess errors)
WARNING: libgomp.c/atomic-5.c compilation failed to produce executable
=== libgomp Summary ===
# of expected passes 254
# of unexpected failures 2
# of unsupported tests 2
=== libmudflap tests ===
Running target unix
FAIL: libmudflap.c/fail31-frag.c (-O3) output pattern test
FAIL: libmudflap.c/pass45-frag.c (-O3) execution test
FAIL: libmudflap.c/pass45-frag.c (-O3) output pattern test
FAIL: libmudflap.c/pass45-frag.c (-O3) execution test
FAIL: libmudflap.c/pass45-frag.c (-O3) output pattern test
WARNING: program timed out.
FAIL: libmudflap.cth/pass39-frag.c (-O3) (rerun 6) execution test
FAIL: libmudflap.cth/pass39-frag.c (-O3) (rerun 6) output pattern test
=== libmudflap Summary ===
# of expected passes 1733
# of unexpected failures 7
# of unsupported tests 2
Compiler version: 4.5.0 20100309 (experimental) [trunk revision 157328] (GCC)
Platform: x86_64-unknown-freebsd8.0
configure flags: --prefix=/home/guerby/101/install-trunk --enable-languages=c --disable-nls --with-mpfr=/usr/local --with-mpc=/opt/cfarm/mpc-0.8
More information about the Gcc-testresults
mailing list