Results for 4.4.4 20100309 (prerelease) [gcc-4_4-branch revision 157303] (GCC) testsuite on ia64-unknown-linux-gnu
H.J. Lu ia64
hjl@gnu-11.sc.intel.com
Tue Mar 9 06:35:00 GMT 2010
LAST_UPDATED: Tue Mar 9 04:11:11 UTC 2010 (revision 157303)
Native configuration is ia64-unknown-linux-gnu
=== g++ tests ===
Running target unix
=== g++ Summary ===
# of expected passes 18863
# of expected failures 157
# of unsupported tests 159
/export/gnu/import/svn/gcc-test/bld/gcc/testsuite/g++/../../g++ version 4.4.4 20100309 (prerelease) [gcc-4_4-branch revision 157303] (GCC)
=== gcc tests ===
Running target unix
FAIL: gcc.dg/debug/dwarf2/inline2.c scan-assembler-times byte.*?0x3.*? DW_AT_inline 3
FAIL: gcc.dg/O16384.c (internal compiler error)
FAIL: gcc.dg/O16384.c (test for excess errors)
FAIL: gcc.dg/builtin-apply4.c execution test
FAIL: gcc.dg/pr37106-1.c (internal compiler error)
FAIL: gcc.dg/pr37106-1.c (test for excess errors)
XPASS: gcc.dg/tree-ssa/loop-1.c scan-assembler-times foo 5
FAIL: gcc.dg/tree-ssa/loop-31.c scan-tree-dump-times optimized " \\+ 2" 1
FAIL: gcc.target/ia64/fptr-1.c execution test
=== gcc Summary ===
# of expected passes 50801
# of unexpected failures 8
# of unexpected successes 1
# of expected failures 244
# of unsupported tests 512
/export/gnu/import/svn/gcc-test/bld/gcc/xgcc version 4.4.4 20100309 (prerelease) [gcc-4_4-branch revision 157303] (GCC)
=== gfortran tests ===
Running target unix
FAIL: gfortran.dg/vect/pr39318.f90 -O (internal compiler error)
FAIL: gfortran.dg/vect/pr39318.f90 -O (test for excess errors)
=== gfortran Summary ===
# of expected passes 30055
# of unexpected failures 2
# of expected failures 18
# of unsupported tests 29
/export/gnu/import/svn/gcc-test/bld/gcc/testsuite/gfortran/../../gfortran version 4.4.4 20100309 (prerelease) [gcc-4_4-branch revision 157303] (GCC)
=== objc tests ===
Running target unix
=== objc Summary ===
# of expected passes 1864
# of expected failures 15
# of unsupported tests 25
/export/gnu/import/svn/gcc-test/bld/gcc/xgcc version 4.4.4 20100309 (prerelease) [gcc-4_4-branch revision 157303] (GCC)
=== libffi tests ===
Running target unix
=== libffi Summary ===
# of expected passes 1389
# of unsupported tests 10
=== libgomp tests ===
Running target unix
=== libgomp Summary ===
# of expected passes 2440
=== libjava tests ===
Running target unix
FAIL: getlocalvartable output
FAIL: Throw_3 -O3 output - source compiled test
FAIL: Throw_3 -O3 -findirect-dispatch output - source compiled test
=== libjava Summary ===
# of expected passes 2571
# of unexpected failures 3
=== libmudflap tests ===
Running target unix
FAIL: libmudflap.c++/pass41-frag.cxx execution test
FAIL: libmudflap.c++/pass41-frag.cxx (-static) execution test
FAIL: libmudflap.c++/pass41-frag.cxx ( -O) execution test
FAIL: libmudflap.c++/pass41-frag.cxx (-O2) execution test
FAIL: libmudflap.c++/pass41-frag.cxx (-O3) execution test
=== libmudflap Summary ===
# of expected passes 1889
# of unexpected failures 5
=== libstdc++ tests ===
Running target unix
=== libstdc++ Summary ===
# of expected passes 6507
# of expected failures 80
# of unsupported tests 15
Compiler version: 4.4.4 20100309 (prerelease) [gcc-4_4-branch revision 157303] (GCC)
Platform: ia64-unknown-linux-gnu
configure flags: --enable-clocale=gnu --with-system-zlib --enable-shared --with-demangler-in-ld
More information about the Gcc-testresults
mailing list