Results for 4.4.4 20100302 (prerelease) [gcc-4_4-branch revision 157157] (GCC) testsuite on hppa64-hp-hpux11.11
John David Anglin
dave@hiauly3.hia.nrc.ca
Tue Mar 2 23:35:00 GMT 2010
LAST_UPDATED: Tue Mar 2 00:43:05 UTC 2010 (revision 157157)
Native configuration is hppa64-hp-hpux11.11
=== g++ tests ===
Running target unix
=== g++ Summary ===
# of expected passes 18623
# of expected failures 159
# of unsupported tests 207
/mnt/gnu/gcc/objdir/gcc/testsuite/g++/../../g++ version 4.4.4 20100302 (prerelease) [gcc-4_4-branch revision 157157] (GCC)
=== gcc tests ===
Running target unix
FAIL: gcc.c-torture/compile/pr42559.c -O1 (internal compiler error)
FAIL: gcc.c-torture/compile/pr42559.c -O1 (test for excess errors)
FAIL: gcc.c-torture/compile/pr42559.c -O2 (internal compiler error)
FAIL: gcc.c-torture/compile/pr42559.c -O2 (test for excess errors)
FAIL: gcc.c-torture/compile/pr42559.c -O3 -fomit-frame-pointer (internal compiler error)
FAIL: gcc.c-torture/compile/pr42559.c -O3 -fomit-frame-pointer (test for excess errors)
FAIL: gcc.c-torture/compile/pr42559.c -O3 -g (internal compiler error)
FAIL: gcc.c-torture/compile/pr42559.c -O3 -g (test for excess errors)
FAIL: gcc.c-torture/compile/pr42559.c -Os (internal compiler error)
FAIL: gcc.c-torture/compile/pr42559.c -Os (test for excess errors)
FAIL: gcc.dg/debug/dwarf2/inline2.c scan-assembler-times \\(DIE \\(.*?\\) DW_TAG_inlined_subroutine 6
FAIL: gcc.dg/debug/dwarf2/inline2.c scan-assembler-times \\(DIE \\(.*?\\) DW_TAG_lexical_block 6
XPASS: gcc.dg/funcorder.c scan-assembler-not link_error,%r
=== gcc Summary ===
# of expected passes 49098
# of unexpected failures 12
# of unexpected successes 1
# of expected failures 117
# of unsupported tests 625
/mnt/gnu/gcc/objdir/gcc/xgcc version 4.4.4 20100302 (prerelease) [gcc-4_4-branch revision 157157] (GCC)
=== gfortran tests ===
Running target unix
=== gfortran Summary ===
# of expected passes 28987
# of expected failures 10
# of unsupported tests 269
/mnt/gnu/gcc/objdir/gcc/testsuite/gfortran/../../gfortran version 4.4.4 20100302 (prerelease) [gcc-4_4-branch revision 157157] (GCC)
=== obj-c++ tests ===
Running target unix
XPASS: obj-c++.dg/comp-types-10.mm (test for excess errors)
WARNING: obj-c++.dg/lookup-2.mm compilation failed to produce executable
WARNING: obj-c++.dg/try-catch-2.mm compilation failed to produce executable
WARNING: obj-c++.dg/try-catch-9.mm compilation failed to produce executable
=== obj-c++ Summary ===
# of expected passes 425
# of unexpected successes 1
# of expected failures 20
# of unsupported tests 13
/mnt/gnu/gcc/objdir/gcc/testsuite/obj-c++/../../g++ version 4.4.4 20100302 (prerelease) [gcc-4_4-branch revision 157157] (GCC)
=== objc tests ===
Running target unix
=== objc Summary ===
# of expected passes 1864
# of expected failures 15
# of unsupported tests 25
/mnt/gnu/gcc/objdir/gcc/xgcc version 4.4.4 20100302 (prerelease) [gcc-4_4-branch revision 157157] (GCC)
=== libgomp tests ===
Running target unix
=== libgomp Summary ===
# of expected passes 2422
# of unsupported tests 9
=== libstdc++ tests ===
Running target unix
FAIL: 26_numerics/headers/cmath/c99_classification_macros_c.cc (test for excess errors)
=== libstdc++ Summary ===
# of expected passes 5490
# of unexpected failures 1
# of expected failures 71
# of unsupported tests 528
Compiler version: 4.4.4 20100302 (prerelease) [gcc-4_4-branch revision 157157] (GCC)
Platform: hppa64-hp-hpux11.11
configure flags: --with-gnu-as --with-as=/opt/gnu64/bin/as --with-ld=/usr/ccs/bin/ld --enable-shared --with-local-prefix=/opt/gnu64 --prefix=/opt/gnu64/gcc/gcc-4.4.3 --build=hppa64-hp-hpux11.11 --enable-threads=posix --disable-nls --with-gmp=/opt/gnu64/gcc/gcc-4.4.3 -enable-languages=c,c++,objc,obj-c++,fortran
More information about the Gcc-testresults
mailing list