Results for 4.5.1 20100629 (prerelease) [gcc-4_5-branch revision 161521] (GCC) testsuite on hppa64-hp-hpux11.11
John David Anglin
dave@hiauly3.hia.nrc.ca
Tue Jun 29 22:07:00 GMT 2010
Native configuration is hppa64-hp-hpux11.11
=== g++ tests ===
Running target unix
=== g++ Summary ===
# of expected passes 20364
# of expected failures 151
# of unsupported tests 239
/mnt/gnu/gcc/objdir-test/gcc/testsuite/g++/../../g++ version 4.5.1 20100629 (prerelease) [gcc-4_5-branch revision 161521] (GCC)
=== gcc tests ===
Running target unix
WARNING: program timed out.
FAIL: gcc.c-torture/compile/limits-fnargs.c -O3 -g (test for excess errors)
XPASS: gcc.dg/funcorder.c scan-assembler-not link_error,%r
WARNING: program timed out.
FAIL: gcc.dg/pr43058.c (test for excess errors)
FAIL: gcc.dg/pr44674.c (internal compiler error)
FAIL: gcc.dg/pr44674.c (test for excess errors)
WARNING: program timed out.
=== gcc Summary ===
# of expected passes 52292
# of unexpected failures 4
# of unexpected successes 1
# of expected failures 89
# of unsupported tests 694
/mnt/gnu/gcc/objdir-test/gcc/xgcc version 4.5.1 20100629 (prerelease) [gcc-4_5-branch revision 161521] (GCC)
=== gfortran tests ===
Running target unix
=== gfortran Summary ===
# of expected passes 32921
# of expected failures 20
# of unsupported tests 286
/mnt/gnu/gcc/objdir-test/gcc/testsuite/gfortran/../../gfortran version 4.5.1 20100629 (prerelease) [gcc-4_5-branch revision 161521] (GCC)
=== obj-c++ tests ===
Running target unix
XPASS: obj-c++.dg/encode-2.mm scan-assembler {?={Vec<double>=ddi}{Vec<float>=ffi}fd{Vec<char>=cci}i}
XPASS: obj-c++.dg/encode-3.mm -fgnu-runtime execution test
WARNING: obj-c++.dg/lookup-2.mm -fgnu-runtime compilation failed to produce executable
WARNING: obj-c++.dg/try-catch-2.mm -fgnu-runtime compilation failed to produce executable
WARNING: obj-c++.dg/try-catch-9.mm -fgnu-runtime compilation failed to produce executable
=== obj-c++ Summary ===
# of expected passes 430
# of unexpected successes 2
# of expected failures 11
# of unsupported tests 14
/mnt/gnu/gcc/objdir-test/gcc/testsuite/obj-c++/../../g++ version 4.5.1 20100629 (prerelease) [gcc-4_5-branch revision 161521] (GCC)
=== objc tests ===
Running target unix
=== objc Summary ===
# of expected passes 1872
# of expected failures 15
# of unsupported tests 21
/mnt/gnu/gcc/objdir-test/gcc/xgcc version 4.5.1 20100629 (prerelease) [gcc-4_5-branch revision 161521] (GCC)
=== libgomp tests ===
Running target unix
=== libgomp Summary ===
# of expected passes 2476
# of unsupported tests 9
=== libstdc++ tests ===
Running target unix
=== libstdc++ Summary ===
# of expected passes 6332
# of expected failures 89
# of unsupported tests 616
Compiler version: 4.5.1 20100629 (prerelease) [gcc-4_5-branch revision 161521] (GCC)
Platform: hppa64-hp-hpux11.11
configure flags:Test Run By dave on Tue Jun 29 10:08:36 2010
More information about the Gcc-testresults
mailing list