Results for 4.6.0 20100616 (experimental) [trunk revision 160819] (GCC) testsuite on hppa-unknown-linux-gnu
John David Anglin
dave@gsyprf11.external.hp.com
Fri Jun 18 00:48:00 GMT 2010
LAST_UPDATED: Wed Jun 16 01:50:10 UTC 2010 (revision 160819)
=== acats tests ===
FAIL: ca2004a
=== acats Summary ===
# of expected passes 2320
# of unexpected failures 1
Native configuration is hppa-unknown-linux-gnu
=== g++ tests ===
Running target unix
FAIL: g++.dg/other/unused1.C (test for excess errors)
ERROR: g++.dg/other/unused1.C: error executing dg-final: couldn't open "unused1.s": no such file or directory
UNRESOLVED: g++.dg/other/unused1.C: error executing dg-final: couldn't open "unused1.s": no such file or directory
FAIL: g++.dg/parse/crash49.C (test for errors, line 4)
FAIL: g++.dg/parse/crash49.C (test for errors, line 9)
FAIL: g++.dg/parse/crash49.C (test for excess errors)
FAIL: g++.dg/tc1/dr20.C (internal compiler error)
FAIL: g++.dg/tc1/dr20.C (test for excess errors)
UNRESOLVED: g++.dg/tc1/dr20.C compilation failed to produce executable
FAIL: g++.dg/lto/20081109 cp_lto_20081109_0.o-cp_lto_20081109_1.o execute -O2 -fwhopr
FAIL: g++.dg/torture/pr33572.C -O3 -fomit-frame-pointer (test for excess errors)
UNRESOLVED: g++.dg/torture/pr33572.C -O3 -fomit-frame-pointer compilation failed to produce executable
FAIL: g++.old-deja/g++.mike/eh21.C (test for excess errors)
UNRESOLVED: g++.old-deja/g++.mike/eh21.C compilation failed to produce executable
FAIL: g++.old-deja/g++.other/conv6.C (test for excess errors)
UNRESOLVED: g++.old-deja/g++.other/conv6.C compilation failed to produce executable
=== g++ Summary ===
# of expected passes 22811
# of unexpected failures 10
# of expected failures 147
# of unresolved testcases 5
# of unsupported tests 196
/home2/dave/gcc-4.6/objdir/gcc/testsuite/g++/../../g++ version 4.6.0 20100616 (experimental) [trunk revision 160819] (GCC)
=== gcc tests ===
Running target unix
FAIL: gcc.c-torture/execute/frame-address.c execution, -O2
FAIL: gcc.c-torture/execute/frame-address.c execution, -O3 -fomit-frame-pointer
FAIL: gcc.c-torture/execute/frame-address.c execution, -O3 -g
FAIL: gcc.c-torture/execute/frame-address.c execution, -Os
FAIL: gcc.c-torture/execute/frame-address.c execution, -O2 -flto
FAIL: gcc.c-torture/execute/frame-address.c execution, -O2 -fwhopr
FAIL: gcc.dg/cproj-fails-with-broken-glibc.c execution test
FAIL: gcc.dg/pr34668-1.c (internal compiler error)
FAIL: gcc.dg/pr34668-1.c (test for excess errors)
WARNING: program timed out.
FAIL: gcc.dg/pr43058.c (test for excess errors)
FAIL: gcc.dg/ipa/ipa-pta-10.c scan-ipa-dump pta "ESCAPED = { }"
FAIL: gcc.dg/lto/20100518 c_lto_20100518_0.o assemble, -O0 -fwhopr
UNRESOLVED: gcc.dg/lto/20100518 c_lto_20100518_0.o-c_lto_20100518_0.o link -O0 -fwhopr
UNRESOLVED: gcc.dg/lto/20100518 c_lto_20100518_0.o-c_lto_20100518_0.o execute -O0 -fwhopr
FAIL: gcc.dg/lto/20100518 c_lto_20100518_0.o assemble, -O2 -fwhopr
UNRESOLVED: gcc.dg/lto/20100518 c_lto_20100518_0.o-c_lto_20100518_0.o link -O2 -fwhopr
UNRESOLVED: gcc.dg/lto/20100518 c_lto_20100518_0.o-c_lto_20100518_0.o execute -O2 -fwhopr
FAIL: gcc.dg/lto/20100518 c_lto_20100518_0.o assemble, -O0 -flto
UNRESOLVED: gcc.dg/lto/20100518 c_lto_20100518_0.o-c_lto_20100518_0.o link -O0 -flto
UNRESOLVED: gcc.dg/lto/20100518 c_lto_20100518_0.o-c_lto_20100518_0.o execute -O0 -flto
FAIL: gcc.dg/lto/20100518 c_lto_20100518_0.o assemble, -O2 -flto
UNRESOLVED: gcc.dg/lto/20100518 c_lto_20100518_0.o-c_lto_20100518_0.o link -O2 -flto
UNRESOLVED: gcc.dg/lto/20100518 c_lto_20100518_0.o-c_lto_20100518_0.o execute -O2 -flto
FAIL: gcc.dg/torture/builtin-cproj-1.c -O1 (test for excess errors)
XPASS: gcc.dg/tree-ssa/20040204-1.c scan-tree-dump-times optimized "link_error" 0
XPASS: gcc.dg/tree-ssa/loop-1.c scan-assembler-times foo 5
=== gcc Summary ===
# of expected passes 64125
# of unexpected failures 16
# of unexpected successes 2
# of expected failures 87
# of unresolved testcases 8
# of unsupported tests 728
/home2/dave/gcc-4.6/objdir/gcc/xgcc version 4.6.0 20100616 (experimental) [trunk revision 160819] (GCC)
=== gfortran tests ===
Running target unix
FAIL: gfortran.dg/array_constructor_11.f90 -O3 -g (internal compiler error)
FAIL: gfortran.dg/array_constructor_11.f90 -O3 -g (test for excess errors)
UNRESOLVED: gfortran.dg/array_constructor_11.f90 -O3 -g compilation failed to produce executable
FAIL: gfortran.dg/c_loc_test.f90 -O3 -fomit-frame-pointer -funroll-all-loops -finline-functions (internal compiler error)
FAIL: gfortran.dg/c_loc_test.f90 -O3 -fomit-frame-pointer -funroll-all-loops -finline-functions (test for excess errors)
UNRESOLVED: gfortran.dg/c_loc_test.f90 -O3 -fomit-frame-pointer -funroll-all-loops -finline-functions compilation failed to produce executable
FAIL: gfortran.dg/direct_io_1.f90 -O3 -fomit-frame-pointer -funroll-loops (internal compiler error)
FAIL: gfortran.dg/direct_io_1.f90 -O3 -fomit-frame-pointer -funroll-loops (test for excess errors)
UNRESOLVED: gfortran.dg/direct_io_1.f90 -O3 -fomit-frame-pointer -funroll-loops compilation failed to produce executable
FAIL: gfortran.dg/pr41928.f90 -O (internal compiler error)
FAIL: gfortran.dg/pr41928.f90 -O (test for excess errors)
=== gfortran Summary ===
# of expected passes 33770
# of unexpected failures 8
# of expected failures 22
# of unresolved testcases 3
# of unsupported tests 288
/home2/dave/gcc-4.6/objdir/gcc/testsuite/gfortran/../../gfortran version 4.6.0 20100616 (experimental) [trunk revision 160819] (GCC)
=== gnat tests ===
Running target unix
FAIL: gnat.dg/lto1.adb (internal compiler error)
FAIL: gnat.dg/lto1.adb (test for excess errors)
UNRESOLVED: gnat.dg/lto1.adb compilation failed to produce executable
=== gnat Summary ===
# of expected passes 805
# of unexpected failures 2
# of expected failures 11
# of unresolved testcases 1
# of unsupported tests 1
=== obj-c++ tests ===
Running target unix
UNRESOLVED: obj-c++.dg/lookup-2.mm -fgnu-runtime compilation failed to produce executable
UNRESOLVED: obj-c++.dg/try-catch-2.mm -fgnu-runtime compilation failed to produce executable
UNRESOLVED: obj-c++.dg/try-catch-9.mm -fgnu-runtime compilation failed to produce executable
=== obj-c++ Summary ===
# of expected passes 538
# of expected failures 3
# of unresolved testcases 3
# of unsupported tests 23
/home2/dave/gcc-4.6/objdir/gcc/testsuite/obj-c++/../../g++ version 4.6.0 20100616 (experimental) [trunk revision 160819] (GCC)
=== objc tests ===
Running target unix
FAIL: objc/execute/bf-7.m compilation, -O3 -g -fgnu-runtime
UNRESOLVED: objc/execute/bf-7.m execution, -O3 -g -fgnu-runtime
FAIL: objc/execute/string3.m compilation, -Os -fgnu-runtime
UNRESOLVED: objc/execute/string3.m execution, -Os -fgnu-runtime
=== objc Summary ===
# of expected passes 1967
# of unexpected failures 2
# of expected failures 15
# of unresolved testcases 2
# of unsupported tests 28
/home2/dave/gcc-4.6/objdir/gcc/xgcc version 4.6.0 20100616 (experimental) [trunk revision 160819] (GCC)
=== libffi tests ===
Running target unix
=== libffi Summary ===
# of expected passes 1624
# of expected failures 10
# of unsupported tests 15
=== libgomp tests ===
Running target unix
=== libgomp Summary ===
# of expected passes 2480
# of unsupported tests 7
=== libjava tests ===
Running target unix
=== libjava Summary ===
# of expected passes 2574
=== libmudflap tests ===
Running target unix
=== libmudflap Summary ===
# of expected passes 1894
=== libstdc++ tests ===
Running target unix
=== libstdc++ Summary ===
# of expected passes 6936
# of expected failures 59
# of unsupported tests 355
Compiler version: 4.6.0 20100616 (experimental) [trunk revision 160819] (GCC)
Platform: hppa-unknown-linux-gnu
configure flags: --with-gnu-as --with-gnu-ld --enable-shared --enable-nls --prefix=/home2/dave/opt/gnu/gcc/gcc-4.6.0 --with-local-prefix=/home2/dave/opt/gnu --enable-threads=posix --enable-__cxa_atexit --build=hppa-linux --enable-clocale=gnu --enable-java-gc=boehm --enable-java-awt=xlib --enable-languages=c,c++,objc,fortran,obj-c++,java,ada
More information about the Gcc-testresults
mailing list