Results for 4.6.0 20100612 (GCC) testsuite on sparc-sun-solaris2.9
Eric Botcazou
botcazou@eu.adacore.com
Sat Jun 12 21:13:00 GMT 2010
=== acats tests ===
=== acats Summary ===
# of expected passes 2321
# of unexpected failures 0
Native configuration is sparc-sun-solaris2.9
=== gcc tests ===
Running target unix
FAIL: gcc.c-torture/compile/sync-3.c -O2 (test for excess errors)
FAIL: gcc.c-torture/compile/sync-3.c -O3 -fomit-frame-pointer (test for excess errors)
FAIL: gcc.c-torture/compile/sync-3.c -O3 -g (test for excess errors)
FAIL: gcc.c-torture/compile/sync-3.c -O2 -flto (test for excess errors)
FAIL: gcc.c-torture/compile/sync-3.c -O2 -fwhopr (test for excess errors)
FAIL: gcc.c-torture/execute/frame-address.c execution, -O2
FAIL: gcc.c-torture/execute/frame-address.c execution, -O3 -fomit-frame-pointer
FAIL: gcc.c-torture/execute/frame-address.c execution, -O3 -g
FAIL: gcc.c-torture/execute/frame-address.c execution, -Os
FAIL: gcc.c-torture/execute/frame-address.c execution, -O2 -flto
FAIL: gcc.c-torture/execute/frame-address.c execution, -O2 -fwhopr
FAIL: gcc.dg/pr34668-1.c (internal compiler error)
FAIL: gcc.dg/pr34668-1.c (test for excess errors)
FAIL: gcc.dg/pr42427.c (test for excess errors)
FAIL: gcc.dg/lto/20090210 c_lto_20090210_0.o-c_lto_20090210_1.o execute -O0 -fwhopr
FAIL: gcc.dg/lto/20090210 c_lto_20090210_0.o-c_lto_20090210_1.o execute -O2 -fwhopr
FAIL: gcc.dg/lto/20090210 c_lto_20090210_0.o-c_lto_20090210_1.o execute -O0 -flto
FAIL: gcc.dg/lto/20090210 c_lto_20090210_0.o-c_lto_20090210_1.o execute -O2 -flto
FAIL: gcc.dg/lto/20100518 c_lto_20100518_0.o assemble, -O0 -fwhopr
UNRESOLVED: gcc.dg/lto/20100518 c_lto_20100518_0.o-c_lto_20100518_0.o link -O0 -fwhopr
UNRESOLVED: gcc.dg/lto/20100518 c_lto_20100518_0.o-c_lto_20100518_0.o execute -O0 -fwhopr
FAIL: gcc.dg/lto/20100518 c_lto_20100518_0.o assemble, -O2 -fwhopr
UNRESOLVED: gcc.dg/lto/20100518 c_lto_20100518_0.o-c_lto_20100518_0.o link -O2 -fwhopr
UNRESOLVED: gcc.dg/lto/20100518 c_lto_20100518_0.o-c_lto_20100518_0.o execute -O2 -fwhopr
FAIL: gcc.dg/lto/20100518 c_lto_20100518_0.o assemble, -O0 -flto
UNRESOLVED: gcc.dg/lto/20100518 c_lto_20100518_0.o-c_lto_20100518_0.o link -O0 -flto
UNRESOLVED: gcc.dg/lto/20100518 c_lto_20100518_0.o-c_lto_20100518_0.o execute -O0 -flto
FAIL: gcc.dg/lto/20100518 c_lto_20100518_0.o assemble, -O2 -flto
UNRESOLVED: gcc.dg/lto/20100518 c_lto_20100518_0.o-c_lto_20100518_0.o link -O2 -flto
UNRESOLVED: gcc.dg/lto/20100518 c_lto_20100518_0.o-c_lto_20100518_0.o execute -O2 -flto
UNRESOLVED: selfassign.c compilation, -I. -I/nile.build/botcazou/gcc-head/src/gcc/testsuite -I/nile.build/botcazou/gcc-head/src/gcc/testsuite/../../gcc -I/nfs/nile/nile.build/botcazou/gcc-head/sparc-sun-solaris2.9/gcc/testsuite/gcc/../../../gcc -I/nile.build/botcazou/gcc-head/src/gcc/testsuite/../../include -I/nile.build/botcazou/gcc-head/src/gcc/testsuite/../../libcpp/include -I/nile.build/botcazou/support/sparc/include -I/nile.build/botcazou/support/sparc/include -I/nile.build/botcazou/support/sparc/include -O -DIN_GCC -fPIC -shared
UNRESOLVED: ggcplug.c compilation, -I. -I/nile.build/botcazou/gcc-head/src/gcc/testsuite -I/nile.build/botcazou/gcc-head/src/gcc/testsuite/../../gcc -I/nfs/nile/nile.build/botcazou/gcc-head/sparc-sun-solaris2.9/gcc/testsuite/gcc/../../../gcc -I/nile.build/botcazou/gcc-head/src/gcc/testsuite/../../include -I/nile.build/botcazou/gcc-head/src/gcc/testsuite/../../libcpp/include -I/nile.build/botcazou/support/sparc/include -I/nile.build/botcazou/support/sparc/include -I/nile.build/botcazou/support/sparc/include -O -DIN_GCC -fPIC -shared
UNRESOLVED: one_time_plugin.c compilation, -I. -I/nile.build/botcazou/gcc-head/src/gcc/testsuite -I/nile.build/botcazou/gcc-head/src/gcc/testsuite/../../gcc -I/nfs/nile/nile.build/botcazou/gcc-head/sparc-sun-solaris2.9/gcc/testsuite/gcc/../../../gcc -I/nile.build/botcazou/gcc-head/src/gcc/testsuite/../../include -I/nile.build/botcazou/gcc-head/src/gcc/testsuite/../../libcpp/include -I/nile.build/botcazou/support/sparc/include -I/nile.build/botcazou/support/sparc/include -I/nile.build/botcazou/support/sparc/include -DIN_GCC -fPIC -shared
UNRESOLVED: start_unit_plugin.c compilation, -I. -I/nile.build/botcazou/gcc-head/src/gcc/testsuite -I/nile.build/botcazou/gcc-head/src/gcc/testsuite/../../gcc -I/nfs/nile/nile.build/botcazou/gcc-head/sparc-sun-solaris2.9/gcc/testsuite/gcc/../../../gcc -I/nile.build/botcazou/gcc-head/src/gcc/testsuite/../../include -I/nile.build/botcazou/gcc-head/src/gcc/testsuite/../../libcpp/include -I/nile.build/botcazou/support/sparc/include -I/nile.build/botcazou/support/sparc/include -I/nile.build/botcazou/support/sparc/include -DIN_GCC -fPIC -shared
UNRESOLVED: finish_unit_plugin.c compilation, -I. -I/nile.build/botcazou/gcc-head/src/gcc/testsuite -I/nile.build/botcazou/gcc-head/src/gcc/testsuite/../../gcc -I/nfs/nile/nile.build/botcazou/gcc-head/sparc-sun-solaris2.9/gcc/testsuite/gcc/../../../gcc -I/nile.build/botcazou/gcc-head/src/gcc/testsuite/../../include -I/nile.build/botcazou/gcc-head/src/gcc/testsuite/../../libcpp/include -I/nile.build/botcazou/support/sparc/include -I/nile.build/botcazou/support/sparc/include -I/nile.build/botcazou/support/sparc/include -DIN_GCC -fPIC -shared
FAIL: gcc.dg/tls/alias-1.c (test for excess errors)
XPASS: gcc.dg/tree-ssa/20040204-1.c scan-tree-dump-times optimized "link_error" 0
FAIL: gcc.dg/vect/pr43430-1.c scan-tree-dump-times vect "vectorized 1 loops" 1
FAIL: gcc.dg/vect/vect-109.c scan-tree-dump-times vect "vectorized 1 loops" 2
FAIL: gcc.dg/vect/slp-reduc-3.c scan-tree-dump-times vect "vectorizing stmts using SLP" 1
FAIL: gcc.dg/vect/slp-reduc-6.c scan-tree-dump-times vect "vectorized 1 loops" 2
FAIL: gcc.dg/vect/fast-math-vect-reduc-8.c scan-tree-dump-times vect "vectorized 1 loops" 1
=== gcc Summary ===
# of expected passes 64932
# of unexpected failures 28
# of unexpected successes 1
# of expected failures 199
# of unresolved testcases 13
# of unsupported tests 928
/nfs/nile/nile.build/botcazou/gcc-head/sparc-sun-solaris2.9/gcc/xgcc version 4.6.0 20100612 for GNAT Pro 6.4.0w (20100611) (GCC)
=== gfortran tests ===
Running target unix
FAIL: gfortran.dg/array_constructor_11.f90 -O3 -g (internal compiler error)
FAIL: gfortran.dg/array_constructor_11.f90 -O3 -g (test for excess errors)
WARNING: gfortran.dg/array_constructor_11.f90 -O3 -g compilation failed to produce executable
=== gfortran Summary ===
# of expected passes 34197
# of unexpected failures 2
# of expected failures 26
# of unsupported tests 314
/nfs/nile/nile.build/botcazou/gcc-head/sparc-sun-solaris2.9/gcc/testsuite/gfortran/../../gfortran version 4.6.0 20100612 for GNAT Pro 6.4.0w (20100611) (GCC)
=== g++ tests ===
Running target unix
FAIL: g++.dg/lto/20081109 cp_lto_20081109_0.o-cp_lto_20081109_1.o execute -O2 -fwhopr
FAIL: g++.dg/lto/20090303 cp_lto_20090303_0.o-cp_lto_20090303_0.o execute -fwhopr
UNRESOLVED: attribute_plugin.c compilation, -I. -I/nile.build/botcazou/gcc-head/src/gcc/testsuite -I/nile.build/botcazou/gcc-head/src/gcc/testsuite/../../gcc -I/nfs/nile/nile.build/botcazou/gcc-head/sparc-sun-solaris2.9/gcc/testsuite/g++/../../../gcc -I/nile.build/botcazou/gcc-head/src/gcc/testsuite/../../include -I/nile.build/botcazou/gcc-head/src/gcc/testsuite/../../libcpp/include -I/nile.build/botcazou/support/sparc/include -I/nile.build/botcazou/support/sparc/include -I/nile.build/botcazou/support/sparc/include -DIN_GCC -fPIC -shared
UNRESOLVED: pragma_plugin.c compilation, -I. -I/nile.build/botcazou/gcc-head/src/gcc/testsuite -I/nile.build/botcazou/gcc-head/src/gcc/testsuite/../../gcc -I/nfs/nile/nile.build/botcazou/gcc-head/sparc-sun-solaris2.9/gcc/testsuite/g++/../../../gcc -I/nile.build/botcazou/gcc-head/src/gcc/testsuite/../../include -I/nile.build/botcazou/gcc-head/src/gcc/testsuite/../../libcpp/include -I/nile.build/botcazou/support/sparc/include -I/nile.build/botcazou/support/sparc/include -I/nile.build/botcazou/support/sparc/include -DIN_GCC -fPIC -shared
UNRESOLVED: selfassign.c compilation, -I. -I/nile.build/botcazou/gcc-head/src/gcc/testsuite -I/nile.build/botcazou/gcc-head/src/gcc/testsuite/../../gcc -I/nfs/nile/nile.build/botcazou/gcc-head/sparc-sun-solaris2.9/gcc/testsuite/g++/../../../gcc -I/nile.build/botcazou/gcc-head/src/gcc/testsuite/../../include -I/nile.build/botcazou/gcc-head/src/gcc/testsuite/../../libcpp/include -I/nile.build/botcazou/support/sparc/include -I/nile.build/botcazou/support/sparc/include -I/nile.build/botcazou/support/sparc/include -O -DIN_GCC -fPIC -shared
UNRESOLVED: dumb_plugin.c compilation, -I. -I/nile.build/botcazou/gcc-head/src/gcc/testsuite -I/nile.build/botcazou/gcc-head/src/gcc/testsuite/../../gcc -I/nfs/nile/nile.build/botcazou/gcc-head/sparc-sun-solaris2.9/gcc/testsuite/g++/../../../gcc -I/nile.build/botcazou/gcc-head/src/gcc/testsuite/../../include -I/nile.build/botcazou/gcc-head/src/gcc/testsuite/../../libcpp/include -I/nile.build/botcazou/support/sparc/include -I/nile.build/botcazou/support/sparc/include -I/nile.build/botcazou/support/sparc/include -DIN_GCC -fPIC -shared
UNRESOLVED: header_plugin.c compilation, -I. -I/nile.build/botcazou/gcc-head/src/gcc/testsuite -I/nile.build/botcazou/gcc-head/src/gcc/testsuite/../../gcc -I/nfs/nile/nile.build/botcazou/gcc-head/sparc-sun-solaris2.9/gcc/testsuite/g++/../../../gcc -I/nile.build/botcazou/gcc-head/src/gcc/testsuite/../../include -I/nile.build/botcazou/gcc-head/src/gcc/testsuite/../../libcpp/include -I/nile.build/botcazou/support/sparc/include -I/nile.build/botcazou/support/sparc/include -I/nile.build/botcazou/support/sparc/include -DIN_GCC -fPIC -shared
=== g++ Summary ===
# of expected passes 22593
# of unexpected failures 2
# of expected failures 149
# of unresolved testcases 5
# of unsupported tests 239
/nfs/nile/nile.build/botcazou/gcc-head/sparc-sun-solaris2.9/gcc/testsuite/g++/../../g++ version 4.6.0 20100612 for GNAT Pro 6.4.0w (20100611) (GCC)
=== gnat tests ===
Running target unix
=== gnat Summary ===
# of expected passes 805
# of expected failures 11
# of unsupported tests 2
=== obj-c++ tests ===
Running target unix
WARNING: obj-c++.dg/lookup-2.mm -fgnu-runtime compilation failed to produce executable
WARNING: obj-c++.dg/try-catch-2.mm -fgnu-runtime compilation failed to produce executable
WARNING: obj-c++.dg/try-catch-9.mm -fgnu-runtime compilation failed to produce executable
=== obj-c++ Summary ===
# of expected passes 538
# of expected failures 3
# of unsupported tests 23
/nfs/nile/nile.build/botcazou/gcc-head/sparc-sun-solaris2.9/gcc/testsuite/obj-c++/../../g++ version 4.6.0 20100612 for GNAT Pro 6.4.0w (20100611) (GCC)
=== objc tests ===
Running target unix
=== objc Summary ===
# of expected passes 2001
# of expected failures 15
# of unsupported tests 28
/nfs/nile/nile.build/botcazou/gcc-head/sparc-sun-solaris2.9/gcc/xgcc version 4.6.0 20100612 for GNAT Pro 6.4.0w (20100611) (GCC)
Compiler version: 4.6.0 20100612 for GNAT Pro 6.4.0w (20100611) (GCC)
Platform: sparc-sun-solaris2.9
configure flags: --prefix=/nile.build/botcazou/gcc-head/install_sparc --with-as=/nile.build/botcazou/gcc-head/install_sparc/bin/as --with-gmp=/nile.build/botcazou/support/sparc --with-mpfr=/nile.build/botcazou/support/sparc --with-mpc=/nile.build/botcazou/support/sparc --with-libelf=/nile.build/botcazou/support/sparc --enable-languages=c,c++,objc,obj-c++,fortran,ada --disable-libstdcxx-pch --disable-nls
BOOT_CFLAGS=-g -O2
More information about the Gcc-testresults
mailing list