Results for 4.6.0 20100529 (experimental) [trunk revision 160037] (GCC) testsuite on hppa-unknown-linux-gnu
John David Anglin
dave@gsyprf11.external.hp.com
Tue Jun 1 00:49:00 GMT 2010
LAST_UPDATED: Sat May 29 21:28:04 UTC 2010 (revision 160037)
=== acats tests ===
FAIL: c87b23a
FAIL: ce2205a
FAIL: cxa4034
=== acats Summary ===
# of expected passes 2318
# of unexpected failures 3
Native configuration is hppa-unknown-linux-gnu
=== g++ tests ===
Running target unix
FAIL: g++.dg/lto/20081109 cp_lto_20081109_0.o-cp_lto_20081109_1.o execute -O2 -fwhopr
UNRESOLVED: header_plugin.c compilation, -I. -I/home2/dave/gcc-4.6/gcc/gcc/testsuite -I/home2/dave/gcc-4.6/gcc/gcc/testsuite/../../gcc -I/home2/dave/gcc-4.6/objdir/gcc/testsuite/g++/../../../gcc -I/home2/dave/gcc-4.6/gcc/gcc/testsuite/../../include -I/home2/dave/gcc-4.6/gcc/gcc/testsuite/../../libcpp/include -DIN_GCC -fPIC -shared
=== g++ Summary ===
# of expected passes 22695
# of unexpected failures 1
# of expected failures 151
# of unresolved testcases 1
# of unsupported tests 195
/home2/dave/gcc-4.6/objdir/gcc/testsuite/g++/../../g++ version 4.6.0 20100529 (experimental) [trunk revision 160037] (GCC)
=== gcc tests ===
Running target unix
FAIL: gcc.dg/cproj-fails-with-broken-glibc.c execution test
FAIL: gcc.dg/pr34668-1.c (internal compiler error)
FAIL: gcc.dg/pr34668-1.c (test for excess errors)
WARNING: program timed out.
FAIL: gcc.dg/pr43058.c (test for excess errors)
FAIL: gcc.dg/ipa/ipa-pta-10.c scan-ipa-dump pta "ESCAPED = { }"
FAIL: gcc.dg/lto/20090126-1 c_lto_20090126-1_0.o-c_lto_20090126-1_0.o link, (internal compiler error)
UNRESOLVED: gcc.dg/lto/20090126-1 c_lto_20090126-1_0.o-c_lto_20090126-1_0.o execute -O0 -fwhopr
FAIL: gcc.dg/lto/20100518 c_lto_20100518_0.o assemble, -O0 -fwhopr
UNRESOLVED: gcc.dg/lto/20100518 c_lto_20100518_0.o-c_lto_20100518_0.o link -O0 -fwhopr
UNRESOLVED: gcc.dg/lto/20100518 c_lto_20100518_0.o-c_lto_20100518_0.o execute -O0 -fwhopr
FAIL: gcc.dg/lto/20100518 c_lto_20100518_0.o assemble, -O2 -fwhopr
UNRESOLVED: gcc.dg/lto/20100518 c_lto_20100518_0.o-c_lto_20100518_0.o link -O2 -fwhopr
UNRESOLVED: gcc.dg/lto/20100518 c_lto_20100518_0.o-c_lto_20100518_0.o execute -O2 -fwhopr
FAIL: gcc.dg/lto/20100518 c_lto_20100518_0.o assemble, -O0 -flto
UNRESOLVED: gcc.dg/lto/20100518 c_lto_20100518_0.o-c_lto_20100518_0.o link -O0 -flto
UNRESOLVED: gcc.dg/lto/20100518 c_lto_20100518_0.o-c_lto_20100518_0.o execute -O0 -flto
FAIL: gcc.dg/lto/20100518 c_lto_20100518_0.o assemble, -O2 -flto
UNRESOLVED: gcc.dg/lto/20100518 c_lto_20100518_0.o-c_lto_20100518_0.o link -O2 -flto
UNRESOLVED: gcc.dg/lto/20100518 c_lto_20100518_0.o-c_lto_20100518_0.o execute -O2 -flto
FAIL: gcc.dg/torture/builtin-cproj-1.c -O1 (test for excess errors)
XPASS: gcc.dg/tree-ssa/loop-1.c scan-assembler-times foo 5
=== gcc Summary ===
# of expected passes 64029
# of unexpected failures 11
# of unexpected successes 1
# of expected failures 88
# of unresolved testcases 9
# of unsupported tests 725
/home2/dave/gcc-4.6/objdir/gcc/xgcc version 4.6.0 20100529 (experimental) [trunk revision 160037] (GCC)
=== gfortran tests ===
Running target unix
FAIL: gfortran.dg/array_constructor_11.f90 -O3 -g (internal compiler error)
FAIL: gfortran.dg/array_constructor_11.f90 -O3 -g (test for excess errors)
UNRESOLVED: gfortran.dg/array_constructor_11.f90 -O3 -g compilation failed to produce executable
FAIL: gfortran.dg/pr41928.f90 -O (internal compiler error)
FAIL: gfortran.dg/pr41928.f90 -O (test for excess errors)
=== gfortran Summary ===
# of expected passes 33565
# of unexpected failures 4
# of expected failures 22
# of unresolved testcases 1
# of unsupported tests 288
/home2/dave/gcc-4.6/objdir/gcc/testsuite/gfortran/../../gfortran version 4.6.0 20100529 (experimental) [trunk revision 160037] (GCC)
=== gnat tests ===
Running target unix
FAIL: gnat.dg/lto1.adb (internal compiler error)
FAIL: gnat.dg/lto1.adb (test for excess errors)
UNRESOLVED: gnat.dg/lto1.adb compilation failed to produce executable
=== gnat Summary ===
# of expected passes 804
# of unexpected failures 2
# of expected failures 11
# of unresolved testcases 1
# of unsupported tests 1
=== obj-c++ tests ===
Running target unix
UNRESOLVED: obj-c++.dg/lookup-2.mm -fgnu-runtime compilation failed to produce executable
UNRESOLVED: obj-c++.dg/try-catch-2.mm -fgnu-runtime compilation failed to produce executable
UNRESOLVED: obj-c++.dg/try-catch-9.mm -fgnu-runtime compilation failed to produce executable
=== obj-c++ Summary ===
# of expected passes 538
# of expected failures 3
# of unresolved testcases 3
# of unsupported tests 23
/home2/dave/gcc-4.6/objdir/gcc/testsuite/obj-c++/../../g++ version 4.6.0 20100529 (experimental) [trunk revision 160037] (GCC)
=== objc tests ===
Running target unix
=== objc Summary ===
# of expected passes 1971
# of expected failures 15
# of unsupported tests 28
/home2/dave/gcc-4.6/objdir/gcc/xgcc version 4.6.0 20100529 (experimental) [trunk revision 160037] (GCC)
=== libffi tests ===
Running target unix
=== libffi Summary ===
# of expected passes 1624
# of expected failures 10
# of unsupported tests 15
=== libgomp tests ===
Running target unix
=== libgomp Summary ===
# of expected passes 2480
# of unsupported tests 7
=== libjava tests ===
Running target unix
=== libjava Summary ===
# of expected passes 2574
=== libmudflap tests ===
Running target unix
=== libmudflap Summary ===
# of expected passes 1894
=== libstdc++ tests ===
Running target unix
=== libstdc++ Summary ===
# of expected passes 6881
# of expected failures 93
# of unsupported tests 355
Compiler version: 4.6.0 20100529 (experimental) [trunk revision 160037] (GCC)
Platform: hppa-unknown-linux-gnu
configure flags: --with-gnu-as --with-gnu-ld --enable-shared --enable-nls --prefix=/home2/dave/opt/gnu/gcc/gcc-4.6.0 --with-local-prefix=/home2/dave/opt/gnu --enable-threads=posix --enable-__cxa_atexit --build=hppa-linux --enable-clocale=gnu --enable-java-gc=boehm --enable-java-awt=xlib --enable-languages=c,c++,objc,fortran,obj-c++,java,ada
More information about the Gcc-testresults
mailing list