Results for 4.5.1 20100722 (prerelease) (GCC) testsuite on i386-pc-solaris2.11
Rainer Orth
ro@CeBiTec.Uni-Bielefeld.DE
Fri Jul 23 11:39:00 GMT 2010
=== acats tests ===
=== acats Summary ===
# of expected passes 2321
# of unexpected failures 0
Native configuration is i386-pc-solaris2.11
=== g++ tests ===
Running target unix
=== g++ Summary for unix ===
# of expected passes 22906
# of expected failures 152
# of unsupported tests 162
Running target unix/-m64
FAIL: g++.dg/tls/static-1.C execution test
=== g++ Summary for unix/-m64 ===
# of expected passes 22525
# of unexpected failures 1
# of expected failures 152
# of unsupported tests 345
=== g++ Summary ===
# of expected passes 45431
# of unexpected failures 1
# of expected failures 304
# of unsupported tests 507
/var/gcc/regression/gcc-4.5-branch/11-gcc-gas/build/gcc/testsuite/g++/../../g++ version 4.5.1 20100722 (prerelease) (GCC)
=== gcc tests ===
Running target unix
WARNING: program timed out.
FAIL: gcc.dg/pr43058.c (test for excess errors)
FAIL: gcc.target/i386/abi-2.c scan-assembler-times ymm0 1
FAIL: gcc.target/i386/avx-vmovntdq-256-1.c -Wl,-M,/vol/gcc/src/hg/gcc-4.5-branch/local/gcc/testsuite/gcc.target/i386/clearcap.map (test for excess errors)
WARNING: gcc.target/i386/avx-vmovntdq-256-1.c -Wl,-M,/vol/gcc/src/hg/gcc-4.5-branch/local/gcc/testsuite/gcc.target/i386/clearcap.map compilation failed to produce executable
FAIL: gcc.target/i386/avx-vmovntpd-256-1.c -Wl,-M,/vol/gcc/src/hg/gcc-4.5-branch/local/gcc/testsuite/gcc.target/i386/clearcap.map (test for excess errors)
WARNING: gcc.target/i386/avx-vmovntpd-256-1.c -Wl,-M,/vol/gcc/src/hg/gcc-4.5-branch/local/gcc/testsuite/gcc.target/i386/clearcap.map compilation failed to produce executable
FAIL: gcc.target/i386/avx-vmovntps-256-1.c -Wl,-M,/vol/gcc/src/hg/gcc-4.5-branch/local/gcc/testsuite/gcc.target/i386/clearcap.map (test for excess errors)
WARNING: gcc.target/i386/avx-vmovntps-256-1.c -Wl,-M,/vol/gcc/src/hg/gcc-4.5-branch/local/gcc/testsuite/gcc.target/i386/clearcap.map compilation failed to produce executable
FAIL: gcc.target/i386/pr22076.c scan-assembler-times movq 3
FAIL: gcc.target/i386/pr22076.c scan-assembler-not movl
=== gcc Summary for unix ===
# of expected passes 70951
# of unexpected failures 7
# of expected failures 166
# of unsupported tests 698
Running target unix/-m64
FAIL: gcc.dg/cpp/trad/include.c (internal compiler error)
FAIL: gcc.dg/cpp/trad/include.c (test for excess errors)
FAIL: gcc.target/i386/avx-vmovntdq-256-1.c -Wl,-M,/vol/gcc/src/hg/gcc-4.5-branch/local/gcc/testsuite/gcc.target/i386/clearcap.map (test for excess errors)
WARNING: gcc.target/i386/avx-vmovntdq-256-1.c -Wl,-M,/vol/gcc/src/hg/gcc-4.5-branch/local/gcc/testsuite/gcc.target/i386/clearcap.map compilation failed to produce executable
FAIL: gcc.target/i386/avx-vmovntpd-256-1.c -Wl,-M,/vol/gcc/src/hg/gcc-4.5-branch/local/gcc/testsuite/gcc.target/i386/clearcap.map (test for excess errors)
WARNING: gcc.target/i386/avx-vmovntpd-256-1.c -Wl,-M,/vol/gcc/src/hg/gcc-4.5-branch/local/gcc/testsuite/gcc.target/i386/clearcap.map compilation failed to produce executable
FAIL: gcc.target/i386/avx-vmovntps-256-1.c -Wl,-M,/vol/gcc/src/hg/gcc-4.5-branch/local/gcc/testsuite/gcc.target/i386/clearcap.map (test for excess errors)
WARNING: gcc.target/i386/avx-vmovntps-256-1.c -Wl,-M,/vol/gcc/src/hg/gcc-4.5-branch/local/gcc/testsuite/gcc.target/i386/clearcap.map compilation failed to produce executable
=== gcc Summary for unix/-m64 ===
# of expected passes 70493
# of unexpected failures 5
# of expected failures 165
# of unsupported tests 1049
=== gcc Summary ===
# of expected passes 141444
# of unexpected failures 12
# of expected failures 331
# of unsupported tests 1747
/var/gcc/regression/gcc-4.5-branch/11-gcc-gas/build/gcc/xgcc version 4.5.1 20100722 (prerelease) (GCC)
=== gfortran tests ===
Running target unix
FAIL: gfortran.dg/lto/20091015-1 f_lto_20091015-1_0.o-f_lto_20091015-1_2.o link
UNRESOLVED: gfortran.dg/lto/20091015-1 f_lto_20091015-1_0.o-f_lto_20091015-1_2.o execute -O0 -fwhopr
FAIL: gfortran.dg/lto/20091015-1 f_lto_20091015-1_0.o-f_lto_20091015-1_2.o link
UNRESOLVED: gfortran.dg/lto/20091015-1 f_lto_20091015-1_0.o-f_lto_20091015-1_2.o execute -O2 -fwhopr
=== gfortran Summary for unix ===
# of expected passes 34046
# of unexpected failures 2
# of expected failures 20
# of unresolved testcases 2
# of unsupported tests 145
Running target unix/-m64
FAIL: gfortran.dg/lto/20091015-1 f_lto_20091015-1_0.o-f_lto_20091015-1_2.o link
UNRESOLVED: gfortran.dg/lto/20091015-1 f_lto_20091015-1_0.o-f_lto_20091015-1_2.o execute -O0 -fwhopr
FAIL: gfortran.dg/lto/20091015-1 f_lto_20091015-1_0.o-f_lto_20091015-1_2.o link
UNRESOLVED: gfortran.dg/lto/20091015-1 f_lto_20091015-1_0.o-f_lto_20091015-1_2.o execute -O2 -fwhopr
=== gfortran Summary for unix/-m64 ===
# of expected passes 34199
# of unexpected failures 2
# of expected failures 20
# of unresolved testcases 2
# of unsupported tests 77
=== gfortran Summary ===
# of expected passes 68245
# of unexpected failures 4
# of expected failures 40
# of unresolved testcases 4
# of unsupported tests 222
/var/gcc/regression/gcc-4.5-branch/11-gcc-gas/build/gcc/testsuite/gfortran/../../gfortran version 4.5.1 20100722 (prerelease) (GCC)
=== gnat tests ===
Running target unix
=== gnat Summary for unix ===
# of expected passes 756
# of expected failures 7
# of unsupported tests 3
Running target unix/-m64
=== gnat Summary for unix/-m64 ===
# of expected passes 756
# of expected failures 7
# of unsupported tests 3
=== gnat Summary ===
# of expected passes 1512
# of expected failures 14
# of unsupported tests 6
=== objc tests ===
Running target unix
=== objc Summary for unix ===
# of expected passes 1882
# of expected failures 7
# of unsupported tests 20
Running target unix/-m64
=== objc Summary for unix/-m64 ===
# of expected passes 1874
# of expected failures 15
# of unsupported tests 20
=== objc Summary ===
# of expected passes 3756
# of expected failures 22
# of unsupported tests 40
/var/gcc/regression/gcc-4.5-branch/11-gcc-gas/build/gcc/xgcc version 4.5.1 20100722 (prerelease) (GCC)
=== libffi tests ===
Running target unix
=== libffi Summary for unix ===
# of expected passes 1624
# of expected failures 10
# of unsupported tests 15
Running target unix/-m64
=== libffi Summary for unix/-m64 ===
# of expected passes 1624
# of expected failures 10
# of unsupported tests 15
=== libffi Summary ===
# of expected passes 3248
# of expected failures 20
# of unsupported tests 30
=== libgomp tests ===
Running target unix
=== libgomp Summary for unix ===
# of expected passes 2490
# of unsupported tests 2
Running target unix/-m64
FAIL: libgomp.c/copyin-3.c execution test
FAIL: libgomp.c/nqueens-1.c execution test
FAIL: libgomp.c/pr24455.c execution test
FAIL: libgomp.c++/ctor-10.C -O0 execution test
FAIL: libgomp.c++/ctor-10.C -O1 execution test
FAIL: libgomp.c++/ctor-10.C -O2 execution test
FAIL: libgomp.c++/ctor-10.C -O3 -fomit-frame-pointer execution test
FAIL: libgomp.c++/ctor-10.C -O3 -fomit-frame-pointer -funroll-loops execution test
FAIL: libgomp.c++/ctor-10.C -O3 -fomit-frame-pointer -funroll-all-loops -finline-functions execution test
FAIL: libgomp.c++/ctor-10.C -O3 -g execution test
FAIL: libgomp.c++/ctor-10.C -Os execution test
FAIL: libgomp.c++/pr24455.C -O0 execution test
FAIL: libgomp.c++/pr24455.C -O1 execution test
FAIL: libgomp.c++/pr24455.C -O2 execution test
FAIL: libgomp.c++/pr24455.C -O3 -fomit-frame-pointer execution test
FAIL: libgomp.c++/pr24455.C -O3 -fomit-frame-pointer -funroll-loops execution test
FAIL: libgomp.c++/pr24455.C -O3 -fomit-frame-pointer -funroll-all-loops -finline-functions execution test
FAIL: libgomp.c++/pr24455.C -O3 -g execution test
FAIL: libgomp.c++/pr24455.C -Os execution test
FAIL: libgomp.fortran/appendix-a/a.22.8.f90 -O0 execution test
FAIL: libgomp.fortran/appendix-a/a.22.8.f90 -O1 execution test
FAIL: libgomp.fortran/appendix-a/a.22.8.f90 -O2 execution test
FAIL: libgomp.fortran/appendix-a/a.22.8.f90 -O3 -fomit-frame-pointer execution test
FAIL: libgomp.fortran/appendix-a/a.22.8.f90 -O3 -fomit-frame-pointer -funroll-loops execution test
FAIL: libgomp.fortran/appendix-a/a.22.8.f90 -O3 -fomit-frame-pointer -funroll-all-loops -finline-functions execution test
FAIL: libgomp.fortran/appendix-a/a.22.8.f90 -O3 -g execution test
FAIL: libgomp.fortran/appendix-a/a.22.8.f90 -Os execution test
FAIL: libgomp.fortran/threadprivate1.f90 -O0 execution test
FAIL: libgomp.fortran/threadprivate1.f90 -O1 execution test
FAIL: libgomp.fortran/threadprivate1.f90 -O2 execution test
FAIL: libgomp.fortran/threadprivate1.f90 -O3 -fomit-frame-pointer execution test
FAIL: libgomp.fortran/threadprivate1.f90 -O3 -fomit-frame-pointer -funroll-loops execution test
FAIL: libgomp.fortran/threadprivate1.f90 -O3 -fomit-frame-pointer -funroll-all-loops -finline-functions execution test
FAIL: libgomp.fortran/threadprivate1.f90 -O3 -g execution test
FAIL: libgomp.fortran/threadprivate1.f90 -Os execution test
FAIL: libgomp.fortran/threadprivate2.f90 -O0 execution test
FAIL: libgomp.fortran/threadprivate2.f90 -O1 execution test
FAIL: libgomp.fortran/threadprivate2.f90 -O2 execution test
FAIL: libgomp.fortran/threadprivate2.f90 -O3 -fomit-frame-pointer execution test
FAIL: libgomp.fortran/threadprivate2.f90 -O3 -fomit-frame-pointer -funroll-loops execution test
FAIL: libgomp.fortran/threadprivate2.f90 -O3 -fomit-frame-pointer -funroll-all-loops -finline-functions execution test
FAIL: libgomp.fortran/threadprivate2.f90 -O3 -g execution test
FAIL: libgomp.fortran/threadprivate2.f90 -Os execution test
=== libgomp Summary for unix/-m64 ===
# of expected passes 2447
# of unexpected failures 43
# of unsupported tests 2
=== libgomp Summary ===
# of expected passes 4937
# of unexpected failures 43
# of unsupported tests 4
=== libjava tests ===
Running target unix
=== libjava Summary for unix ===
# of expected passes 2574
Running target unix/-m64
FAIL: PR16923 run
=== libjava Summary for unix/-m64 ===
# of expected passes 2573
# of unexpected failures 1
# of untested testcases 1
=== libjava Summary ===
# of expected passes 5147
# of unexpected failures 1
# of untested testcases 1
=== libstdc++ tests ===
Running target unix
=== libstdc++ Summary for unix ===
# of expected passes 6694
# of expected failures 92
# of unsupported tests 436
Running target unix/-m64
=== libstdc++ Summary for unix/-m64 ===
# of expected passes 6694
# of expected failures 92
# of unsupported tests 436
=== libstdc++ Summary ===
# of expected passes 13388
# of expected failures 184
# of unsupported tests 872
=== libstdc++ Summary ===
Compiler version: 4.5.1 20100722 (prerelease) (GCC)
Platform: i386-pc-solaris2.11
configure flags: --prefix=/vol/gcc --target=i386-pc-solaris2.11 --with-as=/usr/sfw/bin/gas --with-gnu-as --with-gmp=/vol/gcc --with-mpfr=/vol/gcc --with-mpc=/vol/gcc --enable-languages=all,ada
BOOT_CFLAGS=-g -O2
More information about the Gcc-testresults
mailing list