Results for 4.4.5 20100719 (prerelease) [gcc-4_4-branch revision 162314] (GCC) testsuite on hppa64-hp-hpux11.11
John David Anglin
dave@hiauly3.hia.nrc.ca
Tue Jul 20 17:51:00 GMT 2010
LAST_UPDATED: Mon Jul 19 20:01:07 UTC 2010 (revision 162314)
Native configuration is hppa64-hp-hpux11.11
=== g++ tests ===
Running target unix
=== g++ Summary ===
# of expected passes 18651
# of expected failures 159
# of unsupported tests 209
/mnt/gnu/gcc/objdir-test/gcc/testsuite/g++/../../g++ version 4.4.5 20100719 (prerelease) [gcc-4_4-branch revision 162314] (GCC)
=== gcc tests ===
Running target unix
FAIL: gcc.dg/debug/dwarf2/inline2.c scan-assembler-times \\(DIE \\(.*?\\) DW_TAG_inlined_subroutine 6
FAIL: gcc.dg/debug/dwarf2/inline2.c scan-assembler-times \\(DIE \\(.*?\\) DW_TAG_lexical_block 6
XPASS: gcc.dg/funcorder.c scan-assembler-not link_error,%r
=== gcc Summary ===
# of expected passes 49350
# of unexpected failures 2
# of unexpected successes 1
# of expected failures 117
# of unsupported tests 631
/mnt/gnu/gcc/objdir-test/gcc/xgcc version 4.4.5 20100719 (prerelease) [gcc-4_4-branch revision 162314] (GCC)
=== gfortran tests ===
Running target unix
=== gfortran Summary ===
# of expected passes 29281
# of expected failures 9
# of unsupported tests 270
/mnt/gnu/gcc/objdir-test/gcc/testsuite/gfortran/../../gfortran version 4.4.5 20100719 (prerelease) [gcc-4_4-branch revision 162314] (GCC)
=== obj-c++ tests ===
Running target unix
XPASS: obj-c++.dg/comp-types-10.mm (test for excess errors)
WARNING: obj-c++.dg/lookup-2.mm compilation failed to produce executable
WARNING: obj-c++.dg/try-catch-2.mm compilation failed to produce executable
WARNING: obj-c++.dg/try-catch-9.mm compilation failed to produce executable
=== obj-c++ Summary ===
# of expected passes 425
# of unexpected successes 1
# of expected failures 20
# of unsupported tests 13
/mnt/gnu/gcc/objdir-test/gcc/testsuite/obj-c++/../../g++ version 4.4.5 20100719 (prerelease) [gcc-4_4-branch revision 162314] (GCC)
=== objc tests ===
Running target unix
=== objc Summary ===
# of expected passes 1864
# of expected failures 15
# of unsupported tests 25
/mnt/gnu/gcc/objdir-test/gcc/xgcc version 4.4.5 20100719 (prerelease) [gcc-4_4-branch revision 162314] (GCC)
=== libgomp tests ===
Running target unix
=== libgomp Summary ===
# of expected passes 2458
# of unsupported tests 9
=== libstdc++ tests ===
Running target unix
=== libstdc++ Summary ===
# of expected passes 5486
# of expected failures 72
# of unsupported tests 530
Compiler version: 4.4.5 20100719 (prerelease) [gcc-4_4-branch revision 162314] (GCC)
Platform: hppa64-hp-hpux11.11
configure flags: --with-gnu-as --with-as=/opt/gnu64/bin/as --with-ld=/usr/ccs/bin/ld --enable-shared --with-local-prefix=/opt/gnu64 --prefix=/opt/gnu64/gcc/gcc-4.4.4 --build=hppa64-hp-hpux11.11 --enable-threads=posix --disable-nls --with-gmp=/opt/gnu64/gcc/gcc-4.4.4 -enable-languages=c,c++,objc,obj-c++,fortran
More information about the Gcc-testresults
mailing list