Results for 4.6.0 20100711 (experimental) [trunk revision 162051] (GCC) testsuite on hppa64-hp-hpux11.11
John David Anglin
dave@hiauly3.hia.nrc.ca
Tue Jul 13 23:05:00 GMT 2010
Native configuration is hppa64-hp-hpux11.11
=== g++ tests ===
Running target unix
FAIL: c-c++-common/uninit-17.c (test for warnings, line 14)
FAIL: c-c++-common/uninit-17.c (test for excess errors)
FAIL: g++.dg/lto/20081109 cp_lto_20081109_0.o-cp_lto_20081109_1.o execute -O2 -fwhopr
UNRESOLVED: attribute_plugin.c compilation, -I. -I/test/gnu/gcc/gcc/gcc/testsuite -I/test/gnu/gcc/gcc/gcc/testsuite/../../gcc -I/test/gnu/gcc/objdir/gcc/testsuite/g++/../../../gcc -I/test/gnu/gcc/gcc/gcc/testsuite/../../include -I/test/gnu/gcc/gcc/gcc/testsuite/../../libcpp/include -I/opt/gnu64/gcc/gcc-4.6.0/include -DIN_GCC -fPIC -shared
UNRESOLVED: pragma_plugin.c compilation, -I. -I/test/gnu/gcc/gcc/gcc/testsuite -I/test/gnu/gcc/gcc/gcc/testsuite/../../gcc -I/test/gnu/gcc/objdir/gcc/testsuite/g++/../../../gcc -I/test/gnu/gcc/gcc/gcc/testsuite/../../include -I/test/gnu/gcc/gcc/gcc/testsuite/../../libcpp/include -I/opt/gnu64/gcc/gcc-4.6.0/include -DIN_GCC -fPIC -shared
UNRESOLVED: selfassign.c compilation, -I. -I/test/gnu/gcc/gcc/gcc/testsuite -I/test/gnu/gcc/gcc/gcc/testsuite/../../gcc -I/test/gnu/gcc/objdir/gcc/testsuite/g++/../../../gcc -I/test/gnu/gcc/gcc/gcc/testsuite/../../include -I/test/gnu/gcc/gcc/gcc/testsuite/../../libcpp/include -I/opt/gnu64/gcc/gcc-4.6.0/include -O -DIN_GCC -fPIC -shared
UNRESOLVED: dumb_plugin.c compilation, -I. -I/test/gnu/gcc/gcc/gcc/testsuite -I/test/gnu/gcc/gcc/gcc/testsuite/../../gcc -I/test/gnu/gcc/objdir/gcc/testsuite/g++/../../../gcc -I/test/gnu/gcc/gcc/gcc/testsuite/../../include -I/test/gnu/gcc/gcc/gcc/testsuite/../../libcpp/include -I/opt/gnu64/gcc/gcc-4.6.0/include -DIN_GCC -fPIC -shared
UNRESOLVED: header_plugin.c compilation, -I. -I/test/gnu/gcc/gcc/gcc/testsuite -I/test/gnu/gcc/gcc/gcc/testsuite/../../gcc -I/test/gnu/gcc/objdir/gcc/testsuite/g++/../../../gcc -I/test/gnu/gcc/gcc/gcc/testsuite/../../include -I/test/gnu/gcc/gcc/gcc/testsuite/../../libcpp/include -I/opt/gnu64/gcc/gcc-4.6.0/include -DIN_GCC -fPIC -shared
FAIL: g++.dg/torture/pr36745.C -O0 (test for excess errors)
FAIL: g++.dg/torture/pr36745.C -O1 (test for excess errors)
FAIL: g++.dg/torture/pr36745.C -O2 (test for excess errors)
FAIL: g++.dg/torture/pr36745.C -O3 -fomit-frame-pointer (test for excess errors)
FAIL: g++.dg/torture/pr36745.C -O3 -fomit-frame-pointer -funroll-loops (test for excess errors)
FAIL: g++.dg/torture/pr36745.C -O3 -fomit-frame-pointer -funroll-all-loops -finline-functions (test for excess errors)
FAIL: g++.dg/torture/pr36745.C -O3 -g (test for excess errors)
FAIL: g++.dg/torture/pr36745.C -Os (test for excess errors)
FAIL: g++.dg/torture/pr36745.C -O2 -flto (test for excess errors)
FAIL: g++.dg/torture/pr36745.C -O2 -fwhopr (test for excess errors)
=== g++ Summary ===
# of expected passes 22296
# of unexpected failures 13
# of expected failures 150
# of unresolved testcases 5
# of unsupported tests 244
/test/gnu/gcc/objdir/gcc/testsuite/g++/../../g++ version 4.6.0 20100711 (experimental) [trunk revision 162051] (GCC)
=== gcc tests ===
Running target unix
WARNING: program timed out.
FAIL: gcc.c-torture/compile/limits-fnargs.c -O3 -g (test for excess errors)
XPASS: gcc.dg/funcorder.c scan-assembler-not link_error,%r
FAIL: gcc.dg/pr35258.c execution test
FAIL: c-c++-common/uninit-17.c -Wc++-compat (test for warnings, line 14)
FAIL: c-c++-common/uninit-17.c -Wc++-compat (test for excess errors)
WARNING: program timed out.
FAIL: gcc.dg/lto/20090116 c_lto_20090116_0.o-c_lto_20090116_0.o link, -O1 -fwhopr -fPIC (internal compiler error)
UNRESOLVED: gcc.dg/lto/20090116 c_lto_20090116_0.o-c_lto_20090116_0.o execute -O1 -fwhopr -fPIC
FAIL: gcc.dg/lto/20090313 c_lto_20090313_0.o-c_lto_20090313_0.o link, -O0 -fwhopr
UNRESOLVED: gcc.dg/lto/20090313 c_lto_20090313_0.o-c_lto_20090313_0.o execute -O0 -fwhopr
FAIL: gcc.dg/lto/20090313 c_lto_20090313_0.o-c_lto_20090313_0.o link, -O2 -fwhopr
UNRESOLVED: gcc.dg/lto/20090313 c_lto_20090313_0.o-c_lto_20090313_0.o execute -O2 -fwhopr
FAIL: gcc.dg/lto/20090313 c_lto_20090313_0.o-c_lto_20090313_0.o link, -O0 -flto
UNRESOLVED: gcc.dg/lto/20090313 c_lto_20090313_0.o-c_lto_20090313_0.o execute -O0 -flto
FAIL: gcc.dg/lto/20090313 c_lto_20090313_0.o-c_lto_20090313_0.o link, -O2 -flto
UNRESOLVED: gcc.dg/lto/20090313 c_lto_20090313_0.o-c_lto_20090313_0.o execute -O2 -flto
UNRESOLVED: selfassign.c compilation, -I. -I/test/gnu/gcc/gcc/gcc/testsuite -I/test/gnu/gcc/gcc/gcc/testsuite/../../gcc -I/test/gnu/gcc/objdir/gcc/testsuite/gcc/../../../gcc -I/test/gnu/gcc/gcc/gcc/testsuite/../../include -I/test/gnu/gcc/gcc/gcc/testsuite/../../libcpp/include -I/opt/gnu64/gcc/gcc-4.6.0/include -O -DIN_GCC -fPIC -shared
UNRESOLVED: ggcplug.c compilation, -I. -I/test/gnu/gcc/gcc/gcc/testsuite -I/test/gnu/gcc/gcc/gcc/testsuite/../../gcc -I/test/gnu/gcc/objdir/gcc/testsuite/gcc/../../../gcc -I/test/gnu/gcc/gcc/gcc/testsuite/../../include -I/test/gnu/gcc/gcc/gcc/testsuite/../../libcpp/include -I/opt/gnu64/gcc/gcc-4.6.0/include -O -DIN_GCC -fPIC -shared
UNRESOLVED: one_time_plugin.c compilation, -I. -I/test/gnu/gcc/gcc/gcc/testsuite -I/test/gnu/gcc/gcc/gcc/testsuite/../../gcc -I/test/gnu/gcc/objdir/gcc/testsuite/gcc/../../../gcc -I/test/gnu/gcc/gcc/gcc/testsuite/../../include -I/test/gnu/gcc/gcc/gcc/testsuite/../../libcpp/include -I/opt/gnu64/gcc/gcc-4.6.0/include -DIN_GCC -fPIC -shared
UNRESOLVED: start_unit_plugin.c compilation, -I. -I/test/gnu/gcc/gcc/gcc/testsuite -I/test/gnu/gcc/gcc/gcc/testsuite/../../gcc -I/test/gnu/gcc/objdir/gcc/testsuite/gcc/../../../gcc -I/test/gnu/gcc/gcc/gcc/testsuite/../../include -I/test/gnu/gcc/gcc/gcc/testsuite/../../libcpp/include -I/opt/gnu64/gcc/gcc-4.6.0/include -DIN_GCC -fPIC -shared
UNRESOLVED: finish_unit_plugin.c compilation, -I. -I/test/gnu/gcc/gcc/gcc/testsuite -I/test/gnu/gcc/gcc/gcc/testsuite/../../gcc -I/test/gnu/gcc/objdir/gcc/testsuite/gcc/../../../gcc -I/test/gnu/gcc/gcc/gcc/testsuite/../../include -I/test/gnu/gcc/gcc/gcc/testsuite/../../libcpp/include -I/opt/gnu64/gcc/gcc-4.6.0/include -DIN_GCC -fPIC -shared
FAIL: gcc.dg/tls/alias-1.c (test for excess errors)
XPASS: gcc.dg/tree-ssa/20031106-3.c scan-tree-dump-times optimized "link_error" 0
XPASS: gcc.dg/tree-ssa/20040204-1.c scan-tree-dump-times optimized "link_error" 0
XPASS: gcc.dg/tree-ssa/fre-vce-1.c scan-tree-dump-times fre "sv.i" 2
=== gcc Summary ===
# of expected passes 63066
# of unexpected failures 10
# of unexpected successes 4
# of expected failures 114
# of unresolved testcases 10
# of unsupported tests 804
/test/gnu/gcc/objdir/gcc/xgcc version 4.6.0 20100711 (experimental) [trunk revision 162051] (GCC)
=== gfortran tests ===
Running target unix
=== gfortran Summary ===
# of expected passes 33969
# of expected failures 22
# of unsupported tests 286
/test/gnu/gcc/objdir/gcc/testsuite/gfortran/../../gfortran version 4.6.0 20100711 (experimental) [trunk revision 162051] (GCC)
=== obj-c++ tests ===
Running target unix
WARNING: obj-c++.dg/lookup-2.mm -fgnu-runtime compilation failed to produce executable
WARNING: obj-c++.dg/try-catch-2.mm -fgnu-runtime compilation failed to produce executable
WARNING: obj-c++.dg/try-catch-9.mm -fgnu-runtime compilation failed to produce executable
=== obj-c++ Summary ===
# of expected passes 542
# of expected failures 11
# of unsupported tests 23
/test/gnu/gcc/objdir/gcc/testsuite/obj-c++/../../g++ version 4.6.0 20100711 (experimental) [trunk revision 162051] (GCC)
=== objc tests ===
Running target unix
=== objc Summary ===
# of expected passes 1981
# of expected failures 15
# of unsupported tests 29
/test/gnu/gcc/objdir/gcc/xgcc version 4.6.0 20100711 (experimental) [trunk revision 162051] (GCC)
=== libgomp tests ===
Running target unix
=== libgomp Summary ===
# of expected passes 2476
# of unsupported tests 9
=== libstdc++ tests ===
Running target unix
FAIL: 27_io/basic_stringbuf/sputbackc/char/1.cc (test for excess errors)
WARNING: 27_io/basic_stringbuf/sputbackc/char/1.cc compilation failed to produce executable
FAIL: 27_io/basic_stringbuf/sputbackc/wchar_t/1.cc (test for excess errors)
WARNING: 27_io/basic_stringbuf/sputbackc/wchar_t/1.cc compilation failed to produce executable
FAIL: 27_io/basic_stringbuf/sungetc/char/1.cc (test for excess errors)
WARNING: 27_io/basic_stringbuf/sungetc/char/1.cc compilation failed to produce executable
FAIL: 27_io/basic_stringbuf/sungetc/wchar_t/1.cc (test for excess errors)
WARNING: 27_io/basic_stringbuf/sungetc/wchar_t/1.cc compilation failed to produce executable
=== libstdc++ Summary ===
# of expected passes 6489
# of unexpected failures 4
# of expected failures 57
# of unsupported tests 621
Compiler version: 4.6.0 20100711 (experimental) [trunk revision 162051] (GCC)
Platform: hppa64-hp-hpux11.11
configure flags:Test Run By dave on Sun Jul 11 13:41:20 2010
More information about the Gcc-testresults
mailing list