Results for 4.6.0 20100701 (experimental) [trunk revision 161655] (GCC) testsuite on hppa2.0w-hp-hpux11.11
John David Anglin
dave@hiauly3.hia.nrc.ca
Sun Jul 11 03:26:00 GMT 2010
Native configuration is hppa2.0w-hp-hpux11.11
=== gcc tests ===
Running target unix
FAIL: gcc.dg/pr35258.c execution test
FAIL: gcc.dg/pr44674.c (internal compiler error)
FAIL: gcc.dg/pr44674.c (test for excess errors)
FAIL: c-c++-common/uninit-17.c -Wc++-compat (test for warnings, line 14)
FAIL: c-c++-common/uninit-17.c -Wc++-compat (test for excess errors)
WARNING: program timed out.
FAIL: gcc.dg/ipa/ipa-pta-10.c scan-ipa-dump pta "ESCAPED = { }"
XPASS: gcc.dg/tree-ssa/20031106-3.c scan-tree-dump-times optimized "link_error" 0
XPASS: gcc.dg/tree-ssa/20040204-1.c scan-tree-dump-times optimized "link_error" 0
XPASS: gcc.dg/tree-ssa/fre-vce-1.c scan-tree-dump-times fre "sv.i" 2
=== gcc Summary ===
# of expected passes 53095
# of unexpected failures 6
# of unexpected successes 3
# of expected failures 113
# of unsupported tests 780
/test/gnu/gcc/objdir/gcc/xgcc version 4.6.0 20100701 (experimental) [trunk revision 161655] (GCC)
=== libgomp tests ===
Running target unix
=== libgomp Summary ===
# of expected passes 248
# of unsupported tests 9
Compiler version: 4.6.0 20100701 (experimental) [trunk revision 161655] (GCC)
Platform: hppa2.0w-hp-hpux11.11
configure flags:Test Run By dave on Sat Jul 10 18:26:37 2010
More information about the Gcc-testresults
mailing list