Results for 4.6.0 20100710 (experimental) (GCC) testsuite on x86_64-apple-darwin10.4.0
Jack Howarth
howarth@bromo.med.uc.edu
Sat Jul 10 18:21:00 GMT 2010
r162035 with http://gcc.gnu.org/ml/gcc-patches/2010-05/msg00943.html
to expand the tls testsuite executed with emutls and with
http://gcc.gnu.org/ml/gcc-patches/2010-07/msg00768.html as
well as http://gcc.gnu.org/ml/gcc-patches/2010-07/msg00783.html.
Also http://gcc.gnu.org/ml/gcc-patches/2010-07/msg00865.html to
fix --enable-build-with-cxx and...
Index: gcc/config/i386/i386.c
===================================================================
--- gcc/config/i386/i386.c (revision 162037)
+++ gcc/config/i386/i386.c (working copy)
@@ -30002,7 +30002,7 @@
tree itype = TREE_TYPE (vec_type);
bool u = TYPE_UNSIGNED (itype);
enum machine_mode vmode = TYPE_MODE (vec_type);
- enum ix86_builtins fcode = fcode; /* Silence bogus warning. */
+ enum ix86_builtins fcode = IX86_BUILTIN_MAX;
bool ok = TARGET_SSE2;
switch (vmode)
Native configuration is x86_64-apple-darwin10.4.0
=== g++ tests ===
Running target unix
WARNING: g++.dg/ext/label13.C compilation failed to produce executable
FAIL: g++.dg/ext/visibility/anon6.C scan-assembler 1BIiE1cE
FAIL: c-c++-common/uninit-17.c (test for warnings, line 14)
FAIL: c-c++-common/uninit-17.c (test for excess errors)
UNRESOLVED: attribute_plugin.c compilation, -I. -I/Users/howarth/gcc/gcc/testsuite -I/Users/howarth/gcc/gcc/testsuite/../../gcc -I/Users/howarth/work/gcc/testsuite/g++/../../../gcc -I/Users/howarth/gcc/gcc/testsuite/../../include -I/Users/howarth/gcc/gcc/testsuite/../../libcpp/include -I/sw/include -I/sw/include -DIN_GCC -fPIC -shared -undefined dynamic_lookup
UNRESOLVED: pragma_plugin.c compilation, -I. -I/Users/howarth/gcc/gcc/testsuite -I/Users/howarth/gcc/gcc/testsuite/../../gcc -I/Users/howarth/work/gcc/testsuite/g++/../../../gcc -I/Users/howarth/gcc/gcc/testsuite/../../include -I/Users/howarth/gcc/gcc/testsuite/../../libcpp/include -I/sw/include -I/sw/include -DIN_GCC -fPIC -shared -undefined dynamic_lookup
UNRESOLVED: selfassign.c compilation, -I. -I/Users/howarth/gcc/gcc/testsuite -I/Users/howarth/gcc/gcc/testsuite/../../gcc -I/Users/howarth/work/gcc/testsuite/g++/../../../gcc -I/Users/howarth/gcc/gcc/testsuite/../../include -I/Users/howarth/gcc/gcc/testsuite/../../libcpp/include -I/sw/include -I/sw/include -O -DIN_GCC -fPIC -shared -undefined dynamic_lookup
UNRESOLVED: dumb_plugin.c compilation, -I. -I/Users/howarth/gcc/gcc/testsuite -I/Users/howarth/gcc/gcc/testsuite/../../gcc -I/Users/howarth/work/gcc/testsuite/g++/../../../gcc -I/Users/howarth/gcc/gcc/testsuite/../../include -I/Users/howarth/gcc/gcc/testsuite/../../libcpp/include -I/sw/include -I/sw/include -DIN_GCC -fPIC -shared -undefined dynamic_lookup
FAIL: g++.dg/tree-prof/partition1.C compilation, -g -fprofile-use
UNRESOLVED: g++.dg/tree-prof/partition1.C execution, -g -fprofile-use
FAIL: g++.dg/tree-prof/partition1.C compilation, -O3 -g -fprofile-use
UNRESOLVED: g++.dg/tree-prof/partition1.C execution, -O3 -g -fprofile-use
=== g++ Summary ===
# of expected passes 23427
# of unexpected failures 5
# of expected failures 147
# of unresolved testcases 6
# of unsupported tests 342
/Users/howarth/work/gcc/testsuite/g++/../../g++ version 4.6.0 20100710 (experimental) (GCC)
=== gcc tests ===
Running target unix
FAIL: gcc.dg/debug/dwarf2/aranges-fnsec-1.c scan-assembler DW_AT_ranges
FAIL: gcc.dg/framework-1.c (test for excess errors)
FAIL: c-c++-common/uninit-17.c -Wc++-compat (test for warnings, line 14)
FAIL: c-c++-common/uninit-17.c -Wc++-compat (test for excess errors)
FAIL: gcc.dg/matrix/transpose-3.c execution, -fprofile-use -fipa-matrix-reorg -fdump-ipa-matrix-reorg -O3 -fwhole-program -combine
UNRESOLVED: selfassign.c compilation, -I. -I/Users/howarth/gcc/gcc/testsuite -I/Users/howarth/gcc/gcc/testsuite/../../gcc -I/Users/howarth/work/gcc/testsuite/gcc/../../../gcc -I/Users/howarth/gcc/gcc/testsuite/../../include -I/Users/howarth/gcc/gcc/testsuite/../../libcpp/include -I/sw/include -I/sw/include -O -DIN_GCC -fPIC -shared -undefined dynamic_lookup
UNRESOLVED: ggcplug.c compilation, -I. -I/Users/howarth/gcc/gcc/testsuite -I/Users/howarth/gcc/gcc/testsuite/../../gcc -I/Users/howarth/work/gcc/testsuite/gcc/../../../gcc -I/Users/howarth/gcc/gcc/testsuite/../../include -I/Users/howarth/gcc/gcc/testsuite/../../libcpp/include -I/sw/include -I/sw/include -O -DIN_GCC -fPIC -shared -undefined dynamic_lookup
FAIL: gcc.dg/torture/builtin-math-7.c -O0 execution test
FAIL: gcc.dg/torture/builtin-math-7.c -O1 execution test
FAIL: gcc.dg/torture/builtin-math-7.c -O2 execution test
FAIL: gcc.dg/torture/builtin-math-7.c -O3 -fomit-frame-pointer execution test
FAIL: gcc.dg/torture/builtin-math-7.c -O3 -fomit-frame-pointer -funroll-loops execution test
FAIL: gcc.dg/torture/builtin-math-7.c -O3 -fomit-frame-pointer -funroll-all-loops -finline-functions execution test
FAIL: gcc.dg/torture/builtin-math-7.c -O3 -g execution test
FAIL: gcc.dg/torture/builtin-math-7.c -Os execution test
XPASS: gcc.dg/tree-ssa/20031106-3.c scan-tree-dump-times optimized "link_error" 0
XPASS: gcc.dg/tree-ssa/20040204-1.c scan-tree-dump-times optimized "link_error" 0
XPASS: gcc.dg/tree-ssa/fre-vce-1.c scan-tree-dump-times fre "sv.i" 2
FAIL: gcc.target/x86_64/abi/callabi/leaf-1.c scan-assembler-not %rsp
FAIL: gcc.target/x86_64/abi/callabi/leaf-2.c scan-assembler-not %rsp
=== gcc Summary ===
# of expected passes 60826
# of unexpected failures 15
# of unexpected successes 3
# of expected failures 205
# of unresolved testcases 2
# of unsupported tests 1492
/Users/howarth/work/gcc/xgcc version 4.6.0 20100710 (experimental) (GCC)
=== gfortran tests ===
Running target unix
=== gfortran Summary ===
# of expected passes 34900
# of expected failures 33
# of unsupported tests 76
/Users/howarth/work/gcc/testsuite/gfortran/../../gfortran version 4.6.0 20100710 (experimental) (GCC)
=== obj-c++ tests ===
Running target unix
WARNING: obj-c++.dg/lookup-2.mm -fgnu-runtime compilation failed to produce executable
WARNING: obj-c++.dg/try-catch-2.mm -fgnu-runtime compilation failed to produce executable
WARNING: obj-c++.dg/try-catch-9.mm -fgnu-runtime compilation failed to produce executable
WARNING: obj-c++.dg/try-catch-2.mm -fnext-runtime compilation failed to produce executable
WARNING: obj-c++.dg/try-catch-9.mm -fnext-runtime compilation failed to produce executable
=== obj-c++ Summary ===
# of expected passes 1048
# of expected failures 57
# of unsupported tests 17
/Users/howarth/work/gcc/testsuite/obj-c++/../../g++ version 4.6.0 20100710 (experimental) (GCC)
=== objc tests ===
Running target unix
FAIL: objc.dg/headers.m -fnext-runtime (test for excess errors)
FAIL: objc.dg/no-extra-load.m -fnext-runtime (test for excess errors)
ERROR: objc.dg/no-extra-load.m: error executing dg-final: couldn't open "no-extra-load.s": no such file or directory
UNRESOLVED: objc.dg/no-extra-load.m: error executing dg-final: couldn't open "no-extra-load.s": no such file or directory
=== objc Summary ===
# of expected passes 2666
# of unexpected failures 2
# of expected failures 52
# of unresolved testcases 1
# of unsupported tests 29
/Users/howarth/work/gcc/xgcc version 4.6.0 20100710 (experimental) (GCC)
=== libffi tests ===
Running target unix
=== libffi Summary ===
# of expected passes 1624
# of expected failures 10
# of unsupported tests 15
=== libgomp tests ===
Running target unix
=== libgomp Summary ===
# of expected passes 2536
# of unsupported tests 2
=== libjava tests ===
Running target unix
=== libjava Summary ===
# of expected passes 2574
=== libstdc++ tests ===
Running target unix
=== libstdc++ Summary ===
# of expected passes 6628
# of expected failures 57
# of unsupported tests 555
Compiler version: 4.6.0 20100710 (experimental) (GCC)
Platform: x86_64-apple-darwin10.4.0
configure flags: --prefix=/Users/howarth/dist --enable-languages=c,c++,fortran,objc,obj-c++,java --enable-build-with-cxx --with-gmp=/sw --with-libiconv-prefix=/sw --with-ppl=/sw --with-cloog=/sw --with-mpc=/sw --with-system-zlib --x-includes=/usr/X11R6/include --x-libraries=/usr/X11R6/lib --enable-checking=release
More information about the Gcc-testresults
mailing list