"Results for 4.5.0 20100123 (experimental) [trunk revision 156188] (GCC) testsuite on armv5tejl-unknown-linux-gnueabi"

Ramana Radhakrishnan [on liliput] ramana.gcc@googlemail.com
Tue Jan 26 02:08:00 GMT 2010



----- Included text -----
cat <<'EOF' |
LAST_UPDATED: Sat Jan 23 08:42:10 UTC 2010 (revision 156188)

Native configuration is armv5tejl-unknown-linux-gnueabi

 		=== libgomp tests ===


Running target unix

 		=== libgomp Summary ===

# of expected passes		869
# of unsupported tests		71
 		=== libmudflap tests ===


Running target unix
FAIL: libmudflap.c/pass54-frag.c execution test
FAIL: libmudflap.c/pass54-frag.c execution test
FAIL: libmudflap.c/pass54-frag.c (-static) execution test
FAIL: libmudflap.c/pass54-frag.c (-static) execution test
FAIL: libmudflap.c/fail31-frag.c (-O3) crash test
FAIL: libmudflap.c/fail31-frag.c (-O3) output pattern test
FAIL: libmudflap.c/pass45-frag.c (-O3) execution test
FAIL: libmudflap.c/pass45-frag.c (-O3) output pattern test
FAIL: libmudflap.c/pass45-frag.c (-O3) execution test
FAIL: libmudflap.c/pass45-frag.c (-O3) output pattern test
FAIL: libmudflap.c++/pass41-frag.cxx execution test
FAIL: libmudflap.c++/pass41-frag.cxx (-static) execution test
FAIL: libmudflap.c++/pass41-frag.cxx ( -O) execution test
FAIL: libmudflap.c++/pass41-frag.cxx (-O2) execution test
FAIL: libmudflap.c++/pass41-frag.cxx (-O3) execution test

 		=== libmudflap Summary ===

# of expected passes		1879
# of unexpected failures	15
 		=== libstdc++ tests ===


Running target unix
FAIL: 23_containers/deque/check_construct_destroy.cc execution test
FAIL: 23_containers/deque/invalidation/3.cc execution test
FAIL: 23_containers/deque/invalidation/4.cc execution test
FAIL: 23_containers/deque/modifiers/erase/1.cc execution test
FAIL: 25_algorithms/copy_backward/deque_iterators/1.cc execution test
FAIL: 25_algorithms/move_backward/deque_iterators/1.cc execution test
FAIL: ext/profile/all.cc (test for excess errors)

 		=== libstdc++ Summary ===

# of expected passes		6571
# of unexpected failures	7
# of expected failures		95
# of unsupported tests		386
 		=== g++ tests ===


Running target unix
FAIL: g++.dg/abi/local1.C execution test
FAIL: g++.dg/opt/pr30965.C scan-tree-dump-times optimized "variable_..D. = v_..D." 2
FAIL: g++.dg/template/cond5.C (internal compiler error)
FAIL: g++.dg/template/cond5.C (test for excess errors)
FAIL: g++.dg/tree-ssa/new1.C scan-tree-dump-not forwprop1 "= .* \\+ -"
FAIL: 23:is 1:should be 2
FAIL: g++.dg/gcov/gcov-2.C gcov: 1 failures in line counts, 0 in branch percentages, 0 in return percentages

 		=== g++ Summary ===

# of expected passes		20835
# of unexpected failures	7
# of expected failures		145
# of unsupported tests		190
/home/ramana/build-latest-thumb/gcc/testsuite/g++/../../g++  version 4.5.0 20100123 (experimental) [trunk revision 156188] (GCC)

 		=== gcc tests ===


Running target unix
WARNING: program timed out.
FAIL: gcc.c-torture/compile/20001226-1.c  -O3 -g  (test for excess errors)
FAIL: gcc.dg/c99-stdint-1.c (test for excess errors)
FAIL: gcc.dg/c99-stdint-7.c (test for excess errors)
FAIL: gcc.dg/pr34668-1.c (internal compiler error)
FAIL: gcc.dg/pr34668-1.c (test for excess errors)
FAIL: gcc.dg/uninit-13.c unconditional (test for warnings, line 8)
FAIL: gcc.dg/uninit-13.c (test for excess errors)
FAIL: gcc.dg/tree-ssa/pr42585.c scan-tree-dump-times optimized "struct _fat_ptr _ans" 0
FAIL: gcc.dg/tree-ssa/pr42585.c scan-tree-dump-times optimized "struct _fat_ptr _T2" 0
ERROR: gcc.target/arm/neon-modes-1.c: Unrecognized option type: arm_neon for " dg-add-options 4 arm_neon "
UNRESOLVED: gcc.target/arm/neon-modes-1.c: Unrecognized option type: arm_neon for " dg-add-options 4 arm_neon "

 		=== gcc Summary ===

# of expected passes		53121
# of unexpected failures	9
# of expected failures		85
# of unresolved testcases	1
# of unsupported tests		2568
/home/ramana/build-latest-thumb/gcc/xgcc  version 4.5.0 20100123 (experimental) [trunk revision 156188] (GCC)

 		=== objc tests ===


Running target unix
FAIL: objc/execute/class-13.m compilation,  -O1 -fgnu-runtime
UNRESOLVED: objc/execute/class-13.m execution,  -O1 -fgnu-runtime
FAIL: objc/execute/class-13.m compilation,  -O2 -fgnu-runtime
UNRESOLVED: objc/execute/class-13.m execution,  -O2 -fgnu-runtime
FAIL: objc/execute/class-13.m compilation,  -O3 -fomit-frame-pointer -fgnu-runtime
UNRESOLVED: objc/execute/class-13.m execution,  -O3 -fomit-frame-pointer -fgnu-runtime
FAIL: objc/execute/class-13.m compilation,  -O3 -g -fgnu-runtime
UNRESOLVED: objc/execute/class-13.m execution,  -O3 -g -fgnu-runtime
FAIL: objc/execute/class-13.m compilation,  -Os -fgnu-runtime
UNRESOLVED: objc/execute/class-13.m execution,  -Os -fgnu-runtime
FAIL: objc/execute/class-6.m compilation,  -O1 -fgnu-runtime
UNRESOLVED: objc/execute/class-6.m execution,  -O1 -fgnu-runtime
FAIL: objc/execute/class-6.m compilation,  -O2 -fgnu-runtime
UNRESOLVED: objc/execute/class-6.m execution,  -O2 -fgnu-runtime
FAIL: objc/execute/class-6.m compilation,  -O3 -fomit-frame-pointer -fgnu-runtime
UNRESOLVED: objc/execute/class-6.m execution,  -O3 -fomit-frame-pointer -fgnu-runtime
FAIL: objc/execute/class-6.m compilation,  -O3 -g -fgnu-runtime
UNRESOLVED: objc/execute/class-6.m execution,  -O3 -g -fgnu-runtime
FAIL: objc/execute/class-6.m compilation,  -Os -fgnu-runtime
UNRESOLVED: objc/execute/class-6.m execution,  -Os -fgnu-runtime
FAIL: objc/execute/forward-1.m compilation,  -O1 -fgnu-runtime
UNRESOLVED: objc/execute/forward-1.m execution,  -O1 -fgnu-runtime
FAIL: objc/execute/forward-1.m compilation,  -O2 -fgnu-runtime
UNRESOLVED: objc/execute/forward-1.m execution,  -O2 -fgnu-runtime
FAIL: objc/execute/forward-1.m compilation,  -O3 -fomit-frame-pointer -fgnu-runtime
UNRESOLVED: objc/execute/forward-1.m execution,  -O3 -fomit-frame-pointer -fgnu-runtime
FAIL: objc/execute/forward-1.m compilation,  -O3 -fomit-frame-pointer -funroll-loops -fgnu-runtime
UNRESOLVED: objc/execute/forward-1.m execution,  -O3 -fomit-frame-pointer -funroll-loops -fgnu-runtime
FAIL: objc/execute/forward-1.m compilation,  -O3 -fomit-frame-pointer -funroll-all-loops -finline-functions -fgnu-runtime
UNRESOLVED: objc/execute/forward-1.m execution,  -O3 -fomit-frame-pointer -funroll-all-loops -finline-functions -fgnu-runtime
FAIL: objc/execute/forward-1.m compilation,  -O3 -g -fgnu-runtime
UNRESOLVED: objc/execute/forward-1.m execution,  -O3 -g -fgnu-runtime
FAIL: objc/execute/forward-1.m compilation,  -Os -fgnu-runtime
UNRESOLVED: objc/execute/forward-1.m execution,  -Os -fgnu-runtime
FAIL: objc/execute/object_is_class.m compilation,  -O1 -fgnu-runtime
UNRESOLVED: objc/execute/object_is_class.m execution,  -O1 -fgnu-runtime
FAIL: objc/execute/object_is_class.m compilation,  -O2 -fgnu-runtime
UNRESOLVED: objc/execute/object_is_class.m execution,  -O2 -fgnu-runtime
FAIL: objc/execute/object_is_class.m compilation,  -O3 -fomit-frame-pointer -fgnu-runtime
UNRESOLVED: objc/execute/object_is_class.m execution,  -O3 -fomit-frame-pointer -fgnu-runtime
FAIL: objc/execute/object_is_class.m compilation,  -O3 -g -fgnu-runtime
UNRESOLVED: objc/execute/object_is_class.m execution,  -O3 -g -fgnu-runtime
FAIL: objc/execute/object_is_class.m compilation,  -Os -fgnu-runtime
UNRESOLVED: objc/execute/object_is_class.m execution,  -Os -fgnu-runtime
FAIL: objc/execute/object_is_meta_class.m compilation,  -O1 -fgnu-runtime
UNRESOLVED: objc/execute/object_is_meta_class.m execution,  -O1 -fgnu-runtime
FAIL: objc/execute/object_is_meta_class.m compilation,  -O2 -fgnu-runtime
UNRESOLVED: objc/execute/object_is_meta_class.m execution,  -O2 -fgnu-runtime
FAIL: objc/execute/object_is_meta_class.m compilation,  -O3 -fomit-frame-pointer -fgnu-runtime
UNRESOLVED: objc/execute/object_is_meta_class.m execution,  -O3 -fomit-frame-pointer -fgnu-runtime
FAIL: objc/execute/object_is_meta_class.m compilation,  -O3 -g -fgnu-runtime
UNRESOLVED: objc/execute/object_is_meta_class.m execution,  -O3 -g -fgnu-runtime
FAIL: objc/execute/object_is_meta_class.m compilation,  -Os -fgnu-runtime
UNRESOLVED: objc/execute/object_is_meta_class.m execution,  -Os -fgnu-runtime

 		=== objc Summary ===

# of expected passes		1820
# of unexpected failures	27
# of expected failures		8
# of unresolved testcases	27
# of unsupported tests		24

/home/ramana/build-latest-thumb/gcc/xgcc  version 4.5.0 20100123 (experimental) [trunk revision 156188] (GCC)


Compiler version: 4.5.0 20100123 (experimental) [trunk revision 156188] (GCC) 
Platform: armv5tejl-unknown-linux-gnueabi
configure flags: --with-mode=thumb --with-arch=armv5te --with-mpc=/home/ramana/install-mpclibs/ --enable-languages=c,c++,objc --no-create --no-recursion
EOF
mv /home/ramana/build-latest-thumb/./armv5tejl-unknown-linux-gnueabi/libgomp/testsuite/libgomp.sum /home/ramana/build-latest-thumb/./armv5tejl-unknown-linux-gnueabi/libgomp/testsuite/libgomp.sum.sent &&
mv /home/ramana/build-latest-thumb/./armv5tejl-unknown-linux-gnueabi/libmudflap/testsuite/libmudflap.sum /home/ramana/build-latest-thumb/./armv5tejl-unknown-linux-gnueabi/libmudflap/testsuite/libmudflap.sum.sent &&
mv /home/ramana/build-latest-thumb/./armv5tejl-unknown-linux-gnueabi/libstdc++-v3/testsuite/libstdc++.sum /home/ramana/build-latest-thumb/./armv5tejl-unknown-linux-gnueabi/libstdc++-v3/testsuite/libstdc++.sum.sent &&
mv /home/ramana/build-latest-thumb/./gcc/testsuite/g++/g++.sum /home/ramana/build-latest-thumb/./gcc/testsuite/g++/g++.sum.sent &&
mv /home/ramana/build-latest-thumb/./gcc/testsuite/gcc/gcc.sum /home/ramana/build-latest-thumb/./gcc/testsuite/gcc/gcc.sum.sent &&
mv /home/ramana/build-latest-thumb/./gcc/testsuite/objc/objc.sum /home/ramana/build-latest-thumb/./gcc/testsuite/objc/objc.sum.sent &&
mv /home/ramana/build-latest-thumb/./armv5tejl-unknown-linux-gnueabi/libgomp/testsuite/libgomp.log /home/ramana/build-latest-thumb/./armv5tejl-unknown-linux-gnueabi/libgomp/testsuite/libgomp.log.sent &&
mv /home/ramana/build-latest-thumb/./armv5tejl-unknown-linux-gnueabi/libmudflap/testsuite/libmudflap.log /home/ramana/build-latest-thumb/./armv5tejl-unknown-linux-gnueabi/libmudflap/testsuite/libmudflap.log.sent &&
mv /home/ramana/build-latest-thumb/./armv5tejl-unknown-linux-gnueabi/libstdc++-v3/testsuite/libstdc++.log /home/ramana/build-latest-thumb/./armv5tejl-unknown-linux-gnueabi/libstdc++-v3/testsuite/libstdc++.log.sent &&
mv /home/ramana/build-latest-thumb/./gcc/testsuite/g++/g++.log /home/ramana/build-latest-thumb/./gcc/testsuite/g++/g++.log.sent &&
mv /home/ramana/build-latest-thumb/./gcc/testsuite/gcc/gcc.log /home/ramana/build-latest-thumb/./gcc/testsuite/gcc/gcc.log.sent &&
mv /home/ramana/build-latest-thumb/./gcc/testsuite/objc/objc.log /home/ramana/build-latest-thumb/./gcc/testsuite/objc/objc.log.sent &&
true



More information about the Gcc-testresults mailing list