Results for 4.5.0 20100115 (experimental) [trunk revision r155934] (GCC) on x86_64-unknown-freebsd7.2
gcc@coreland.ath.cx
gcc@coreland.ath.cx
Fri Jan 15 19:56:00 GMT 2010
Last Updated: 2010-01-15 11:51:02 +0000 (revision r155934)
Native configuration is x86_64-unknown-freebsd7.2
=== libstdc++ Summary ===
FAIL: 23_containers/map/requirements/exception/basic.cc (test for excess errors)
WARNING: 23_containers/map/requirements/exception/basic.cc compilation failed to produce executable
FAIL: 23_containers/map/requirements/exception/generation_prohibited.cc (test for excess errors)
WARNING: 23_containers/map/requirements/exception/generation_prohibited.cc compilation failed to produce executable
FAIL: 23_containers/map/requirements/exception/propagation_consistent.cc (test for excess errors)
WARNING: 23_containers/map/requirements/exception/propagation_consistent.cc compilation failed to produce executable
FAIL: 23_containers/multimap/requirements/exception/basic.cc (test for excess errors)
WARNING: 23_containers/multimap/requirements/exception/basic.cc compilation failed to produce executable
FAIL: 23_containers/multimap/requirements/exception/generation_prohibited.cc (test for excess errors)
WARNING: 23_containers/multimap/requirements/exception/generation_prohibited.cc compilation failed to produce executable
FAIL: 23_containers/multimap/requirements/exception/propagation_consistent.cc (test for excess errors)
WARNING: 23_containers/multimap/requirements/exception/propagation_consistent.cc compilation failed to produce executable
FAIL: 23_containers/unordered_map/requirements/exception/basic.cc (test for excess errors)
WARNING: 23_containers/unordered_map/requirements/exception/basic.cc compilation failed to produce executable
FAIL: 23_containers/unordered_map/requirements/exception/generation_prohibited.cc (test for excess errors)
WARNING: 23_containers/unordered_map/requirements/exception/generation_prohibited.cc compilation failed to produce executable
FAIL: 23_containers/unordered_map/requirements/exception/propagation_consistent.cc (test for excess errors)
WARNING: 23_containers/unordered_map/requirements/exception/propagation_consistent.cc compilation failed to produce executable
FAIL: 27_io/basic_istream/extractors_arithmetic/char/12.cc execution test
FAIL: 27_io/basic_istream/extractors_arithmetic/wchar_t/12.cc execution test
# of expected passes 6539
# of unexpected failures 11
# of expected failures 94
# of unsupported tests 398
=== libgomp Summary ===
FAIL: libgomp.c/atomic-2.c (test for excess errors)
WARNING: libgomp.c/atomic-2.c compilation failed to produce executable
FAIL: libgomp.c/atomic-5.c (test for excess errors)
WARNING: libgomp.c/atomic-5.c compilation failed to produce executable
FAIL: libgomp.fortran/condinc2.f -O (test for excess errors)
WARNING: libgomp.fortran/condinc2.f -O compilation failed to produce executable
FAIL: libgomp.fortran/condinc4.f90 -O (test for excess errors)
WARNING: libgomp.fortran/condinc4.f90 -O compilation failed to produce executable
FAIL: libgomp.fortran/omp_cond2.f -O (test for excess errors)
WARNING: libgomp.fortran/omp_cond2.f -O compilation failed to produce executable
FAIL: libgomp.fortran/omp_cond4.F90 -O (test for excess errors)
WARNING: libgomp.fortran/omp_cond4.F90 -O compilation failed to produce executable
# of expected passes 2426
# of unexpected failures 6
# of unsupported tests 2
=== libmudflap Summary ===
FAIL: libmudflap.c/fail31-frag.c (-O3) output pattern test
FAIL: libmudflap.c/pass45-frag.c (-O3) execution test
FAIL: libmudflap.c/pass45-frag.c (-O3) output pattern test
FAIL: libmudflap.c/pass45-frag.c (-O3) execution test
FAIL: libmudflap.c/pass45-frag.c (-O3) output pattern test
FAIL: libmudflap.c++/pass41-frag.cxx execution test
FAIL: libmudflap.c++/pass41-frag.cxx (-static) execution test
FAIL: libmudflap.c++/pass41-frag.cxx ( -O) execution test
FAIL: libmudflap.c++/pass41-frag.cxx (-O2) execution test
FAIL: libmudflap.c++/pass41-frag.cxx (-O3) execution test
# of expected passes 1884
# of unexpected failures 10
=== g++ Summary ===
FAIL: g++.dg/eh/gcsec1.C (test for excess errors)
FAIL: g++.old-deja/g++.other/init18.C execution test
FAIL: g++.old-deja/g++.other/init19.C execution test
# of expected passes 21131
# of unexpected failures 3
# of expected failures 145
# of unsupported tests 286
=== gcc Summary ===
FAIL: gcc.c-torture/execute/20071210-1.c compilation, -O1
UNRESOLVED: gcc.c-torture/execute/20071210-1.c execution, -O1
FAIL: gcc.c-torture/execute/930513-2.c compilation, -O3 -g
UNRESOLVED: gcc.c-torture/execute/930513-2.c execution, -O3 -g
FAIL: gcc.c-torture/execute/980929-1.c compilation, -O1
UNRESOLVED: gcc.c-torture/execute/980929-1.c execution, -O1
FAIL: gcc.c-torture/unsorted/bx.c, -O3 -g
FAIL: gcc.dg/20021014-1.c consider using `-pg' instead of `-p' with gprof(1) (test for warnings, line )
FAIL: gcc.dg/c99-stdint-1.c (test for excess errors)
FAIL: gcc.dg/c99-stdint-2.c (test for excess errors)
FAIL: gcc.dg/c99-stdint-5.c (test for excess errors)
FAIL: gcc.dg/c99-stdint-6.c (test for excess errors)
FAIL: gcc.dg/mallign.c execution test
FAIL: gcc.dg/optimize-bswapdi-1.c (test for excess errors)
FAIL: gcc.dg/optimize-bswapdi-1.c scan-tree-dump-times bswap "64 bit bswap implementation found at" 2: dump file does not exist
FAIL: gcc.dg/pr34668-1.c (internal compiler error)
FAIL: gcc.dg/pr34668-1.c (test for excess errors)
FAIL: gcc.dg/utf-array-short-wchar.c (test for errors, line 39)
FAIL: gcc.dg/utf-array-short-wchar.c (test for errors, line 41)
FAIL: gcc.dg/utf-array-short-wchar.c (test for excess errors)
FAIL: largefile.c -O0 -g -I. (test for excess errors)
FAIL: gcc.dg/pch/largefile.c -O0 -g assembly comparison
FAIL: largefile.c -O0 -I. (test for excess errors)
FAIL: gcc.dg/pch/largefile.c -O0 assembly comparison
FAIL: largefile.c -O1 -I. (test for excess errors)
FAIL: gcc.dg/pch/largefile.c -O1 assembly comparison
FAIL: largefile.c -O2 -I. (test for excess errors)
FAIL: gcc.dg/pch/largefile.c -O2 assembly comparison
FAIL: largefile.c -O3 -fomit-frame-pointer -I. (test for excess errors)
FAIL: gcc.dg/pch/largefile.c -O3 -fomit-frame-pointer assembly comparison
FAIL: largefile.c -O3 -g -I. (test for excess errors)
FAIL: gcc.dg/pch/largefile.c -O3 -g assembly comparison
FAIL: largefile.c -Os -I. (test for excess errors)
FAIL: gcc.dg/pch/largefile.c -Os assembly comparison
FAIL: gcc.dg/torture/fp-int-convert-float128-timode.c -O0 (test for excess errors)
WARNING: gcc.dg/torture/fp-int-convert-float128-timode.c -O0 compilation failed to produce executable
FAIL: gcc.dg/torture/fp-int-convert-float128-timode.c -O1 (test for excess errors)
WARNING: gcc.dg/torture/fp-int-convert-float128-timode.c -O1 compilation failed to produce executable
FAIL: gcc.dg/torture/fp-int-convert-float128-timode.c -O2 (test for excess errors)
WARNING: gcc.dg/torture/fp-int-convert-float128-timode.c -O2 compilation failed to produce executable
FAIL: gcc.dg/torture/fp-int-convert-float128-timode.c -O3 -fomit-frame-pointer (test for excess errors)
WARNING: gcc.dg/torture/fp-int-convert-float128-timode.c -O3 -fomit-frame-pointer compilation failed to produce executable
FAIL: gcc.dg/torture/fp-int-convert-float128-timode.c -O3 -g (test for excess errors)
WARNING: gcc.dg/torture/fp-int-convert-float128-timode.c -O3 -g compilation failed to produce executable
FAIL: gcc.dg/torture/fp-int-convert-float128-timode.c -Os (test for excess errors)
WARNING: gcc.dg/torture/fp-int-convert-float128-timode.c -Os compilation failed to produce executable
FAIL: gcc.dg/torture/fp-int-convert-float128.c -O0 (test for excess errors)
WARNING: gcc.dg/torture/fp-int-convert-float128.c -O0 compilation failed to produce executable
FAIL: gcc.dg/torture/fp-int-convert-float128.c -O1 (test for excess errors)
WARNING: gcc.dg/torture/fp-int-convert-float128.c -O1 compilation failed to produce executable
FAIL: gcc.dg/torture/fp-int-convert-float128.c -O2 (test for excess errors)
WARNING: gcc.dg/torture/fp-int-convert-float128.c -O2 compilation failed to produce executable
FAIL: gcc.dg/torture/fp-int-convert-float128.c -O3 -fomit-frame-pointer (test for excess errors)
WARNING: gcc.dg/torture/fp-int-convert-float128.c -O3 -fomit-frame-pointer compilation failed to produce executable
FAIL: gcc.dg/torture/fp-int-convert-float128.c -O3 -g (test for excess errors)
WARNING: gcc.dg/torture/fp-int-convert-float128.c -O3 -g compilation failed to produce executable
FAIL: gcc.dg/torture/fp-int-convert-float128.c -Os (test for excess errors)
WARNING: gcc.dg/torture/fp-int-convert-float128.c -Os compilation failed to produce executable
FAIL: gcc.dg/torture/stackalign/global-1.c -O1 (test for excess errors)
WARNING: gcc.dg/torture/stackalign/global-1.c -O1 compilation failed to produce executable
# of expected passes 57980
# of unexpected failures 44
# of expected failures 167
# of unresolved testcases 3
# of unsupported tests 1503
=== acats Summary ===
FAIL: c52103x
FAIL: c52104x
FAIL: c52104y
FAIL: c761007
FAIL: c85005c
FAIL: c85006c
FAIL: c910002
FAIL: c93004b
FAIL: c93004c
FAIL: c93004d
FAIL: c93005a
FAIL: c93005b
FAIL: c94001c
FAIL: c94002b
FAIL: c94002e
FAIL: c94002f
FAIL: c94002g
FAIL: c94007a
FAIL: c94007b
FAIL: c94008c
FAIL: c94008d
FAIL: c94020a
FAIL: c95040c
FAIL: c97203c
FAIL: c97303c
FAIL: c9a007a
FAIL: c9a009c
FAIL: c9a009g
FAIL: cb1010a
FAIL: cb1010c
FAIL: cb1010d
# of expected passes 2290
# of unexpected failures 31
=== gfortran Summary ===
FAIL: gfortran.dg/allocate_alloc_opt_3.f90 -O0 (test for excess errors)
WARNING: gfortran.dg/allocate_alloc_opt_3.f90 -O0 compilation failed to produce executable
FAIL: gfortran.dg/c_f_pointer_logical.f03 -O1 (test for excess errors)
WARNING: gfortran.dg/c_f_pointer_logical.f03 -O1 compilation failed to produce executable
FAIL: gfortran.dg/derived_init_2.f90 -O3 -fomit-frame-pointer (test for excess errors)
WARNING: gfortran.dg/derived_init_2.f90 -O3 -fomit-frame-pointer compilation failed to produce executable
FAIL: gfortran.dg/internal_references_1.f90 -O (test for errors, line 14)
FAIL: gfortran.dg/internal_references_1.f90 -O (test for errors, line 18)
FAIL: gfortran.dg/internal_references_1.f90 -O (test for errors, line 25)
FAIL: gfortran.dg/internal_references_1.f90 -O (test for errors, line 29)
FAIL: gfortran.dg/internal_references_1.f90 -O (test for excess errors)
FAIL: gfortran.dg/proc_decl_2.f90 -O1 (test for excess errors)
WARNING: gfortran.dg/proc_decl_2.f90 -O1 compilation failed to produce executable
FAIL: gfortran.dg/transfer_intrinsic_3.f90 -O3 -fomit-frame-pointer -funroll-all-loops -finline-functions (test for excess errors)
WARNING: gfortran.dg/transfer_intrinsic_3.f90 -O3 -fomit-frame-pointer -funroll-all-loops -finline-functions compilation failed to produce executable
FAIL: gfortran.fortran-torture/execute/intrinsic_index.f90 compilation, -Os
FAIL: gfortran.fortran-torture/execute/unopened_unit_1.f90 compilation, -O2 -ftree-vectorize -msse2
# of expected passes 33128
# of unexpected failures 12
# of expected failures 30
# of untested testcases 2
# of unsupported tests 196
=== gnat Summary ===
FAIL: gnat.dg/null_pointer_deref1.adb execution test
FAIL: gnat.dg/null_pointer_deref2.adb execution test
FAIL: gnat.dg/stack_check1.adb execution test
FAIL: gnat.dg/stack_check2.adb execution test
# of expected passes 746
# of unexpected failures 4
# of expected failures 7
Compiler version: 4.5.0 20100115 (experimental) [trunk revision r155934] (GCC)
Platform: x86_64-unknown-freebsd7.2
configure flags: --build=x86_64-unknown-freebsd7.2 --prefix=/gnat/builds/7.2/x86_64/svn-r155934 --enable-languages=ada,c,c++,fortran --program-suffix=-r155934 --with-system-zlib --disable-nls --enable-libstdcxx-debug
--
Extensive build logs available at: http://gcc.coreland.ath.cx/
RSS Feed: http://gcc.coreland.ath.cx/feed.xml
More information about the Gcc-testresults
mailing list