Results for 4.5.0 20100113 (experimental) [trunk revision 155870] (GCC) testsuite on mips64el-unknown-linux-gnu
Laurent GUERBY gcc42
guerby@gcc42.fsffrance.org
Fri Jan 15 15:37:00 GMT 2010
LAST_UPDATED: Wed Jan 13 22:18:20 UTC 2010 (revision 155870)
=== acats tests ===
FAIL: c52103x
FAIL: c52104x
FAIL: c52104y
FAIL: cb1010a
FAIL: cxg2001
FAIL: cxg2002
FAIL: cxg2003
FAIL: cxg2004
FAIL: cxg2006
FAIL: cxg2007
FAIL: cxg2010
FAIL: cxg2011
FAIL: cxg2012
FAIL: cxg2013
FAIL: cxg2014
FAIL: cxg2015
FAIL: cxg2016
FAIL: cxg2017
FAIL: cxg2018
FAIL: cxg2019
FAIL: cxg2020
FAIL: cxg2021
FAIL: cxg2024
=== acats Summary ===
# of expected passes 2298
# of unexpected failures 23
Native configuration is mips64el-unknown-linux-gnu
=== gcc tests ===
Running target unix/-mabi=32
FAIL: gcc.c-torture/compile/20001226-1.c -O3 -g (test for excess errors)
WARNING: program timed out.
FAIL: gcc.c-torture/compile/limits-fndefn.c -O3 -g (test for excess errors)
FAIL: gcc.c-torture/compile/limits-structnest.c -O2 (test for excess errors)
FAIL: gcc.c-torture/compile/limits-structnest.c -O3 -fomit-frame-pointer (test for excess errors)
FAIL: gcc.c-torture/compile/limits-structnest.c -O3 -g (test for excess errors)
FAIL: gcc.c-torture/compile/limits-structnest.c -Os (test for excess errors)
FAIL: gcc.dg/pr34668-1.c (internal compiler error)
FAIL: gcc.dg/pr34668-1.c (test for excess errors)
XPASS: gcc.dg/guality/example.c -O0 execution test
XPASS: gcc.dg/guality/guality.c -O0 execution test
XPASS: gcc.dg/guality/guality.c -O1 execution test
XPASS: gcc.dg/guality/pr41353-1.c -O0 line 28 j == 28 + 37
XPASS: gcc.dg/guality/pr41447-1.c -O0 execution test
XPASS: gcc.dg/guality/pr41616-1.c -O0 execution test
FAIL: gcc.target/mips/mips16-attributes.c (test for excess errors)
FAIL: gcc.target/mips/octeon-bbit-1.c scan-assembler-times \\tbbit1\\t 4
FAIL: gcc.target/mips/octeon-bbit-1.c scan-assembler-times \\tbbit0\\t 2
=== gcc Summary for unix/-mabi=32 ===
# of expected passes 54037
# of unexpected failures 11
# of unexpected successes 6
# of expected failures 115
# of unsupported tests 661
Running target unix/-mabi=n32
FAIL: gcc.c-torture/compile/20001226-1.c -O3 -g (test for excess errors)
FAIL: gcc.c-torture/compile/limits-structnest.c -O2 (test for excess errors)
FAIL: gcc.c-torture/compile/limits-structnest.c -O3 -fomit-frame-pointer (test for excess errors)
FAIL: gcc.c-torture/compile/limits-structnest.c -O3 -g (test for excess errors)
FAIL: gcc.c-torture/compile/limits-structnest.c -Os (test for excess errors)
FAIL: gcc.dg/pr34668-1.c (internal compiler error)
FAIL: gcc.dg/pr34668-1.c (test for excess errors)
XPASS: gcc.dg/guality/example.c -O0 execution test
XPASS: gcc.dg/guality/example.c -O1 execution test
XPASS: gcc.dg/guality/guality.c -O0 execution test
XPASS: gcc.dg/guality/guality.c -O1 execution test
XPASS: gcc.dg/guality/guality.c -O2 execution test
XPASS: gcc.dg/guality/guality.c -O3 -fomit-frame-pointer execution test
XPASS: gcc.dg/guality/guality.c -O3 -g execution test
XPASS: gcc.dg/guality/pr41353-1.c -O0 line 28 j == 28 + 37
XPASS: gcc.dg/guality/pr41447-1.c -O0 execution test
XPASS: gcc.dg/guality/pr41616-1.c -O0 execution test
FAIL: gcc.misc-tests/linkage.c link
FAIL: gcc.target/mips/mips16-attributes.c (test for excess errors)
=== gcc Summary for unix/-mabi=n32 ===
# of expected passes 54066
# of unexpected failures 9
# of unexpected successes 10
# of expected failures 111
# of unsupported tests 661
Running target unix/-mabi=64
FAIL: gcc.c-torture/compile/20001226-1.c -O3 -g (test for excess errors)
FAIL: gcc.c-torture/compile/limits-structnest.c -O2 (test for excess errors)
FAIL: gcc.c-torture/compile/limits-structnest.c -O3 -fomit-frame-pointer (test for excess errors)
FAIL: gcc.c-torture/compile/limits-structnest.c -O3 -g (test for excess errors)
FAIL: gcc.c-torture/compile/limits-structnest.c -Os (test for excess errors)
FAIL: gcc.dg/pr34668-1.c (internal compiler error)
FAIL: gcc.dg/pr34668-1.c (test for excess errors)
WARNING: program timed out.
FAIL: gcc.dg/tree-ssa/ivopts-2.c scan-tree-dump-not ivopts "\\n candidates \\d+, \\d+,[^\\n]*\\n[^\\n]*\\nFinal cost"
FAIL: gcc.misc-tests/linkage.c link
FAIL: gcc.target/mips/mips16-attributes.c (test for excess errors)
FAIL: gcc.target/mips/octeon-bbit-2.c scan-assembler \\tbnel\\t
FAIL: gcc.target/mips/octeon-bbit-2.c scan-assembler-not \\tbne\\t
=== gcc Summary for unix/-mabi=64 ===
# of expected passes 53972
# of unexpected failures 12
# of expected failures 84
# of unsupported tests 572
=== gcc Summary ===
# of expected passes 162075
# of unexpected failures 32
# of unexpected successes 16
# of expected failures 310
# of unsupported tests 1894
/home/guerby/build/gcc/xgcc version 4.5.0 20100113 (experimental) [trunk revision 155870] (GCC)
=== gnat tests ===
Running target unix/-mabi=32
FAIL: gnat.dg/stack_check1.adb execution test
FAIL: gnat.dg/stack_check2.adb execution test
=== gnat Summary for unix/-mabi=32 ===
# of expected passes 747
# of unexpected failures 2
# of expected failures 7
# of unsupported tests 1
Running target unix/-mabi=n32
FAIL: gnat.dg/stack_check1.adb execution test
FAIL: gnat.dg/stack_check2.adb execution test
FAIL: gnat.dg/specs/addr1.ads (test for bogus messages, line 24)
FAIL: gnat.dg/specs/addr1.ads (test for excess errors)
=== gnat Summary for unix/-mabi=n32 ===
# of expected passes 745
# of unexpected failures 4
# of expected failures 7
# of unsupported tests 1
Running target unix/-mabi=64
FAIL: gnat.dg/stack_check1.adb execution test
FAIL: gnat.dg/stack_check2.adb execution test
=== gnat Summary for unix/-mabi=64 ===
# of expected passes 747
# of unexpected failures 2
# of expected failures 7
# of unsupported tests 1
=== gnat Summary ===
# of expected passes 2239
# of unexpected failures 8
# of expected failures 21
# of unsupported tests 3
=== libgomp tests ===
Running target unix/-mabi=32
=== libgomp Summary for unix/-mabi=32 ===
# of expected passes 262
Running target unix/-mabi=n32
=== libgomp Summary for unix/-mabi=n32 ===
# of expected passes 262
Running target unix/-mabi=64
=== libgomp Summary for unix/-mabi=64 ===
# of expected passes 262
=== libgomp Summary ===
# of expected passes 786
Compiler version: 4.5.0 20100113 (experimental) [trunk revision 155870] (GCC)
Platform: mips64el-unknown-linux-gnu
configure flags: --enable-languages=c,ada --enable-__cxa_atexit --disable-nls --enable-threads=posix --prefix=/n/42/guerby/install-trunk-155870 --disable-fixed-point --with-mpfr=/opt/cfarm/mpfr-2.4.1-n32 --with-gmp=/opt/cfarm/gmp-4.2.4-n32 --with-mpc=/opt/cfarm/mpc-0.8-n32 --disable-libmudflap
More information about the Gcc-testresults
mailing list