Results for 4.5.0 20100228 (experimental) [trunk revision 157117] (GCC) testsuite on sparc64-unknown-linux-gnu
Laurent GUERBY gcc200
guerby@chrisb.id.au
Sun Feb 28 14:18:00 GMT 2010
LAST_UPDATED: Sun Feb 28 00:58:59 UTC 2010 (revision 157117)
=== acats tests ===
=== acats Summary ===
# of expected passes 2321
# of unexpected failures 0
Native configuration is sparc64-unknown-linux-gnu
=== g++ tests ===
Running target unix
=== g++ Summary ===
# of expected passes 21231
# of expected failures 148
# of unsupported tests 188
/home/guerby/build/gcc/testsuite/g++/../../g++ version 4.5.0 20100228 (experimental) [trunk revision 157117] (GCC)
=== gcc tests ===
Running target unix
WARNING: program timed out.
FAIL: gcc.c-torture/compile/limits-fnargs.c -O2 (test for excess errors)
WARNING: program timed out.
FAIL: gcc.c-torture/compile/limits-fnargs.c -O3 -fomit-frame-pointer (test for excess errors)
WARNING: program timed out.
FAIL: gcc.c-torture/compile/limits-fnargs.c -O3 -g (test for excess errors)
FAIL: gcc.dg/pr34668-1.c (internal compiler error)
FAIL: gcc.dg/pr34668-1.c (test for excess errors)
FAIL: gcc.misc-tests/linkage.c link
=== gcc Summary ===
# of expected passes 54416
# of unexpected failures 6
# of expected failures 192
# of unsupported tests 765
/home/guerby/build/gcc/xgcc version 4.5.0 20100228 (experimental) [trunk revision 157117] (GCC)
=== gfortran tests ===
Running target unix
FAIL: gfortran.dg/proc_ptr_comp_3.f90 -O (test for errors, line 46)
FAIL: gfortran.dg/proc_ptr_comp_3.f90 -O (test for excess errors)
=== gfortran Summary ===
# of expected passes 33645
# of unexpected failures 2
# of expected failures 24
# of unsupported tests 82
/home/guerby/build/gcc/testsuite/gfortran/../../gfortran version 4.5.0 20100228 (experimental) [trunk revision 157117] (GCC)
=== gnat tests ===
Running target unix
=== gnat Summary ===
# of expected passes 754
# of expected failures 7
# of unsupported tests 1
=== libgomp tests ===
Running target unix
=== libgomp Summary ===
# of expected passes 2458
=== libmudflap tests ===
Running target unix
FAIL: libmudflap.c/pass54-frag.c execution test
FAIL: libmudflap.c/pass54-frag.c execution test
FAIL: libmudflap.c/fail31-frag.c (-O3) crash test
FAIL: libmudflap.c/fail31-frag.c (-O3) output pattern test
FAIL: libmudflap.c/pass45-frag.c (-O3) execution test
FAIL: libmudflap.c/pass45-frag.c (-O3) output pattern test
FAIL: libmudflap.c/pass45-frag.c (-O3) execution test
FAIL: libmudflap.c/pass45-frag.c (-O3) output pattern test
FAIL: libmudflap.c++/pass41-frag.cxx execution test
FAIL: libmudflap.c++/pass41-frag.cxx (-static) execution test
FAIL: libmudflap.c++/pass41-frag.cxx ( -O) execution test
FAIL: libmudflap.c++/pass41-frag.cxx (-O2) execution test
FAIL: libmudflap.c++/pass41-frag.cxx (-O3) execution test
=== libmudflap Summary ===
# of expected passes 1881
# of unexpected failures 13
=== libstdc++ tests ===
Running target unix
FAIL: abi_check
=== libstdc++ Summary ===
# of expected passes 6738
# of unexpected failures 1
# of expected failures 95
# of unsupported tests 335
Compiler version: 4.5.0 20100228 (experimental) [trunk revision 157117] (GCC)
Platform: sparc64-unknown-linux-gnu
configure flags: --prefix=/n/200/guerby/install-trunk --disable-werror --enable-languages=c,ada,c++,fortran --enable-__cxa_atexit --disable-nls --enable-threads=posix --with-gmp=/opt/cfarm/gmp-4.2.4-64 --with-mpfr=/opt/cfarm/mpfr-2.4.2-64 --with-mpc=/opt/cfarm/mpc-0.8-64
More information about the Gcc-testresults
mailing list