Results for 4.5.0 20100222 (experimental) [trunk revision 156966] (GCC) testsuite on armv5tejl-unknown-linux-gnueabi
John David Anglin
dave@hiauly1.hia.nrc.ca
Thu Feb 25 22:38:00 GMT 2010
LAST_UPDATED: Mon Feb 22 16:26:13 UTC 2010 (revision 156966)
Native configuration is armv5tejl-unknown-linux-gnueabi
=== libgomp tests ===
Running target unix
WARNING: program timed out.
FAIL: libgomp.fortran/strassen.f90 -O execution test
=== libgomp Summary ===
# of expected passes 2443
# of unexpected failures 1
# of unsupported tests 7
=== libstdc++ tests ===
Running target unix
FAIL: 27_io/fpos/14775.cc execution test
WARNING: program timed out.
FAIL: ext/slist/check_construct_destroy.cc (test for excess errors)
WARNING: ext/slist/check_construct_destroy.cc compilation failed to produce executable
=== libstdc++ Summary ===
# of expected passes 6653
# of unexpected failures 2
# of expected failures 96
# of unsupported tests 386
=== g++ tests ===
Running target unix
FAIL: g++.dg/abi/local1.C execution test
FAIL: g++.dg/abi/packed1.C (test for excess errors)
FAIL: g++.dg/ext/cleanup-10.C execution test
FAIL: g++.dg/ext/cleanup-11.C execution test
FAIL: g++.dg/ext/cleanup-8.C execution test
FAIL: g++.dg/ext/cleanup-9.C execution test
FAIL: g++.dg/opt/pr30965.C scan-tree-dump-times optimized "variable_..D. = v_..D." 2
FAIL: g++.dg/tree-ssa/new1.C scan-tree-dump-not forwprop1 "= .* \\+ -"
FAIL: 23:is 1:should be 2
FAIL: g++.dg/gcov/gcov-2.C gcov: 1 failures in line counts, 0 in branch percentages, 0 in return percentages
FAIL: g++.old-deja/g++.law/profile1.C (test for excess errors)
WARNING: g++.old-deja/g++.law/profile1.C compilation failed to produce executable
=== g++ Summary ===
# of expected passes 21257
# of unexpected failures 11
# of expected failures 148
# of unsupported tests 170
/home/dave/gnu/gcc/objdir/gcc/testsuite/g++/../../g++ version 4.5.0 20100222 (experimental) [trunk revision 156966] (GCC)
=== gcc tests ===
Running target unix
FAIL: gcc.c-torture/compile/limits-fnargs.c -O2 (test for excess errors)
FAIL: gcc.c-torture/compile/limits-fnargs.c -O3 -fomit-frame-pointer (test for excess errors)
FAIL: gcc.c-torture/compile/limits-fnargs.c -O3 -g (test for excess errors)
FAIL: gcc.c-torture/compile/limits-structnest.c -O2 (test for excess errors)
FAIL: gcc.c-torture/compile/limits-structnest.c -O3 -fomit-frame-pointer (test for excess errors)
FAIL: gcc.c-torture/compile/limits-structnest.c -O3 -g (test for excess errors)
FAIL: gcc.c-torture/compile/limits-structnest.c -Os (test for excess errors)
FAIL: gcc.dg/20021014-1.c (test for excess errors)
WARNING: gcc.dg/20021014-1.c compilation failed to produce executable
FAIL: gcc.dg/c99-stdint-1.c (test for excess errors)
FAIL: gcc.dg/c99-stdint-7.c (test for excess errors)
FAIL: gcc.dg/cleanup-10.c execution test
FAIL: gcc.dg/cleanup-11.c execution test
FAIL: gcc.dg/cleanup-8.c execution test
FAIL: gcc.dg/cleanup-9.c execution test
FAIL: gcc.dg/nest.c (test for excess errors)
WARNING: gcc.dg/nest.c compilation failed to produce executable
FAIL: gcc.dg/nested-func-4.c (test for excess errors)
WARNING: gcc.dg/nested-func-4.c compilation failed to produce executable
FAIL: gcc.dg/pr32450.c (test for excess errors)
WARNING: gcc.dg/pr32450.c compilation failed to produce executable
FAIL: gcc.dg/uninit-13.c unconditional (test for warnings, line 8)
FAIL: gcc.dg/uninit-13.c (test for excess errors)
FAIL: gcc.dg/tree-ssa/pr42585.c scan-tree-dump-times optimized "struct _fat_ptr _ans" 0
FAIL: gcc.dg/tree-ssa/pr42585.c scan-tree-dump-times optimized "struct _fat_ptr _T2" 0
FAIL: gcc.dg/vect/vect-35.c scan-tree-dump-times vect "vectorized 2 loops" 1
ERROR: gcc.target/arm/neon-modes-1.c: Unrecognized option type: arm_neon for " dg-add-options 4 arm_neon "
UNRESOLVED: gcc.target/arm/neon-modes-1.c: Unrecognized option type: arm_neon for " dg-add-options 4 arm_neon "
=== gcc Summary ===
# of expected passes 58272
# of unexpected failures 22
# of expected failures 215
# of unresolved testcases 1
# of unsupported tests 640
/home/dave/gnu/gcc/objdir/gcc/xgcc version 4.5.0 20100222 (experimental) [trunk revision 156966] (GCC)
=== gfortran tests ===
Running target unix
FAIL: gfortran.dg/PR19872.f -O0 execution test
FAIL: gfortran.dg/PR19872.f -O1 execution test
FAIL: gfortran.dg/PR19872.f -O2 execution test
FAIL: gfortran.dg/PR19872.f -O3 -fomit-frame-pointer execution test
FAIL: gfortran.dg/PR19872.f -O3 -fomit-frame-pointer -funroll-loops execution test
FAIL: gfortran.dg/PR19872.f -O3 -fomit-frame-pointer -funroll-all-loops -finline-functions execution test
FAIL: gfortran.dg/PR19872.f -O3 -g execution test
FAIL: gfortran.dg/PR19872.f -Os execution test
FAIL: gfortran.dg/allocate_zerosize_1.f90 -O0 execution test
FAIL: gfortran.dg/allocate_zerosize_1.f90 -O1 execution test
FAIL: gfortran.dg/allocate_zerosize_1.f90 -O2 execution test
FAIL: gfortran.dg/allocate_zerosize_1.f90 -O3 -fomit-frame-pointer execution test
FAIL: gfortran.dg/allocate_zerosize_1.f90 -O3 -fomit-frame-pointer -funroll-loops execution test
FAIL: gfortran.dg/allocate_zerosize_1.f90 -O3 -fomit-frame-pointer -funroll-all-loops -finline-functions execution test
FAIL: gfortran.dg/allocate_zerosize_1.f90 -O3 -g execution test
FAIL: gfortran.dg/allocate_zerosize_1.f90 -Os execution test
FAIL: gfortran.dg/append_1.f90 -O0 execution test
FAIL: gfortran.dg/append_1.f90 -O1 execution test
FAIL: gfortran.dg/append_1.f90 -O2 execution test
FAIL: gfortran.dg/append_1.f90 -O3 -fomit-frame-pointer execution test
FAIL: gfortran.dg/append_1.f90 -O3 -fomit-frame-pointer -funroll-loops execution test
FAIL: gfortran.dg/append_1.f90 -O3 -fomit-frame-pointer -funroll-all-loops -finline-functions execution test
FAIL: gfortran.dg/append_1.f90 -O3 -g execution test
FAIL: gfortran.dg/append_1.f90 -Os execution test
FAIL: gfortran.dg/arrayio_1.f90 -O0 execution test
FAIL: gfortran.dg/arrayio_1.f90 -O1 execution test
FAIL: gfortran.dg/arrayio_1.f90 -O2 execution test
FAIL: gfortran.dg/arrayio_1.f90 -O3 -fomit-frame-pointer execution test
FAIL: gfortran.dg/arrayio_1.f90 -O3 -fomit-frame-pointer -funroll-loops execution test
FAIL: gfortran.dg/arrayio_1.f90 -O3 -fomit-frame-pointer -funroll-all-loops -finline-functions execution test
FAIL: gfortran.dg/arrayio_1.f90 -O3 -g execution test
FAIL: gfortran.dg/arrayio_1.f90 -Os execution test
FAIL: gfortran.dg/arrayio_11.f90 -O0 execution test
FAIL: gfortran.dg/arrayio_11.f90 -O1 execution test
FAIL: gfortran.dg/arrayio_11.f90 -O2 execution test
FAIL: gfortran.dg/arrayio_11.f90 -O3 -fomit-frame-pointer execution test
FAIL: gfortran.dg/arrayio_11.f90 -O3 -fomit-frame-pointer -funroll-loops execution test
FAIL: gfortran.dg/arrayio_11.f90 -O3 -fomit-frame-pointer -funroll-all-loops -finline-functions execution test
FAIL: gfortran.dg/arrayio_11.f90 -O3 -g execution test
FAIL: gfortran.dg/arrayio_11.f90 -Os execution test
FAIL: gfortran.dg/arrayio_12.f90 -O0 execution test
FAIL: gfortran.dg/arrayio_12.f90 -O1 execution test
FAIL: gfortran.dg/arrayio_12.f90 -O2 execution test
FAIL: gfortran.dg/arrayio_12.f90 -O3 -fomit-frame-pointer execution test
FAIL: gfortran.dg/arrayio_12.f90 -O3 -fomit-frame-pointer -funroll-loops execution test
FAIL: gfortran.dg/arrayio_12.f90 -O3 -fomit-frame-pointer -funroll-all-loops -finline-functions execution test
FAIL: gfortran.dg/arrayio_12.f90 -O3 -g execution test
FAIL: gfortran.dg/arrayio_12.f90 -Os execution test
FAIL: gfortran.dg/arrayio_6.f90 -O0 execution test
FAIL: gfortran.dg/arrayio_6.f90 -O1 execution test
FAIL: gfortran.dg/arrayio_6.f90 -O2 execution test
FAIL: gfortran.dg/arrayio_6.f90 -O3 -fomit-frame-pointer execution test
FAIL: gfortran.dg/arrayio_6.f90 -O3 -fomit-frame-pointer -funroll-loops execution test
FAIL: gfortran.dg/arrayio_6.f90 -O3 -fomit-frame-pointer -funroll-all-loops -finline-functions execution test
FAIL: gfortran.dg/arrayio_6.f90 -O3 -g execution test
FAIL: gfortran.dg/arrayio_6.f90 -Os execution test
FAIL: gfortran.dg/arrayio_derived_1.f90 -O0 execution test
FAIL: gfortran.dg/arrayio_derived_1.f90 -O1 execution test
FAIL: gfortran.dg/arrayio_derived_1.f90 -O2 execution test
FAIL: gfortran.dg/arrayio_derived_1.f90 -O3 -fomit-frame-pointer execution test
FAIL: gfortran.dg/arrayio_derived_1.f90 -O3 -fomit-frame-pointer -funroll-loops execution test
FAIL: gfortran.dg/arrayio_derived_1.f90 -O3 -fomit-frame-pointer -funroll-all-loops -finline-functions execution test
FAIL: gfortran.dg/arrayio_derived_1.f90 -O3 -g execution test
FAIL: gfortran.dg/arrayio_derived_1.f90 -Os execution test
FAIL: gfortran.dg/backslash_2.f90 -O0 execution test
FAIL: gfortran.dg/backslash_2.f90 -O1 execution test
FAIL: gfortran.dg/backslash_2.f90 -O2 execution test
FAIL: gfortran.dg/backslash_2.f90 -O3 -fomit-frame-pointer execution test
FAIL: gfortran.dg/backslash_2.f90 -O3 -fomit-frame-pointer -funroll-loops execution test
FAIL: gfortran.dg/backslash_2.f90 -O3 -fomit-frame-pointer -funroll-all-loops -finline-functions execution test
FAIL: gfortran.dg/backslash_2.f90 -O3 -g execution test
FAIL: gfortran.dg/backslash_2.f90 -Os execution test
FAIL: gfortran.dg/backspace_1.f -O0 execution test
FAIL: gfortran.dg/backspace_1.f -O1 execution test
FAIL: gfortran.dg/backspace_1.f -O2 execution test
FAIL: gfortran.dg/backspace_1.f -O3 -fomit-frame-pointer execution test
FAIL: gfortran.dg/backspace_1.f -O3 -fomit-frame-pointer -funroll-loops execution test
FAIL: gfortran.dg/backspace_1.f -O3 -fomit-frame-pointer -funroll-all-loops -finline-functions execution test
FAIL: gfortran.dg/backspace_1.f -O3 -g execution test
FAIL: gfortran.dg/backspace_1.f -Os execution test
FAIL: gfortran.dg/backspace_7.f90 -O0 execution test
FAIL: gfortran.dg/backspace_7.f90 -O1 execution test
FAIL: gfortran.dg/backspace_7.f90 -O2 execution test
FAIL: gfortran.dg/backspace_7.f90 -O3 -fomit-frame-pointer execution test
FAIL: gfortran.dg/backspace_7.f90 -O3 -fomit-frame-pointer -funroll-loops execution test
FAIL: gfortran.dg/backspace_7.f90 -O3 -fomit-frame-pointer -funroll-all-loops -finline-functions execution test
FAIL: gfortran.dg/backspace_7.f90 -O3 -g execution test
FAIL: gfortran.dg/backspace_7.f90 -Os execution test
FAIL: gfortran.dg/dos_eol.f -O0 execution test
FAIL: gfortran.dg/dos_eol.f -O1 execution test
FAIL: gfortran.dg/dos_eol.f -O2 execution test
FAIL: gfortran.dg/dos_eol.f -O3 -fomit-frame-pointer execution test
FAIL: gfortran.dg/dos_eol.f -O3 -fomit-frame-pointer -funroll-loops execution test
FAIL: gfortran.dg/dos_eol.f -O3 -fomit-frame-pointer -funroll-all-loops -finline-functions execution test
FAIL: gfortran.dg/dos_eol.f -O3 -g execution test
FAIL: gfortran.dg/dos_eol.f -Os execution test
FAIL: gfortran.dg/endfile.f90 -O0 execution test
FAIL: gfortran.dg/endfile.f90 -O1 execution test
FAIL: gfortran.dg/endfile.f90 -O2 execution test
FAIL: gfortran.dg/endfile.f90 -O3 -fomit-frame-pointer execution test
FAIL: gfortran.dg/endfile.f90 -O3 -fomit-frame-pointer -funroll-loops execution test
FAIL: gfortran.dg/endfile.f90 -O3 -fomit-frame-pointer -funroll-all-loops -finline-functions execution test
FAIL: gfortran.dg/endfile.f90 -O3 -g execution test
FAIL: gfortran.dg/endfile.f90 -Os execution test
FAIL: gfortran.dg/eor_handling_1.f90 -O0 execution test
FAIL: gfortran.dg/eor_handling_1.f90 -O1 execution test
FAIL: gfortran.dg/eor_handling_1.f90 -O2 execution test
FAIL: gfortran.dg/eor_handling_1.f90 -O3 -fomit-frame-pointer execution test
FAIL: gfortran.dg/eor_handling_1.f90 -O3 -fomit-frame-pointer -funroll-loops execution test
FAIL: gfortran.dg/eor_handling_1.f90 -O3 -fomit-frame-pointer -funroll-all-loops -finline-functions execution test
FAIL: gfortran.dg/eor_handling_1.f90 -O3 -g execution test
FAIL: gfortran.dg/eor_handling_1.f90 -Os execution test
FAIL: gfortran.dg/eor_handling_3.f90 -O0 execution test
FAIL: gfortran.dg/eor_handling_3.f90 -O1 execution test
FAIL: gfortran.dg/eor_handling_3.f90 -O2 execution test
FAIL: gfortran.dg/eor_handling_3.f90 -O3 -fomit-frame-pointer execution test
FAIL: gfortran.dg/eor_handling_3.f90 -O3 -fomit-frame-pointer -funroll-loops execution test
FAIL: gfortran.dg/eor_handling_3.f90 -O3 -fomit-frame-pointer -funroll-all-loops -finline-functions execution test
FAIL: gfortran.dg/eor_handling_3.f90 -O3 -g execution test
FAIL: gfortran.dg/eor_handling_3.f90 -Os execution test
FAIL: gfortran.dg/fmt_l.f90 -O0 execution test
FAIL: gfortran.dg/fmt_l.f90 -O1 execution test
FAIL: gfortran.dg/fmt_l.f90 -O2 execution test
FAIL: gfortran.dg/fmt_l.f90 -O3 -fomit-frame-pointer execution test
FAIL: gfortran.dg/fmt_l.f90 -O3 -fomit-frame-pointer -funroll-loops execution test
FAIL: gfortran.dg/fmt_l.f90 -O3 -fomit-frame-pointer -funroll-all-loops -finline-functions execution test
FAIL: gfortran.dg/fmt_l.f90 -O3 -g execution test
FAIL: gfortran.dg/fmt_l.f90 -Os execution test
FAIL: gfortran.dg/fmt_read_bz_bn.f90 -O0 execution test
FAIL: gfortran.dg/fmt_read_bz_bn.f90 -O1 execution test
FAIL: gfortran.dg/fmt_read_bz_bn.f90 -O2 execution test
FAIL: gfortran.dg/fmt_read_bz_bn.f90 -O3 -fomit-frame-pointer execution test
FAIL: gfortran.dg/fmt_read_bz_bn.f90 -O3 -fomit-frame-pointer -funroll-loops execution test
FAIL: gfortran.dg/fmt_read_bz_bn.f90 -O3 -fomit-frame-pointer -funroll-all-loops -finline-functions execution test
FAIL: gfortran.dg/fmt_read_bz_bn.f90 -O3 -g execution test
FAIL: gfortran.dg/fmt_read_bz_bn.f90 -Os execution test
FAIL: gfortran.dg/fmt_t_1.f90 -O0 execution test
FAIL: gfortran.dg/fmt_t_1.f90 -O1 execution test
FAIL: gfortran.dg/fmt_t_1.f90 -O2 execution test
FAIL: gfortran.dg/fmt_t_1.f90 -O3 -fomit-frame-pointer execution test
FAIL: gfortran.dg/fmt_t_1.f90 -O3 -fomit-frame-pointer -funroll-loops execution test
FAIL: gfortran.dg/fmt_t_1.f90 -O3 -fomit-frame-pointer -funroll-all-loops -finline-functions execution test
FAIL: gfortran.dg/fmt_t_1.f90 -O3 -g execution test
FAIL: gfortran.dg/fmt_t_1.f90 -Os execution test
FAIL: gfortran.dg/internal_readwrite_1.f90 -O0 execution test
FAIL: gfortran.dg/internal_readwrite_1.f90 -O1 execution test
FAIL: gfortran.dg/internal_readwrite_1.f90 -O2 execution test
FAIL: gfortran.dg/internal_readwrite_1.f90 -O3 -fomit-frame-pointer execution test
FAIL: gfortran.dg/internal_readwrite_1.f90 -O3 -fomit-frame-pointer -funroll-loops execution test
FAIL: gfortran.dg/internal_readwrite_1.f90 -O3 -fomit-frame-pointer -funroll-all-loops -finline-functions execution test
FAIL: gfortran.dg/internal_readwrite_1.f90 -O3 -g execution test
FAIL: gfortran.dg/internal_readwrite_1.f90 -Os execution test
FAIL: gfortran.dg/io_real_boz.f90 -O0 execution test
FAIL: gfortran.dg/io_real_boz.f90 -O1 execution test
FAIL: gfortran.dg/io_real_boz.f90 -O2 execution test
FAIL: gfortran.dg/io_real_boz.f90 -O3 -fomit-frame-pointer execution test
FAIL: gfortran.dg/io_real_boz.f90 -O3 -fomit-frame-pointer -funroll-loops execution test
FAIL: gfortran.dg/io_real_boz.f90 -O3 -fomit-frame-pointer -funroll-all-loops -finline-functions execution test
FAIL: gfortran.dg/io_real_boz.f90 -O3 -g execution test
FAIL: gfortran.dg/io_real_boz.f90 -Os execution test
FAIL: gfortran.dg/list_read_1.f90 -O0 execution test
FAIL: gfortran.dg/list_read_1.f90 -O1 execution test
FAIL: gfortran.dg/list_read_1.f90 -O2 execution test
FAIL: gfortran.dg/list_read_1.f90 -O3 -fomit-frame-pointer execution test
FAIL: gfortran.dg/list_read_1.f90 -O3 -fomit-frame-pointer -funroll-loops execution test
FAIL: gfortran.dg/list_read_1.f90 -O3 -fomit-frame-pointer -funroll-all-loops -finline-functions execution test
FAIL: gfortran.dg/list_read_1.f90 -O3 -g execution test
FAIL: gfortran.dg/list_read_1.f90 -Os execution test
FAIL: gfortran.dg/list_read_10.f90 -O0 execution test
FAIL: gfortran.dg/list_read_10.f90 -O1 execution test
FAIL: gfortran.dg/list_read_10.f90 -O2 execution test
FAIL: gfortran.dg/list_read_10.f90 -O3 -fomit-frame-pointer execution test
FAIL: gfortran.dg/list_read_10.f90 -O3 -fomit-frame-pointer -funroll-loops execution test
FAIL: gfortran.dg/list_read_10.f90 -O3 -fomit-frame-pointer -funroll-all-loops -finline-functions execution test
FAIL: gfortran.dg/list_read_10.f90 -O3 -g execution test
FAIL: gfortran.dg/list_read_10.f90 -Os execution test
FAIL: gfortran.dg/list_read_2.f90 -O0 execution test
FAIL: gfortran.dg/list_read_2.f90 -O1 execution test
FAIL: gfortran.dg/list_read_2.f90 -O2 execution test
FAIL: gfortran.dg/list_read_2.f90 -O3 -fomit-frame-pointer execution test
FAIL: gfortran.dg/list_read_2.f90 -O3 -fomit-frame-pointer -funroll-loops execution test
FAIL: gfortran.dg/list_read_2.f90 -O3 -fomit-frame-pointer -funroll-all-loops -finline-functions execution test
FAIL: gfortran.dg/list_read_2.f90 -O3 -g execution test
FAIL: gfortran.dg/list_read_2.f90 -Os execution test
FAIL: gfortran.dg/list_read_4.f90 -O0 execution test
FAIL: gfortran.dg/list_read_4.f90 -O1 execution test
FAIL: gfortran.dg/list_read_4.f90 -O2 execution test
FAIL: gfortran.dg/list_read_4.f90 -O3 -fomit-frame-pointer execution test
FAIL: gfortran.dg/list_read_4.f90 -O3 -fomit-frame-pointer -funroll-loops execution test
FAIL: gfortran.dg/list_read_4.f90 -O3 -fomit-frame-pointer -funroll-all-loops -finline-functions execution test
FAIL: gfortran.dg/list_read_4.f90 -O3 -g execution test
FAIL: gfortran.dg/list_read_4.f90 -Os execution test
FAIL: gfortran.dg/list_read_5.f90 -O0 execution test
FAIL: gfortran.dg/list_read_5.f90 -O1 execution test
FAIL: gfortran.dg/list_read_5.f90 -O2 execution test
FAIL: gfortran.dg/list_read_5.f90 -O3 -fomit-frame-pointer execution test
FAIL: gfortran.dg/list_read_5.f90 -O3 -fomit-frame-pointer -funroll-loops execution test
FAIL: gfortran.dg/list_read_5.f90 -O3 -fomit-frame-pointer -funroll-all-loops -finline-functions execution test
FAIL: gfortran.dg/list_read_5.f90 -O3 -g execution test
FAIL: gfortran.dg/list_read_5.f90 -Os execution test
FAIL: gfortran.dg/namelist_11.f -O0 execution test
FAIL: gfortran.dg/namelist_11.f -O1 execution test
FAIL: gfortran.dg/namelist_11.f -O2 execution test
FAIL: gfortran.dg/namelist_11.f -O3 -fomit-frame-pointer execution test
FAIL: gfortran.dg/namelist_11.f -O3 -fomit-frame-pointer -funroll-loops execution test
FAIL: gfortran.dg/namelist_11.f -O3 -fomit-frame-pointer -funroll-all-loops -finline-functions execution test
FAIL: gfortran.dg/namelist_11.f -O3 -g execution test
FAIL: gfortran.dg/namelist_11.f -Os execution test
FAIL: gfortran.dg/namelist_12.f -O0 execution test
FAIL: gfortran.dg/namelist_12.f -O1 execution test
FAIL: gfortran.dg/namelist_12.f -O2 execution test
FAIL: gfortran.dg/namelist_12.f -O3 -fomit-frame-pointer execution test
FAIL: gfortran.dg/namelist_12.f -O3 -fomit-frame-pointer -funroll-loops execution test
FAIL: gfortran.dg/namelist_12.f -O3 -fomit-frame-pointer -funroll-all-loops -finline-functions execution test
FAIL: gfortran.dg/namelist_12.f -O3 -g execution test
FAIL: gfortran.dg/namelist_12.f -Os execution test
FAIL: gfortran.dg/namelist_14.f90 -O0 execution test
FAIL: gfortran.dg/namelist_14.f90 -O1 execution test
FAIL: gfortran.dg/namelist_14.f90 -O2 execution test
FAIL: gfortran.dg/namelist_14.f90 -O3 -fomit-frame-pointer execution test
FAIL: gfortran.dg/namelist_14.f90 -O3 -fomit-frame-pointer -funroll-loops execution test
FAIL: gfortran.dg/namelist_14.f90 -O3 -fomit-frame-pointer -funroll-all-loops -finline-functions execution test
FAIL: gfortran.dg/namelist_14.f90 -O3 -g execution test
FAIL: gfortran.dg/namelist_14.f90 -Os execution test
FAIL: gfortran.dg/namelist_15.f90 -O0 execution test
FAIL: gfortran.dg/namelist_15.f90 -O1 execution test
FAIL: gfortran.dg/namelist_15.f90 -O2 execution test
FAIL: gfortran.dg/namelist_15.f90 -O3 -fomit-frame-pointer execution test
FAIL: gfortran.dg/namelist_15.f90 -O3 -fomit-frame-pointer -funroll-loops execution test
FAIL: gfortran.dg/namelist_15.f90 -O3 -fomit-frame-pointer -funroll-all-loops -finline-functions execution test
FAIL: gfortran.dg/namelist_15.f90 -O3 -g execution test
FAIL: gfortran.dg/namelist_15.f90 -Os execution test
FAIL: gfortran.dg/namelist_16.f90 -O0 execution test
FAIL: gfortran.dg/namelist_16.f90 -O1 execution test
FAIL: gfortran.dg/namelist_16.f90 -O2 execution test
FAIL: gfortran.dg/namelist_16.f90 -O3 -fomit-frame-pointer execution test
FAIL: gfortran.dg/namelist_16.f90 -O3 -fomit-frame-pointer -funroll-loops execution test
FAIL: gfortran.dg/namelist_16.f90 -O3 -fomit-frame-pointer -funroll-all-loops -finline-functions execution test
FAIL: gfortran.dg/namelist_16.f90 -O3 -g execution test
FAIL: gfortran.dg/namelist_16.f90 -Os execution test
FAIL: gfortran.dg/namelist_17.f90 -O0 execution test
FAIL: gfortran.dg/namelist_17.f90 -O1 execution test
FAIL: gfortran.dg/namelist_17.f90 -O2 execution test
FAIL: gfortran.dg/namelist_17.f90 -O3 -fomit-frame-pointer execution test
FAIL: gfortran.dg/namelist_17.f90 -O3 -fomit-frame-pointer -funroll-loops execution test
FAIL: gfortran.dg/namelist_17.f90 -O3 -fomit-frame-pointer -funroll-all-loops -finline-functions execution test
FAIL: gfortran.dg/namelist_17.f90 -O3 -g execution test
FAIL: gfortran.dg/namelist_17.f90 -Os execution test
FAIL: gfortran.dg/namelist_19.f90 -O0 execution test
FAIL: gfortran.dg/namelist_19.f90 -O1 execution test
FAIL: gfortran.dg/namelist_19.f90 -O2 execution test
FAIL: gfortran.dg/namelist_19.f90 -O3 -fomit-frame-pointer execution test
FAIL: gfortran.dg/namelist_19.f90 -O3 -fomit-frame-pointer -funroll-loops execution test
FAIL: gfortran.dg/namelist_19.f90 -O3 -fomit-frame-pointer -funroll-all-loops -finline-functions execution test
FAIL: gfortran.dg/namelist_19.f90 -O3 -g execution test
FAIL: gfortran.dg/namelist_19.f90 -Os execution test
FAIL: gfortran.dg/namelist_20.f90 -O0 execution test
FAIL: gfortran.dg/namelist_20.f90 -O1 execution test
FAIL: gfortran.dg/namelist_20.f90 -O2 execution test
FAIL: gfortran.dg/namelist_20.f90 -O3 -fomit-frame-pointer execution test
FAIL: gfortran.dg/namelist_20.f90 -O3 -fomit-frame-pointer -funroll-loops execution test
FAIL: gfortran.dg/namelist_20.f90 -O3 -fomit-frame-pointer -funroll-all-loops -finline-functions execution test
FAIL: gfortran.dg/namelist_20.f90 -O3 -g execution test
FAIL: gfortran.dg/namelist_20.f90 -Os execution test
FAIL: gfortran.dg/namelist_23.f90 -O0 execution test
FAIL: gfortran.dg/namelist_23.f90 -O1 execution test
FAIL: gfortran.dg/namelist_23.f90 -O2 execution test
FAIL: gfortran.dg/namelist_23.f90 -O3 -fomit-frame-pointer execution test
FAIL: gfortran.dg/namelist_23.f90 -O3 -fomit-frame-pointer -funroll-loops execution test
FAIL: gfortran.dg/namelist_23.f90 -O3 -fomit-frame-pointer -funroll-all-loops -finline-functions execution test
FAIL: gfortran.dg/namelist_23.f90 -O3 -g execution test
FAIL: gfortran.dg/namelist_23.f90 -Os execution test
FAIL: gfortran.dg/namelist_24.f90 -O0 execution test
FAIL: gfortran.dg/namelist_24.f90 -O1 execution test
FAIL: gfortran.dg/namelist_24.f90 -O2 execution test
FAIL: gfortran.dg/namelist_24.f90 -O3 -fomit-frame-pointer execution test
FAIL: gfortran.dg/namelist_24.f90 -O3 -fomit-frame-pointer -funroll-loops execution test
FAIL: gfortran.dg/namelist_24.f90 -O3 -fomit-frame-pointer -funroll-all-loops -finline-functions execution test
FAIL: gfortran.dg/namelist_24.f90 -O3 -g execution test
FAIL: gfortran.dg/namelist_24.f90 -Os execution test
FAIL: gfortran.dg/namelist_29.f90 -O0 execution test
FAIL: gfortran.dg/namelist_29.f90 -O1 execution test
FAIL: gfortran.dg/namelist_29.f90 -O2 execution test
FAIL: gfortran.dg/namelist_29.f90 -O3 -fomit-frame-pointer execution test
FAIL: gfortran.dg/namelist_29.f90 -O3 -fomit-frame-pointer -funroll-loops execution test
FAIL: gfortran.dg/namelist_29.f90 -O3 -fomit-frame-pointer -funroll-all-loops -finline-functions execution test
FAIL: gfortran.dg/namelist_29.f90 -O3 -g execution test
FAIL: gfortran.dg/namelist_29.f90 -Os execution test
FAIL: gfortran.dg/namelist_39.f90 -O0 execution test
FAIL: gfortran.dg/namelist_39.f90 -O1 execution test
FAIL: gfortran.dg/namelist_39.f90 -O2 execution test
FAIL: gfortran.dg/namelist_39.f90 -O3 -fomit-frame-pointer execution test
FAIL: gfortran.dg/namelist_39.f90 -O3 -fomit-frame-pointer -funroll-loops execution test
FAIL: gfortran.dg/namelist_39.f90 -O3 -fomit-frame-pointer -funroll-all-loops -finline-functions execution test
FAIL: gfortran.dg/namelist_39.f90 -O3 -g execution test
FAIL: gfortran.dg/namelist_39.f90 -Os execution test
FAIL: gfortran.dg/namelist_40.f90 -O0 output pattern test, is Index 1 out of range for namelist variable x
FAIL: gfortran.dg/namelist_40.f90 -O1 output pattern test, is Index 1 out of range for namelist variable x
FAIL: gfortran.dg/namelist_40.f90 -O2 output pattern test, is Index 1 out of range for namelist variable x
FAIL: gfortran.dg/namelist_40.f90 -O3 -fomit-frame-pointer output pattern test, is Index 1 out of range for namelist variable x
FAIL: gfortran.dg/namelist_40.f90 -O3 -fomit-frame-pointer -funroll-loops output pattern test, is Index 1 out of range for namelist variable x
FAIL: gfortran.dg/namelist_40.f90 -O3 -fomit-frame-pointer -funroll-all-loops -finline-functions output pattern test, is Index 1 out of range for namelist variable x
FAIL: gfortran.dg/namelist_40.f90 -O3 -g output pattern test, is Index 1 out of range for namelist variable x
FAIL: gfortran.dg/namelist_40.f90 -Os output pattern test, is Index 1 out of range for namelist variable x
FAIL: gfortran.dg/namelist_41.f90 -O0 execution test
FAIL: gfortran.dg/namelist_41.f90 -O1 execution test
FAIL: gfortran.dg/namelist_41.f90 -O2 execution test
FAIL: gfortran.dg/namelist_41.f90 -O3 -fomit-frame-pointer execution test
FAIL: gfortran.dg/namelist_41.f90 -O3 -fomit-frame-pointer -funroll-loops execution test
FAIL: gfortran.dg/namelist_41.f90 -O3 -fomit-frame-pointer -funroll-all-loops -finline-functions execution test
FAIL: gfortran.dg/namelist_41.f90 -O3 -g execution test
FAIL: gfortran.dg/namelist_41.f90 -Os execution test
FAIL: gfortran.dg/namelist_42.f90 -O0 execution test
FAIL: gfortran.dg/namelist_42.f90 -O1 execution test
FAIL: gfortran.dg/namelist_42.f90 -O2 execution test
FAIL: gfortran.dg/namelist_42.f90 -O3 -fomit-frame-pointer execution test
FAIL: gfortran.dg/namelist_42.f90 -O3 -fomit-frame-pointer -funroll-loops execution test
FAIL: gfortran.dg/namelist_42.f90 -O3 -fomit-frame-pointer -funroll-all-loops -finline-functions execution test
FAIL: gfortran.dg/namelist_42.f90 -O3 -g execution test
FAIL: gfortran.dg/namelist_42.f90 -Os execution test
FAIL: gfortran.dg/namelist_43.f90 -O0 execution test
FAIL: gfortran.dg/namelist_43.f90 -O1 execution test
FAIL: gfortran.dg/namelist_43.f90 -O2 execution test
FAIL: gfortran.dg/namelist_43.f90 -O3 -fomit-frame-pointer execution test
FAIL: gfortran.dg/namelist_43.f90 -O3 -fomit-frame-pointer -funroll-loops execution test
FAIL: gfortran.dg/namelist_43.f90 -O3 -fomit-frame-pointer -funroll-all-loops -finline-functions execution test
FAIL: gfortran.dg/namelist_43.f90 -O3 -g execution test
FAIL: gfortran.dg/namelist_43.f90 -Os execution test
FAIL: gfortran.dg/namelist_44.f90 -O0 execution test
FAIL: gfortran.dg/namelist_44.f90 -O1 execution test
FAIL: gfortran.dg/namelist_44.f90 -O2 execution test
FAIL: gfortran.dg/namelist_44.f90 -O3 -fomit-frame-pointer execution test
FAIL: gfortran.dg/namelist_44.f90 -O3 -fomit-frame-pointer -funroll-loops execution test
FAIL: gfortran.dg/namelist_44.f90 -O3 -fomit-frame-pointer -funroll-all-loops -finline-functions execution test
FAIL: gfortran.dg/namelist_44.f90 -O3 -g execution test
FAIL: gfortran.dg/namelist_44.f90 -Os execution test
FAIL: gfortran.dg/namelist_47.f90 -O0 output pattern test, is Index 1 out of range for namelist variable x
FAIL: gfortran.dg/namelist_47.f90 -O1 output pattern test, is Index 1 out of range for namelist variable x
FAIL: gfortran.dg/namelist_47.f90 -O2 output pattern test, is Index 1 out of range for namelist variable x
FAIL: gfortran.dg/namelist_47.f90 -O3 -fomit-frame-pointer output pattern test, is Index 1 out of range for namelist variable x
FAIL: gfortran.dg/namelist_47.f90 -O3 -fomit-frame-pointer -funroll-loops output pattern test, is Index 1 out of range for namelist variable x
FAIL: gfortran.dg/namelist_47.f90 -O3 -fomit-frame-pointer -funroll-all-loops -finline-functions output pattern test, is Index 1 out of range for namelist variable x
FAIL: gfortran.dg/namelist_47.f90 -O3 -g output pattern test, is Index 1 out of range for namelist variable x
FAIL: gfortran.dg/namelist_47.f90 -Os output pattern test, is Index 1 out of range for namelist variable x
FAIL: gfortran.dg/namelist_48.f90 -O0 execution test
FAIL: gfortran.dg/namelist_48.f90 -O1 execution test
FAIL: gfortran.dg/namelist_48.f90 -O2 execution test
FAIL: gfortran.dg/namelist_48.f90 -O3 -fomit-frame-pointer execution test
FAIL: gfortran.dg/namelist_48.f90 -O3 -fomit-frame-pointer -funroll-loops execution test
FAIL: gfortran.dg/namelist_48.f90 -O3 -fomit-frame-pointer -funroll-all-loops -finline-functions execution test
FAIL: gfortran.dg/namelist_48.f90 -O3 -g execution test
FAIL: gfortran.dg/namelist_48.f90 -Os execution test
FAIL: gfortran.dg/namelist_51.f90 -O0 execution test
FAIL: gfortran.dg/namelist_51.f90 -O1 execution test
FAIL: gfortran.dg/namelist_51.f90 -O2 execution test
FAIL: gfortran.dg/namelist_51.f90 -O3 -fomit-frame-pointer execution test
FAIL: gfortran.dg/namelist_51.f90 -O3 -fomit-frame-pointer -funroll-loops execution test
FAIL: gfortran.dg/namelist_51.f90 -O3 -fomit-frame-pointer -funroll-all-loops -finline-functions execution test
FAIL: gfortran.dg/namelist_51.f90 -O3 -g execution test
FAIL: gfortran.dg/namelist_51.f90 -Os execution test
FAIL: gfortran.dg/namelist_52.f90 -O0 execution test
FAIL: gfortran.dg/namelist_52.f90 -O1 execution test
FAIL: gfortran.dg/namelist_52.f90 -O2 execution test
FAIL: gfortran.dg/namelist_52.f90 -O3 -fomit-frame-pointer execution test
FAIL: gfortran.dg/namelist_52.f90 -O3 -fomit-frame-pointer -funroll-loops execution test
FAIL: gfortran.dg/namelist_52.f90 -O3 -fomit-frame-pointer -funroll-all-loops -finline-functions execution test
FAIL: gfortran.dg/namelist_52.f90 -O3 -g execution test
FAIL: gfortran.dg/namelist_52.f90 -Os execution test
FAIL: gfortran.dg/namelist_54.f90 -O0 execution test
FAIL: gfortran.dg/namelist_54.f90 -O1 execution test
FAIL: gfortran.dg/namelist_54.f90 -O2 execution test
FAIL: gfortran.dg/namelist_54.f90 -O3 -fomit-frame-pointer execution test
FAIL: gfortran.dg/namelist_54.f90 -O3 -fomit-frame-pointer -funroll-loops execution test
FAIL: gfortran.dg/namelist_54.f90 -O3 -fomit-frame-pointer -funroll-all-loops -finline-functions execution test
FAIL: gfortran.dg/namelist_54.f90 -O3 -g execution test
FAIL: gfortran.dg/namelist_54.f90 -Os execution test
FAIL: gfortran.dg/namelist_55.f90 -O0 execution test
FAIL: gfortran.dg/namelist_55.f90 -O1 execution test
FAIL: gfortran.dg/namelist_55.f90 -O2 execution test
FAIL: gfortran.dg/namelist_55.f90 -O3 -fomit-frame-pointer execution test
FAIL: gfortran.dg/namelist_55.f90 -O3 -fomit-frame-pointer -funroll-loops execution test
FAIL: gfortran.dg/namelist_55.f90 -O3 -fomit-frame-pointer -funroll-all-loops -finline-functions execution test
FAIL: gfortran.dg/namelist_55.f90 -O3 -g execution test
FAIL: gfortran.dg/namelist_55.f90 -Os execution test
FAIL: gfortran.dg/namelist_56.f90 -O0 execution test
FAIL: gfortran.dg/namelist_56.f90 -O1 execution test
FAIL: gfortran.dg/namelist_56.f90 -O2 execution test
FAIL: gfortran.dg/namelist_56.f90 -O3 -fomit-frame-pointer execution test
FAIL: gfortran.dg/namelist_56.f90 -O3 -fomit-frame-pointer -funroll-loops execution test
FAIL: gfortran.dg/namelist_56.f90 -O3 -fomit-frame-pointer -funroll-all-loops -finline-functions execution test
FAIL: gfortran.dg/namelist_56.f90 -O3 -g execution test
FAIL: gfortran.dg/namelist_56.f90 -Os execution test
FAIL: gfortran.dg/namelist_60.f90 -O0 execution test
FAIL: gfortran.dg/namelist_60.f90 -O1 execution test
FAIL: gfortran.dg/namelist_60.f90 -O2 execution test
FAIL: gfortran.dg/namelist_60.f90 -O3 -fomit-frame-pointer execution test
FAIL: gfortran.dg/namelist_60.f90 -O3 -fomit-frame-pointer -funroll-loops execution test
FAIL: gfortran.dg/namelist_60.f90 -O3 -fomit-frame-pointer -funroll-all-loops -finline-functions execution test
FAIL: gfortran.dg/namelist_60.f90 -O3 -g execution test
FAIL: gfortran.dg/namelist_60.f90 -Os execution test
FAIL: gfortran.dg/namelist_internal.f90 -O0 execution test
FAIL: gfortran.dg/namelist_internal.f90 -O1 execution test
FAIL: gfortran.dg/namelist_internal.f90 -O2 execution test
FAIL: gfortran.dg/namelist_internal.f90 -O3 -fomit-frame-pointer execution test
FAIL: gfortran.dg/namelist_internal.f90 -O3 -fomit-frame-pointer -funroll-loops execution test
FAIL: gfortran.dg/namelist_internal.f90 -O3 -fomit-frame-pointer -funroll-all-loops -finline-functions execution test
FAIL: gfortran.dg/namelist_internal.f90 -O3 -g execution test
FAIL: gfortran.dg/namelist_internal.f90 -Os execution test
FAIL: gfortran.dg/namelist_use.f90 -O0 execution test
FAIL: gfortran.dg/namelist_use.f90 -O1 execution test
FAIL: gfortran.dg/namelist_use.f90 -O2 execution test
FAIL: gfortran.dg/namelist_use.f90 -O3 -fomit-frame-pointer execution test
FAIL: gfortran.dg/namelist_use.f90 -O3 -fomit-frame-pointer -funroll-loops execution test
FAIL: gfortran.dg/namelist_use.f90 -O3 -fomit-frame-pointer -funroll-all-loops -finline-functions execution test
FAIL: gfortran.dg/namelist_use.f90 -O3 -g execution test
FAIL: gfortran.dg/namelist_use.f90 -Os execution test
FAIL: gfortran.dg/namelist_use_only.f90 -O0 execution test
FAIL: gfortran.dg/namelist_use_only.f90 -O1 execution test
FAIL: gfortran.dg/namelist_use_only.f90 -O2 execution test
FAIL: gfortran.dg/namelist_use_only.f90 -O3 -fomit-frame-pointer execution test
FAIL: gfortran.dg/namelist_use_only.f90 -O3 -fomit-frame-pointer -funroll-loops execution test
FAIL: gfortran.dg/namelist_use_only.f90 -O3 -fomit-frame-pointer -funroll-all-loops -finline-functions execution test
FAIL: gfortran.dg/namelist_use_only.f90 -O3 -g execution test
FAIL: gfortran.dg/namelist_use_only.f90 -Os execution test
FAIL: gfortran.dg/no_range_check_2.f90 -O0 execution test
FAIL: gfortran.dg/no_range_check_2.f90 -O1 execution test
FAIL: gfortran.dg/no_range_check_2.f90 -O2 execution test
FAIL: gfortran.dg/no_range_check_2.f90 -O3 -fomit-frame-pointer execution test
FAIL: gfortran.dg/no_range_check_2.f90 -O3 -fomit-frame-pointer -funroll-loops execution test
FAIL: gfortran.dg/no_range_check_2.f90 -O3 -fomit-frame-pointer -funroll-all-loops -finline-functions execution test
FAIL: gfortran.dg/no_range_check_2.f90 -O3 -g execution test
FAIL: gfortran.dg/no_range_check_2.f90 -Os execution test
FAIL: gfortran.dg/noadv_size.f90 -O0 execution test
FAIL: gfortran.dg/noadv_size.f90 -O1 execution test
FAIL: gfortran.dg/noadv_size.f90 -O2 execution test
FAIL: gfortran.dg/noadv_size.f90 -O3 -fomit-frame-pointer execution test
FAIL: gfortran.dg/noadv_size.f90 -O3 -fomit-frame-pointer -funroll-loops execution test
FAIL: gfortran.dg/noadv_size.f90 -O3 -fomit-frame-pointer -funroll-all-loops -finline-functions execution test
FAIL: gfortran.dg/noadv_size.f90 -O3 -g execution test
FAIL: gfortran.dg/noadv_size.f90 -Os execution test
FAIL: gfortran.dg/open_access_append_1.f90 -O0 execution test
FAIL: gfortran.dg/open_access_append_1.f90 -O1 execution test
FAIL: gfortran.dg/open_access_append_1.f90 -O2 execution test
FAIL: gfortran.dg/open_access_append_1.f90 -O3 -fomit-frame-pointer execution test
FAIL: gfortran.dg/open_access_append_1.f90 -O3 -fomit-frame-pointer -funroll-loops execution test
FAIL: gfortran.dg/open_access_append_1.f90 -O3 -fomit-frame-pointer -funroll-all-loops -finline-functions execution test
FAIL: gfortran.dg/open_access_append_1.f90 -O3 -g execution test
FAIL: gfortran.dg/open_access_append_1.f90 -Os execution test
FAIL: gfortran.dg/overwrite_1.f -O0 execution test
FAIL: gfortran.dg/overwrite_1.f -O1 execution test
FAIL: gfortran.dg/overwrite_1.f -O2 execution test
FAIL: gfortran.dg/overwrite_1.f -O3 -fomit-frame-pointer execution test
FAIL: gfortran.dg/overwrite_1.f -O3 -fomit-frame-pointer -funroll-loops execution test
FAIL: gfortran.dg/overwrite_1.f -O3 -fomit-frame-pointer -funroll-all-loops -finline-functions execution test
FAIL: gfortran.dg/overwrite_1.f -O3 -g execution test
FAIL: gfortran.dg/overwrite_1.f -Os execution test
FAIL: gfortran.dg/pr12884.f -O0 execution test
FAIL: gfortran.dg/pr12884.f -O1 execution test
FAIL: gfortran.dg/pr12884.f -O2 execution test
FAIL: gfortran.dg/pr12884.f -O3 -fomit-frame-pointer execution test
FAIL: gfortran.dg/pr12884.f -O3 -fomit-frame-pointer -funroll-loops execution test
FAIL: gfortran.dg/pr12884.f -O3 -fomit-frame-pointer -funroll-all-loops -finline-functions execution test
FAIL: gfortran.dg/pr12884.f -O3 -g execution test
FAIL: gfortran.dg/pr12884.f -Os execution test
FAIL: gfortran.dg/pr17285.f90 -O0 execution test
FAIL: gfortran.dg/pr17285.f90 -O1 execution test
FAIL: gfortran.dg/pr17285.f90 -O2 execution test
FAIL: gfortran.dg/pr17285.f90 -O3 -fomit-frame-pointer execution test
FAIL: gfortran.dg/pr17285.f90 -O3 -fomit-frame-pointer -funroll-loops execution test
FAIL: gfortran.dg/pr17285.f90 -O3 -fomit-frame-pointer -funroll-all-loops -finline-functions execution test
FAIL: gfortran.dg/pr17285.f90 -O3 -g execution test
FAIL: gfortran.dg/pr17285.f90 -Os execution test
FAIL: gfortran.dg/pr17286.f90 -O0 execution test
FAIL: gfortran.dg/pr17286.f90 -O1 execution test
FAIL: gfortran.dg/pr17286.f90 -O2 execution test
FAIL: gfortran.dg/pr17286.f90 -O3 -fomit-frame-pointer execution test
FAIL: gfortran.dg/pr17286.f90 -O3 -fomit-frame-pointer -funroll-loops execution test
FAIL: gfortran.dg/pr17286.f90 -O3 -fomit-frame-pointer -funroll-all-loops -finline-functions execution test
FAIL: gfortran.dg/pr17286.f90 -O3 -g execution test
FAIL: gfortran.dg/pr17286.f90 -Os execution test
FAIL: gfortran.dg/pr18122.f90 -O0 execution test
FAIL: gfortran.dg/pr18122.f90 -O1 execution test
FAIL: gfortran.dg/pr18122.f90 -O2 execution test
FAIL: gfortran.dg/pr18122.f90 -O3 -fomit-frame-pointer execution test
FAIL: gfortran.dg/pr18122.f90 -O3 -fomit-frame-pointer -funroll-loops execution test
FAIL: gfortran.dg/pr18122.f90 -O3 -fomit-frame-pointer -funroll-all-loops -finline-functions execution test
FAIL: gfortran.dg/pr18122.f90 -O3 -g execution test
FAIL: gfortran.dg/pr18122.f90 -Os execution test
FAIL: gfortran.dg/pr18392.f90 -O0 execution test
FAIL: gfortran.dg/pr18392.f90 -O1 execution test
FAIL: gfortran.dg/pr18392.f90 -O2 execution test
FAIL: gfortran.dg/pr18392.f90 -O3 -fomit-frame-pointer execution test
FAIL: gfortran.dg/pr18392.f90 -O3 -fomit-frame-pointer -funroll-loops execution test
FAIL: gfortran.dg/pr18392.f90 -O3 -fomit-frame-pointer -funroll-all-loops -finline-functions execution test
FAIL: gfortran.dg/pr18392.f90 -O3 -g execution test
FAIL: gfortran.dg/pr18392.f90 -Os execution test
FAIL: gfortran.dg/pr19216.f -O0 execution test
FAIL: gfortran.dg/pr19216.f -O1 execution test
FAIL: gfortran.dg/pr19216.f -O2 execution test
FAIL: gfortran.dg/pr19216.f -O3 -fomit-frame-pointer execution test
FAIL: gfortran.dg/pr19216.f -O3 -fomit-frame-pointer -funroll-loops execution test
FAIL: gfortran.dg/pr19216.f -O3 -fomit-frame-pointer -funroll-all-loops -finline-functions execution test
FAIL: gfortran.dg/pr19216.f -O3 -g execution test
FAIL: gfortran.dg/pr19216.f -Os execution test
FAIL: gfortran.dg/pr19657.f -O0 execution test
FAIL: gfortran.dg/pr19657.f -O1 execution test
FAIL: gfortran.dg/pr19657.f -O2 execution test
FAIL: gfortran.dg/pr19657.f -O3 -fomit-frame-pointer execution test
FAIL: gfortran.dg/pr19657.f -O3 -fomit-frame-pointer -funroll-loops execution test
FAIL: gfortran.dg/pr19657.f -O3 -fomit-frame-pointer -funroll-all-loops -finline-functions execution test
FAIL: gfortran.dg/pr19657.f -O3 -g execution test
FAIL: gfortran.dg/pr19657.f -Os execution test
FAIL: gfortran.dg/read_bad_advance.f90 -O0 execution test
FAIL: gfortran.dg/read_bad_advance.f90 -O1 execution test
FAIL: gfortran.dg/read_bad_advance.f90 -O2 execution test
FAIL: gfortran.dg/read_bad_advance.f90 -O3 -fomit-frame-pointer execution test
FAIL: gfortran.dg/read_bad_advance.f90 -O3 -fomit-frame-pointer -funroll-loops execution test
FAIL: gfortran.dg/read_bad_advance.f90 -O3 -fomit-frame-pointer -funroll-all-loops -finline-functions execution test
FAIL: gfortran.dg/read_bad_advance.f90 -O3 -g execution test
FAIL: gfortran.dg/read_bad_advance.f90 -Os execution test
FAIL: gfortran.dg/read_comma.f -O0 execution test
FAIL: gfortran.dg/read_comma.f -O1 execution test
FAIL: gfortran.dg/read_comma.f -O2 execution test
FAIL: gfortran.dg/read_comma.f -O3 -fomit-frame-pointer execution test
FAIL: gfortran.dg/read_comma.f -O3 -fomit-frame-pointer -funroll-loops execution test
FAIL: gfortran.dg/read_comma.f -O3 -fomit-frame-pointer -funroll-all-loops -finline-functions execution test
FAIL: gfortran.dg/read_comma.f -O3 -g execution test
FAIL: gfortran.dg/read_comma.f -Os execution test
FAIL: gfortran.dg/read_logical.f90 -O0 execution test
FAIL: gfortran.dg/read_logical.f90 -O1 execution test
FAIL: gfortran.dg/read_logical.f90 -O2 execution test
FAIL: gfortran.dg/read_logical.f90 -O3 -fomit-frame-pointer execution test
FAIL: gfortran.dg/read_logical.f90 -O3 -fomit-frame-pointer -funroll-loops execution test
FAIL: gfortran.dg/read_logical.f90 -O3 -fomit-frame-pointer -funroll-all-loops -finline-functions execution test
FAIL: gfortran.dg/read_logical.f90 -O3 -g execution test
FAIL: gfortran.dg/read_logical.f90 -Os execution test
FAIL: gfortran.dg/read_repeat.f90 -O0 execution test
FAIL: gfortran.dg/read_repeat.f90 -O1 execution test
FAIL: gfortran.dg/read_repeat.f90 -O2 execution test
FAIL: gfortran.dg/read_repeat.f90 -O3 -fomit-frame-pointer execution test
FAIL: gfortran.dg/read_repeat.f90 -O3 -fomit-frame-pointer -funroll-loops execution test
FAIL: gfortran.dg/read_repeat.f90 -O3 -fomit-frame-pointer -funroll-all-loops -finline-functions execution test
FAIL: gfortran.dg/read_repeat.f90 -O3 -g execution test
FAIL: gfortran.dg/read_repeat.f90 -Os execution test
FAIL: gfortran.dg/record_marker_2.f -O0 execution test
FAIL: gfortran.dg/record_marker_2.f -O1 execution test
FAIL: gfortran.dg/record_marker_2.f -O2 execution test
FAIL: gfortran.dg/record_marker_2.f -O3 -fomit-frame-pointer execution test
FAIL: gfortran.dg/record_marker_2.f -O3 -fomit-frame-pointer -funroll-loops execution test
FAIL: gfortran.dg/record_marker_2.f -O3 -fomit-frame-pointer -funroll-all-loops -finline-functions execution test
FAIL: gfortran.dg/record_marker_2.f -O3 -g execution test
FAIL: gfortran.dg/record_marker_2.f -Os execution test
FAIL: gfortran.dg/reshape_order_1.f90 -O0 output pattern test, is Fortran runtime error: Value 214748364 out of range in ORDER argument to RESHAPE intrinsic
FAIL: gfortran.dg/reshape_order_1.f90 -O1 output pattern test, is Fortran runtime error: Value 214748364 out of range in ORDER argument to RESHAPE intrinsic
FAIL: gfortran.dg/reshape_order_1.f90 -O2 output pattern test, is Fortran runtime error: Value 214748364 out of range in ORDER argument to RESHAPE intrinsic
FAIL: gfortran.dg/reshape_order_1.f90 -O3 -fomit-frame-pointer output pattern test, is Fortran runtime error: Value 214748364 out of range in ORDER argument to RESHAPE intrinsic
FAIL: gfortran.dg/reshape_order_1.f90 -O3 -fomit-frame-pointer -funroll-loops output pattern test, is Fortran runtime error: Value 214748364 out of range in ORDER argument to RESHAPE intrinsic
FAIL: gfortran.dg/reshape_order_1.f90 -O3 -fomit-frame-pointer -funroll-all-loops -finline-functions output pattern test, is Fortran runtime error: Value 214748364 out of range in ORDER argument to RESHAPE intrinsic
FAIL: gfortran.dg/reshape_order_1.f90 -O3 -g output pattern test, is Fortran runtime error: Value 214748364 out of range in ORDER argument to RESHAPE intrinsic
FAIL: gfortran.dg/reshape_order_1.f90 -Os output pattern test, is Fortran runtime error: Value 214748364 out of range in ORDER argument to RESHAPE intrinsic
FAIL: gfortran.dg/reshape_order_2.f90 -O0 output pattern test, is Fortran runtime error: Value 214748364 out of range in ORDER argument to RESHAPE intrinsic
FAIL: gfortran.dg/reshape_order_2.f90 -O1 output pattern test, is Fortran runtime error: Value 214748364 out of range in ORDER argument to RESHAPE intrinsic
FAIL: gfortran.dg/reshape_order_2.f90 -O2 output pattern test, is Fortran runtime error: Value 214748364 out of range in ORDER argument to RESHAPE intrinsic
FAIL: gfortran.dg/reshape_order_2.f90 -O3 -fomit-frame-pointer output pattern test, is Fortran runtime error: Value 214748364 out of range in ORDER argument to RESHAPE intrinsic
FAIL: gfortran.dg/reshape_order_2.f90 -O3 -fomit-frame-pointer -funroll-loops output pattern test, is Fortran runtime error: Value 214748364 out of range in ORDER argument to RESHAPE intrinsic
FAIL: gfortran.dg/reshape_order_2.f90 -O3 -fomit-frame-pointer -funroll-all-loops -finline-functions output pattern test, is Fortran runtime error: Value 214748364 out of range in ORDER argument to RESHAPE intrinsic
FAIL: gfortran.dg/reshape_order_2.f90 -O3 -g output pattern test, is Fortran runtime error: Value 214748364 out of range in ORDER argument to RESHAPE intrinsic
FAIL: gfortran.dg/reshape_order_2.f90 -Os output pattern test, is Fortran runtime error: Value 214748364 out of range in ORDER argument to RESHAPE intrinsic
FAIL: gfortran.dg/reshape_order_3.f90 -O0 output pattern test, is Fortran runtime error: Value 214748364 out of range in ORDER argument to RESHAPE intrinsic
FAIL: gfortran.dg/reshape_order_3.f90 -O1 output pattern test, is Fortran runtime error: Value 214748364 out of range in ORDER argument to RESHAPE intrinsic
FAIL: gfortran.dg/reshape_order_3.f90 -O2 output pattern test, is Fortran runtime error: Value 214748364 out of range in ORDER argument to RESHAPE intrinsic
FAIL: gfortran.dg/reshape_order_3.f90 -O3 -fomit-frame-pointer output pattern test, is Fortran runtime error: Value 214748364 out of range in ORDER argument to RESHAPE intrinsic
FAIL: gfortran.dg/reshape_order_3.f90 -O3 -fomit-frame-pointer -funroll-loops output pattern test, is Fortran runtime error: Value 214748364 out of range in ORDER argument to RESHAPE intrinsic
FAIL: gfortran.dg/reshape_order_3.f90 -O3 -fomit-frame-pointer -funroll-all-loops -finline-functions output pattern test, is Fortran runtime error: Value 214748364 out of range in ORDER argument to RESHAPE intrinsic
FAIL: gfortran.dg/reshape_order_3.f90 -O3 -g output pattern test, is Fortran runtime error: Value 214748364 out of range in ORDER argument to RESHAPE intrinsic
FAIL: gfortran.dg/reshape_order_3.f90 -Os output pattern test, is Fortran runtime error: Value 214748364 out of range in ORDER argument to RESHAPE intrinsic
FAIL: gfortran.dg/reshape_order_4.f90 -O0 output pattern test, is Fortran runtime error: Value 214748364 out of range in ORDER argument to RESHAPE intrinsic
FAIL: gfortran.dg/reshape_order_4.f90 -O1 output pattern test, is Fortran runtime error: Value 214748364 out of range in ORDER argument to RESHAPE intrinsic
FAIL: gfortran.dg/reshape_order_4.f90 -O2 output pattern test, is Fortran runtime error: Value 214748364 out of range in ORDER argument to RESHAPE intrinsic
FAIL: gfortran.dg/reshape_order_4.f90 -O3 -fomit-frame-pointer output pattern test, is Fortran runtime error: Value 214748364 out of range in ORDER argument to RESHAPE intrinsic
FAIL: gfortran.dg/reshape_order_4.f90 -O3 -fomit-frame-pointer -funroll-loops output pattern test, is Fortran runtime error: Value 214748364 out of range in ORDER argument to RESHAPE intrinsic
FAIL: gfortran.dg/reshape_order_4.f90 -O3 -fomit-frame-pointer -funroll-all-loops -finline-functions output pattern test, is Fortran runtime error: Value 214748364 out of range in ORDER argument to RESHAPE intrinsic
FAIL: gfortran.dg/reshape_order_4.f90 -O3 -g output pattern test, is Fortran runtime error: Value 214748364 out of range in ORDER argument to RESHAPE intrinsic
FAIL: gfortran.dg/reshape_order_4.f90 -Os output pattern test, is Fortran runtime error: Value 214748364 out of range in ORDER argument to RESHAPE intrinsic
FAIL: gfortran.dg/slash_1.f90 -O0 execution test
FAIL: gfortran.dg/slash_1.f90 -O1 execution test
FAIL: gfortran.dg/slash_1.f90 -O2 execution test
FAIL: gfortran.dg/slash_1.f90 -O3 -fomit-frame-pointer execution test
FAIL: gfortran.dg/slash_1.f90 -O3 -fomit-frame-pointer -funroll-loops execution test
FAIL: gfortran.dg/slash_1.f90 -O3 -fomit-frame-pointer -funroll-all-loops -finline-functions execution test
FAIL: gfortran.dg/slash_1.f90 -O3 -g execution test
FAIL: gfortran.dg/slash_1.f90 -Os execution test
FAIL: gfortran.dg/streamio_11.f90 -O0 execution test
FAIL: gfortran.dg/streamio_11.f90 -O1 execution test
FAIL: gfortran.dg/streamio_11.f90 -O2 execution test
FAIL: gfortran.dg/streamio_11.f90 -O3 -fomit-frame-pointer execution test
FAIL: gfortran.dg/streamio_11.f90 -O3 -fomit-frame-pointer -funroll-loops execution test
FAIL: gfortran.dg/streamio_11.f90 -O3 -fomit-frame-pointer -funroll-all-loops -finline-functions execution test
FAIL: gfortran.dg/streamio_11.f90 -O3 -g execution test
FAIL: gfortran.dg/streamio_11.f90 -Os execution test
FAIL: gfortran.dg/streamio_3.f90 -O0 execution test
FAIL: gfortran.dg/streamio_3.f90 -O1 execution test
FAIL: gfortran.dg/streamio_3.f90 -O2 execution test
FAIL: gfortran.dg/streamio_3.f90 -O3 -fomit-frame-pointer execution test
FAIL: gfortran.dg/streamio_3.f90 -O3 -fomit-frame-pointer -funroll-loops execution test
FAIL: gfortran.dg/streamio_3.f90 -O3 -fomit-frame-pointer -funroll-all-loops -finline-functions execution test
FAIL: gfortran.dg/streamio_3.f90 -O3 -g execution test
FAIL: gfortran.dg/streamio_3.f90 -Os execution test
FAIL: gfortran.dg/streamio_4.f90 -O0 execution test
FAIL: gfortran.dg/streamio_4.f90 -O1 execution test
FAIL: gfortran.dg/streamio_4.f90 -O2 execution test
FAIL: gfortran.dg/streamio_4.f90 -O3 -fomit-frame-pointer execution test
FAIL: gfortran.dg/streamio_4.f90 -O3 -fomit-frame-pointer -funroll-loops execution test
FAIL: gfortran.dg/streamio_4.f90 -O3 -fomit-frame-pointer -funroll-all-loops -finline-functions execution test
FAIL: gfortran.dg/streamio_4.f90 -O3 -g execution test
FAIL: gfortran.dg/streamio_4.f90 -Os execution test
FAIL: gfortran.dg/transpose_2.f90 -O0 execution test
FAIL: gfortran.dg/transpose_2.f90 -O1 execution test
FAIL: gfortran.dg/transpose_2.f90 -O2 execution test
FAIL: gfortran.dg/transpose_2.f90 -O3 -fomit-frame-pointer execution test
FAIL: gfortran.dg/transpose_2.f90 -O3 -fomit-frame-pointer -funroll-loops execution test
FAIL: gfortran.dg/transpose_2.f90 -O3 -fomit-frame-pointer -funroll-all-loops -finline-functions execution test
FAIL: gfortran.dg/transpose_2.f90 -O3 -g execution test
FAIL: gfortran.dg/transpose_2.f90 -Os execution test
FAIL: gfortran.dg/unit_1.f90 -O0 execution test
FAIL: gfortran.dg/unit_1.f90 -O1 execution test
FAIL: gfortran.dg/unit_1.f90 -O2 execution test
FAIL: gfortran.dg/unit_1.f90 -O3 -fomit-frame-pointer execution test
FAIL: gfortran.dg/unit_1.f90 -O3 -fomit-frame-pointer -funroll-loops execution test
FAIL: gfortran.dg/unit_1.f90 -O3 -fomit-frame-pointer -funroll-all-loops -finline-functions execution test
FAIL: gfortran.dg/unit_1.f90 -O3 -g execution test
FAIL: gfortran.dg/unit_1.f90 -Os execution test
FAIL: gfortran.dg/g77/f77-edit-i-in.f -O0 execution test
FAIL: gfortran.dg/g77/f77-edit-i-in.f -O1 execution test
FAIL: gfortran.dg/g77/f77-edit-i-in.f -O2 execution test
FAIL: gfortran.dg/g77/f77-edit-i-in.f -O3 -fomit-frame-pointer execution test
FAIL: gfortran.dg/g77/f77-edit-i-in.f -O3 -fomit-frame-pointer -funroll-loops execution test
FAIL: gfortran.dg/g77/f77-edit-i-in.f -O3 -fomit-frame-pointer -funroll-all-loops -finline-functions execution test
FAIL: gfortran.dg/g77/f77-edit-i-in.f -O3 -g execution test
FAIL: gfortran.dg/g77/f77-edit-i-in.f -Os execution test
FAIL: gfortran.dg/g77/f77-edit-t-in.f -O0 execution test
FAIL: gfortran.dg/g77/f77-edit-t-in.f -O1 execution test
FAIL: gfortran.dg/g77/f77-edit-t-in.f -O2 execution test
FAIL: gfortran.dg/g77/f77-edit-t-in.f -O3 -fomit-frame-pointer execution test
FAIL: gfortran.dg/g77/f77-edit-t-in.f -O3 -fomit-frame-pointer -funroll-loops execution test
FAIL: gfortran.dg/g77/f77-edit-t-in.f -O3 -fomit-frame-pointer -funroll-all-loops -finline-functions execution test
FAIL: gfortran.dg/g77/f77-edit-t-in.f -O3 -g execution test
FAIL: gfortran.dg/g77/f77-edit-t-in.f -Os execution test
FAIL: gfortran.dg/vect/fast-math-pr38968.f90 scan-tree-dump vect "vectorized 1 loops"
FAIL: gfortran.fortran-torture/execute/intrinsic_anyall.f90 execution, -O0
FAIL: gfortran.fortran-torture/execute/intrinsic_anyall.f90 execution, -O1
FAIL: gfortran.fortran-torture/execute/intrinsic_anyall.f90 execution, -O2
FAIL: gfortran.fortran-torture/execute/intrinsic_anyall.f90 execution, -O2 -fomit-frame-pointer -finline-functions
FAIL: gfortran.fortran-torture/execute/intrinsic_anyall.f90 execution, -O2 -fomit-frame-pointer -finline-functions -funroll-loops
FAIL: gfortran.fortran-torture/execute/intrinsic_anyall.f90 execution, -O2 -fbounds-check
FAIL: gfortran.fortran-torture/execute/intrinsic_anyall.f90 execution, -O3 -g
FAIL: gfortran.fortran-torture/execute/intrinsic_anyall.f90 execution, -Os
FAIL: gfortran.fortran-torture/execute/intrinsic_count.f90 execution, -O0
FAIL: gfortran.fortran-torture/execute/intrinsic_count.f90 execution, -O1
FAIL: gfortran.fortran-torture/execute/intrinsic_count.f90 execution, -O2
FAIL: gfortran.fortran-torture/execute/intrinsic_count.f90 execution, -O2 -fomit-frame-pointer -finline-functions
FAIL: gfortran.fortran-torture/execute/intrinsic_count.f90 execution, -O2 -fomit-frame-pointer -finline-functions -funroll-loops
FAIL: gfortran.fortran-torture/execute/intrinsic_count.f90 execution, -O2 -fbounds-check
FAIL: gfortran.fortran-torture/execute/intrinsic_count.f90 execution, -O3 -g
FAIL: gfortran.fortran-torture/execute/intrinsic_count.f90 execution, -Os
FAIL: gfortran.fortran-torture/execute/intrinsic_mmloc.f90 execution, -O0
FAIL: gfortran.fortran-torture/execute/intrinsic_mmloc.f90 execution, -O1
FAIL: gfortran.fortran-torture/execute/intrinsic_mmloc.f90 execution, -O2
FAIL: gfortran.fortran-torture/execute/intrinsic_mmloc.f90 execution, -O2 -fomit-frame-pointer -finline-functions
FAIL: gfortran.fortran-torture/execute/intrinsic_mmloc.f90 execution, -O2 -fomit-frame-pointer -finline-functions -funroll-loops
FAIL: gfortran.fortran-torture/execute/intrinsic_mmloc.f90 execution, -O2 -fbounds-check
FAIL: gfortran.fortran-torture/execute/intrinsic_mmloc.f90 execution, -O3 -g
FAIL: gfortran.fortran-torture/execute/intrinsic_mmloc.f90 execution, -Os
FAIL: gfortran.fortran-torture/execute/list_read_1.f90 execution, -O0
FAIL: gfortran.fortran-torture/execute/list_read_1.f90 execution, -O1
FAIL: gfortran.fortran-torture/execute/list_read_1.f90 execution, -O2
FAIL: gfortran.fortran-torture/execute/list_read_1.f90 execution, -O2 -fomit-frame-pointer -finline-functions
FAIL: gfortran.fortran-torture/execute/list_read_1.f90 execution, -O2 -fomit-frame-pointer -finline-functions -funroll-loops
FAIL: gfortran.fortran-torture/execute/list_read_1.f90 execution, -O2 -fbounds-check
FAIL: gfortran.fortran-torture/execute/list_read_1.f90 execution, -O3 -g
FAIL: gfortran.fortran-torture/execute/list_read_1.f90 execution, -Os
FAIL: gfortran.fortran-torture/execute/slash_edit.f90 execution, -O0
FAIL: gfortran.fortran-torture/execute/slash_edit.f90 execution, -O1
FAIL: gfortran.fortran-torture/execute/slash_edit.f90 execution, -O2
FAIL: gfortran.fortran-torture/execute/slash_edit.f90 execution, -O2 -fomit-frame-pointer -finline-functions
FAIL: gfortran.fortran-torture/execute/slash_edit.f90 execution, -O2 -fomit-frame-pointer -finline-functions -funroll-loops
FAIL: gfortran.fortran-torture/execute/slash_edit.f90 execution, -O2 -fbounds-check
FAIL: gfortran.fortran-torture/execute/slash_edit.f90 execution, -O3 -g
FAIL: gfortran.fortran-torture/execute/slash_edit.f90 execution, -Os
FAIL: gfortran.fortran-torture/execute/unopened_unit_1.f90 execution, -O0
FAIL: gfortran.fortran-torture/execute/unopened_unit_1.f90 execution, -O1
FAIL: gfortran.fortran-torture/execute/unopened_unit_1.f90 execution, -O2
FAIL: gfortran.fortran-torture/execute/unopened_unit_1.f90 execution, -O2 -fomit-frame-pointer -finline-functions
FAIL: gfortran.fortran-torture/execute/unopened_unit_1.f90 execution, -O2 -fomit-frame-pointer -finline-functions -funroll-loops
FAIL: gfortran.fortran-torture/execute/unopened_unit_1.f90 execution, -O2 -fbounds-check
FAIL: gfortran.fortran-torture/execute/unopened_unit_1.f90 execution, -O3 -g
FAIL: gfortran.fortran-torture/execute/unopened_unit_1.f90 execution, -Os
=== gfortran Summary ===
# of expected passes 31947
# of unexpected failures 697
# of expected failures 29
# of unsupported tests 291
/home/dave/gnu/gcc/objdir/gcc/testsuite/gfortran/../../gfortran version 4.5.0 20100222 (experimental) [trunk revision 156966] (GCC)
=== obj-c++ tests ===
Running target unix
XPASS: obj-c++.dg/comp-types-10.mm (test for excess errors)
WARNING: obj-c++.dg/lookup-2.mm compilation failed to produce executable
WARNING: obj-c++.dg/try-catch-2.mm compilation failed to produce executable
WARNING: obj-c++.dg/try-catch-9.mm compilation failed to produce executable
=== obj-c++ Summary ===
# of expected passes 436
# of unexpected successes 1
# of expected failures 9
# of unsupported tests 13
/home/dave/gnu/gcc/objdir/gcc/testsuite/obj-c++/../../g++ version 4.5.0 20100222 (experimental) [trunk revision 156966] (GCC)
=== objc tests ===
Running target unix
FAIL: objc/execute/class-13.m compilation, -O1 -fgnu-runtime
UNRESOLVED: objc/execute/class-13.m execution, -O1 -fgnu-runtime
FAIL: objc/execute/class-13.m compilation, -O2 -fgnu-runtime
UNRESOLVED: objc/execute/class-13.m execution, -O2 -fgnu-runtime
FAIL: objc/execute/class-13.m compilation, -O3 -fomit-frame-pointer -fgnu-runtime
UNRESOLVED: objc/execute/class-13.m execution, -O3 -fomit-frame-pointer -fgnu-runtime
FAIL: objc/execute/class-13.m compilation, -O3 -g -fgnu-runtime
UNRESOLVED: objc/execute/class-13.m execution, -O3 -g -fgnu-runtime
FAIL: objc/execute/class-13.m compilation, -Os -fgnu-runtime
UNRESOLVED: objc/execute/class-13.m execution, -Os -fgnu-runtime
FAIL: objc/execute/class-6.m compilation, -O1 -fgnu-runtime
UNRESOLVED: objc/execute/class-6.m execution, -O1 -fgnu-runtime
FAIL: objc/execute/class-6.m compilation, -O2 -fgnu-runtime
UNRESOLVED: objc/execute/class-6.m execution, -O2 -fgnu-runtime
FAIL: objc/execute/class-6.m compilation, -O3 -fomit-frame-pointer -fgnu-runtime
UNRESOLVED: objc/execute/class-6.m execution, -O3 -fomit-frame-pointer -fgnu-runtime
FAIL: objc/execute/class-6.m compilation, -O3 -g -fgnu-runtime
UNRESOLVED: objc/execute/class-6.m execution, -O3 -g -fgnu-runtime
FAIL: objc/execute/class-6.m compilation, -Os -fgnu-runtime
UNRESOLVED: objc/execute/class-6.m execution, -Os -fgnu-runtime
FAIL: objc/execute/forward-1.m execution, -O0 -fgnu-runtime
FAIL: objc/execute/forward-1.m compilation, -O1 -fgnu-runtime
UNRESOLVED: objc/execute/forward-1.m execution, -O1 -fgnu-runtime
FAIL: objc/execute/forward-1.m compilation, -O2 -fgnu-runtime
UNRESOLVED: objc/execute/forward-1.m execution, -O2 -fgnu-runtime
FAIL: objc/execute/forward-1.m compilation, -O3 -fomit-frame-pointer -fgnu-runtime
UNRESOLVED: objc/execute/forward-1.m execution, -O3 -fomit-frame-pointer -fgnu-runtime
FAIL: objc/execute/forward-1.m compilation, -O3 -fomit-frame-pointer -funroll-loops -fgnu-runtime
UNRESOLVED: objc/execute/forward-1.m execution, -O3 -fomit-frame-pointer -funroll-loops -fgnu-runtime
FAIL: objc/execute/forward-1.m compilation, -O3 -fomit-frame-pointer -funroll-all-loops -finline-functions -fgnu-runtime
UNRESOLVED: objc/execute/forward-1.m execution, -O3 -fomit-frame-pointer -funroll-all-loops -finline-functions -fgnu-runtime
FAIL: objc/execute/forward-1.m compilation, -O3 -g -fgnu-runtime
UNRESOLVED: objc/execute/forward-1.m execution, -O3 -g -fgnu-runtime
FAIL: objc/execute/forward-1.m compilation, -Os -fgnu-runtime
UNRESOLVED: objc/execute/forward-1.m execution, -Os -fgnu-runtime
FAIL: objc/execute/object_is_class.m compilation, -O1 -fgnu-runtime
UNRESOLVED: objc/execute/object_is_class.m execution, -O1 -fgnu-runtime
FAIL: objc/execute/object_is_class.m compilation, -O2 -fgnu-runtime
UNRESOLVED: objc/execute/object_is_class.m execution, -O2 -fgnu-runtime
FAIL: objc/execute/object_is_class.m compilation, -O3 -fomit-frame-pointer -fgnu-runtime
UNRESOLVED: objc/execute/object_is_class.m execution, -O3 -fomit-frame-pointer -fgnu-runtime
FAIL: objc/execute/object_is_class.m compilation, -O3 -g -fgnu-runtime
UNRESOLVED: objc/execute/object_is_class.m execution, -O3 -g -fgnu-runtime
FAIL: objc/execute/object_is_class.m compilation, -Os -fgnu-runtime
UNRESOLVED: objc/execute/object_is_class.m execution, -Os -fgnu-runtime
FAIL: objc/execute/object_is_meta_class.m compilation, -O1 -fgnu-runtime
UNRESOLVED: objc/execute/object_is_meta_class.m execution, -O1 -fgnu-runtime
FAIL: objc/execute/object_is_meta_class.m compilation, -O2 -fgnu-runtime
UNRESOLVED: objc/execute/object_is_meta_class.m execution, -O2 -fgnu-runtime
FAIL: objc/execute/object_is_meta_class.m compilation, -O3 -fomit-frame-pointer -fgnu-runtime
UNRESOLVED: objc/execute/object_is_meta_class.m execution, -O3 -fomit-frame-pointer -fgnu-runtime
FAIL: objc/execute/object_is_meta_class.m compilation, -O3 -g -fgnu-runtime
UNRESOLVED: objc/execute/object_is_meta_class.m execution, -O3 -g -fgnu-runtime
FAIL: objc/execute/object_is_meta_class.m compilation, -Os -fgnu-runtime
UNRESOLVED: objc/execute/object_is_meta_class.m execution, -Os -fgnu-runtime
=== objc Summary ===
# of expected passes 1820
# of unexpected failures 28
# of expected failures 7
# of unresolved testcases 27
# of unsupported tests 24
/home/dave/gnu/gcc/objdir/gcc/xgcc version 4.5.0 20100222 (experimental) [trunk revision 156966] (GCC)
Compiler version: 4.5.0 20100222 (experimental) [trunk revision 156966] (GCC)
Platform: armv5tejl-unknown-linux-gnueabi
configure flags: --host=armv5tejl-unknown-linux-gnueabi --target=armv5tejl-unknown-linux-gnueabi --build=armv5tejl-unknown-linux-gnueabi --enable-languages=c,c++,fortran,objc,obj-c++ --enable-checking=release --enable-shared --enable-threads --disable-multilib --disable-libmudflap --disable-libssp --enable-symvers=gnu --enable-__cxa_atexit --disable-libstdcxx-pch --prefix=/home/dave/opt/gnu/gcc/gcc-4.5.0 --with-gmp=/home/dave/opt/gnu
More information about the Gcc-testresults
mailing list