Results for 4.5.0 20090530 (experimental) [trunk revision 147999] (GCC) gcc testsuite on hppa2.0w-hp-hpux11.11
John David Anglin
dave@hiauly3.hia.nrc.ca
Thu Feb 25 17:22:00 GMT 2010
LAST_UPDATED: Thu Feb 25 13:27:12 UTC 2010 (revision 147999)
Native configuration is hppa2.0w-hp-hpux11.11
=== gcc tests ===
Running target unix
FAIL: gcc.c-torture/execute/20061031-1.c execution, -Os
FAIL: gcc.c-torture/execute/pr42248.c compilation, -O1 (internal compiler error)
UNRESOLVED: gcc.c-torture/execute/pr42248.c execution, -O1
FAIL: gcc.c-torture/execute/pr42248.c compilation, -O2 (internal compiler error)
UNRESOLVED: gcc.c-torture/execute/pr42248.c execution, -O2
FAIL: gcc.c-torture/execute/pr42248.c compilation, -O3 -fomit-frame-pointer (internal compiler error)
UNRESOLVED: gcc.c-torture/execute/pr42248.c execution, -O3 -fomit-frame-pointer
FAIL: gcc.c-torture/execute/pr42248.c compilation, -O3 -g (internal compiler error)
UNRESOLVED: gcc.c-torture/execute/pr42248.c execution, -O3 -g
FAIL: gcc.c-torture/execute/pr42248.c compilation, -Os (internal compiler error)
UNRESOLVED: gcc.c-torture/execute/pr42248.c execution, -Os
XPASS: gcc.dg/Warray-bounds.c (test for warnings, line 59)
XPASS: gcc.dg/Warray-bounds.c (test for warnings, line 65)
FAIL: gcc.dg/pr34989-1.c (internal compiler error)
FAIL: gcc.dg/pr34989-1.c (test for excess errors)
FAIL: gcc.dg/ucnid-11.c (test for excess errors)
FAIL: gcc.dg/ucnid-12.c (test for excess errors)
FAIL: gcc.dg/vector-4.c (test for excess errors)
XPASS: gcc.dg/struct/wo_prof_array_through_pointer.c scan-ipa-dump ipa_struct_reorg "Number of structures to transform is 1"
FAIL: gcc.dg/struct/wo_prof_double_malloc.c (internal compiler error)
FAIL: gcc.dg/struct/wo_prof_double_malloc.c (test for excess errors)
WARNING: gcc.dg/struct/wo_prof_double_malloc.c compilation failed to produce executable
FAIL: gcc.dg/torture/pr26565.c -O1 execution test
FAIL: gcc.dg/torture/pr26565.c -O2 execution test
FAIL: gcc.dg/torture/pr26565.c -O3 -fomit-frame-pointer execution test
FAIL: gcc.dg/torture/pr26565.c -O3 -g execution test
FAIL: gcc.dg/torture/pr26565.c -Os execution test
ERROR: tcl error sourcing /test/gnu/gcc/gcc/gcc/testsuite/gcc.misc-tests/help.exp.
ERROR: syntax error in expression "\$pattern ne """
=== gcc Summary ===
# of expected passes 48805
# of unexpected failures 18
# of unexpected successes 3
# of expected failures 78
# of unresolved testcases 5
# of unsupported tests 651
/test/gnu/gcc/objdir/gcc/xgcc version 4.5.0 20090530 (experimental) [trunk revision 147999] (GCC)
Compiler version: 4.5.0 20090530 (experimental) [trunk revision 147999] (GCC) gcc
Platform: hppa2.0w-hp-hpux11.11
configure flags: --with-gnu-as --with-as=/opt/gnu/bin/as --enable-shared --with-local-prefix=/opt/gnu --prefix=/opt/gnu/gcc/gcc-4.5.0 --with-gmp=/opt/gnu/gcc/gcc-4.5.0 --enable-threads=posix --enable-debug=no --disable-nls --without-cloog --without-ppl --enable-languages=c --disable-bootstrap
More information about the Gcc-testresults
mailing list