Results for 4.5.0 20090421 (experimental) [trunk revision 146514] (GCC) gcc testsuite on hppa2.0w-hp-hpux11.11
John David Anglin
dave@hiauly3.hia.nrc.ca
Tue Feb 23 23:20:00 GMT 2010
LAST_UPDATED: Tue Feb 23 18:04:38 UTC 2010 (revision 146514)
Native configuration is hppa2.0w-hp-hpux11.11
=== gcc tests ===
Running target unix
XPASS: gcc.dg/Warray-bounds.c (test for warnings, line 59)
XPASS: gcc.dg/Warray-bounds.c (test for warnings, line 65)
FAIL: gcc.dg/c99-stdint-1.c (test for excess errors)
FAIL: gcc.dg/c99-stdint-2.c (test for excess errors)
FAIL: gcc.dg/c99-stdint-3.c (test for excess errors)
FAIL: gcc.dg/c99-stdint-4.c (test for excess errors)
FAIL: gcc.dg/c99-stdint-5.c (test for excess errors)
FAIL: gcc.dg/c99-stdint-6.c (test for excess errors)
FAIL: gcc.dg/c99-stdint-7.c (test for excess errors)
FAIL: gcc.dg/c99-stdint-8.c (test for excess errors)
XPASS: gcc.dg/struct/wo_prof_array_through_pointer.c scan-ipa-dump ipa_struct_reorg "Number of structures to transform is 1"
ERROR: tcl error sourcing /test/gnu/gcc/gcc/gcc/testsuite/gcc.misc-tests/help.exp.
ERROR: syntax error in expression "\$pattern ne """
=== gcc Summary ===
# of expected passes 49132
# of unexpected failures 8
# of unexpected successes 3
# of expected failures 71
# of unsupported tests 666
/test/gnu/gcc/objdir/gcc/xgcc version 4.5.0 20090421 (experimental) [trunk revision 146514] (GCC)
Compiler version: 4.5.0 20090421 (experimental) [trunk revision 146514] (GCC) gcc
Platform: hppa2.0w-hp-hpux11.11
configure flags: --with-gnu-as --with-as=/opt/gnu/bin/as --enable-shared --with-local-prefix=/opt/gnu --prefix=/opt/gnu/gcc/gcc-4.5.0 --with-gmp=/opt/gnu/gcc/gcc-4.5.0 --enable-threads=posix --enable-debug=no --disable-nls --without-cloog --without-ppl --enable-languages=c --disable-bootstrap
More information about the Gcc-testresults
mailing list