Results for 4.5.0 20100216 (experimental) (GCC) testsuite on i686-pc-linux-gnu
GCC regression tester
regress@geoffk.org
Tue Feb 16 10:49:00 GMT 2010
This build run by an automatic regression tester.
See <http://glutton.geoffk.org/HEAD/> for more information.
Date: 2010-02-16T09:30:01Z
Revision: 156796
URL: svn://gcc.gnu.org/svn/gcc/trunk
Status: regress-28
Prev-Endtime: 2010-02-16T09:29:09Z
Native configuration is i686-pc-linux-gnu
=== g++ tests ===
Running target unix
FAIL: g++.dg/conversion/op5.C (internal compiler error)
FAIL: g++.dg/conversion/op5.C (test for excess errors)
FAIL: g++.dg/cpp0x/explicit1.C (internal compiler error)
FAIL: g++.dg/cpp0x/explicit1.C (test for excess errors)
FAIL: g++.dg/cpp0x/variadic2.C (internal compiler error)
FAIL: g++.dg/cpp0x/variadic2.C (test for excess errors)
FAIL: g++.dg/expr/bound-mem-fun.C (internal compiler error)
FAIL: g++.dg/expr/bound-mem-fun.C (test for excess errors)
FAIL: g++.dg/template/copy1.C (internal compiler error)
FAIL: g++.dg/template/copy1.C (test for excess errors)
FAIL: g++.dg/template/crash53.C (internal compiler error)
FAIL: g++.dg/template/crash53.C (test for excess errors)
FAIL: g++.dg/template/error39.C (internal compiler error)
FAIL: g++.dg/template/error39.C (test for excess errors)
FAIL: g++.dg/template/error40.C (internal compiler error)
FAIL: g++.dg/template/error40.C (test for excess errors)
FAIL: g++.dg/template/ptrmem7.C (internal compiler error)
FAIL: g++.dg/template/ptrmem7.C (test for excess errors)
FAIL: g++.old-deja/g++.bugs/900514_03.C (internal compiler error)
FAIL: g++.old-deja/g++.bugs/900514_03.C (test for excess errors)
FAIL: g++.old-deja/g++.jason/overload28.C (internal compiler error)
FAIL: g++.old-deja/g++.jason/overload28.C (test for excess errors)
FAIL: g++.old-deja/g++.mike/explicit2.C (internal compiler error)
FAIL: g++.old-deja/g++.mike/explicit2.C (test for excess errors)
FAIL: g++.old-deja/g++.mike/p4677.C (internal compiler error)
FAIL: g++.old-deja/g++.mike/p4677.C (test for excess errors)
FAIL: g++.old-deja/g++.mike/p807a.C (internal compiler error)
FAIL: g++.old-deja/g++.mike/p807a.C (test for excess errors)
FAIL: g++.old-deja/g++.mike/p8175.C (internal compiler error)
FAIL: g++.old-deja/g++.mike/p8175.C (test for excess errors)
=== g++ Summary ===
# of expected passes 21889
# of unexpected failures 30
# of expected failures 146
# of unsupported tests 116
/home/regress/tbox/native/build/gcc/testsuite/g++/../../g++ version 4.5.0 20100216 (experimental) (GCC)
=== gcc tests ===
Running target unix
FAIL: gcc.dg/pr34668-1.c (internal compiler error)
FAIL: gcc.dg/pr34668-1.c (test for excess errors)
XPASS: gcc.dg/guality/example.c -O0 execution test
XPASS: gcc.dg/guality/example.c -O1 execution test
XPASS: gcc.dg/guality/example.c -O2 execution test
XPASS: gcc.dg/guality/example.c -Os execution test
XPASS: gcc.dg/guality/guality.c -O0 execution test
XPASS: gcc.dg/guality/guality.c -O1 execution test
XPASS: gcc.dg/guality/guality.c -O2 execution test
XPASS: gcc.dg/guality/guality.c -O3 -g execution test
XPASS: gcc.dg/guality/guality.c -Os execution test
XPASS: gcc.dg/guality/pr41353-1.c -O0 line 28 j == 28 + 37
XPASS: gcc.dg/guality/pr41447-1.c -O0 execution test
XPASS: gcc.dg/guality/pr41616-1.c -O0 execution test
=== gcc Summary ===
# of expected passes 60210
# of unexpected failures 2
# of unexpected successes 12
# of expected failures 194
# of unsupported tests 1068
/home/regress/tbox/native/build/gcc/xgcc version 4.5.0 20100216 (experimental) (GCC)
=== gfortran tests ===
Running target unix
=== gfortran Summary ===
# of expected passes 33491
# of expected failures 21
# of unsupported tests 129
/home/regress/tbox/native/build/gcc/testsuite/gfortran/../../gfortran version 4.5.0 20100216 (experimental) (GCC)
=== objc tests ===
Running target unix
=== objc Summary ===
# of expected passes 1875
# of expected failures 7
# of unsupported tests 24
/home/regress/tbox/native/build/gcc/xgcc version 4.5.0 20100216 (experimental) (GCC)
=== libffi tests ===
Running target unix
=== libffi Summary ===
# of expected passes 1624
# of expected failures 10
# of unsupported tests 15
=== libgomp tests ===
Running target unix
=== libgomp Summary ===
# of expected passes 2458
=== libjava tests ===
Running target unix
=== libjava Summary ===
# of expected passes 2574
=== libmudflap tests ===
Running target unix
FAIL: libmudflap.c/fail31-frag.c (-O3) output pattern test
FAIL: libmudflap.c/pass45-frag.c (-O3) execution test
FAIL: libmudflap.c/pass45-frag.c (-O3) output pattern test
FAIL: libmudflap.c/pass45-frag.c (-O3) execution test
FAIL: libmudflap.c/pass45-frag.c (-O3) output pattern test
FAIL: libmudflap.c++/pass41-frag.cxx execution test
FAIL: libmudflap.c++/pass41-frag.cxx (-static) execution test
FAIL: libmudflap.c++/pass41-frag.cxx ( -O) execution test
FAIL: libmudflap.c++/pass41-frag.cxx (-O2) execution test
FAIL: libmudflap.c++/pass41-frag.cxx (-O3) execution test
=== libmudflap Summary ===
# of expected passes 1884
# of unexpected failures 10
=== libstdc++ tests ===
Running target unix
FAIL: 20_util/duration/cons/dr974.cc (test for excess errors)
FAIL: 23_containers/list/23781.cc (test for excess errors)
FAIL: 23_containers/map/23781.cc (test for excess errors)
FAIL: 23_containers/multimap/23781.cc (test for excess errors)
FAIL: 23_containers/multiset/23781.cc (test for excess errors)
FAIL: 23_containers/set/23781.cc (test for excess errors)
FAIL: ext/pb_ds/example/hash_find_neg.cc (test for excess errors)
FAIL: ext/slist/23781.cc (test for excess errors)
FAIL: tr1/6_containers/unordered_map/requirements/iterator_neg.cc (test for excess errors)
FAIL: tr1/6_containers/unordered_map/requirements/iterator_null_neg.cc (test for excess errors)
FAIL: tr1/6_containers/unordered_multimap/requirements/iterator_neg.cc (test for excess errors)
FAIL: tr1/6_containers/unordered_multimap/requirements/iterator_null_neg.cc (test for excess errors)
FAIL: tr1/6_containers/unordered_multiset/requirements/iterator_null_neg.cc (test for excess errors)
FAIL: tr1/6_containers/unordered_set/requirements/iterator_null_neg.cc (test for excess errors)
=== libstdc++ Summary ===
# of expected passes 7185
# of unexpected failures 14
# of expected failures 94
# of unsupported tests 87
Compiler version: 4.5.0 20100216 (experimental) (GCC)
Platform: i686-pc-linux-gnu
configure flags: --prefix=/home/regress/tbox/objs --target=i686-pc-linux-gnu
More information about the Gcc-testresults
mailing list