Results for 4.5.0 20100205 (experimental) [trunk revision 156513] (GCC) testsuite on i686-pc-cygwin
Christian Joensson
christian.joensson@gmail.com
Sat Feb 6 06:37:00 GMT 2010
Windows XP Pro/SP3 cygwin Intel Core2 Duo T9600@2.80GHz system with packages:
binutils 2.19.51-1 2.19.51.20090704
bison 2.4.1-1 2.4.1
cloog-ppl 0.15.7-1
cygwin 1.7.1-1
dejagnu 20021217-2 1.4.2.x
expect 20030128-1 5.26
gcc4-ada 4.3.4-3
gcc4-core 4.3.4-3
gcc4-g++ 4.3.4-3
gmp 4.3.1-3
libcloog-devel 0.15.7-1
libgmp-devel 4.3.1-3
libmpc-devel 0.8-1
libmpfr-devel 2.4.1-4
libppl 0.10.2-1
make 3.81-2
mpclib 0.8-1
mpfr 2.4.1-4
ppl 0.10.2-1
ppl-devel 0.10.2-1
tcltk 20080420-1 8.4
w32api 3.14-1
LAST_UPDATED: Fri Feb 5 07:38:38 UTC 2010 (revision 156513)
=== acats tests ===
FAIL: a83a02b
FAIL: a85013b
FAIL: a87b59a
FAIL: a95001c
FAIL: a95074d
FAIL: a97106a
FAIL: a99006a
FAIL: aa2010a
FAIL: ac3207a
FAIL: ad7201a
FAIL: ad7203b
FAIL: ad7205b
FAIL: ada101a
FAIL: c250002
FAIL: c34007j
FAIL: c34008a
FAIL: c35102a
FAIL: c37402a
FAIL: c37403a
FAIL: c380003
FAIL: c380004
FAIL: c38102d
FAIL: c38202a
FAIL: c390002
FAIL: c39008a
FAIL: c39008b
FAIL: c39008c
FAIL: c392002
FAIL: c392003
FAIL: c392013
FAIL: c393008
FAIL: c393009
FAIL: c3a0003
FAIL: c3a0004
FAIL: c3a0010
FAIL: c3a1001
FAIL: c3a1002
FAIL: c410001
FAIL: c41306a
FAIL: c41306b
FAIL: c41306c
FAIL: c41307d
FAIL: c41401a
FAIL: c43204g
FAIL: c45282b
FAIL: c45291a
FAIL: c46051a
FAIL: c51004a
FAIL: c59002c
FAIL: c64201b
FAIL: c64201c
FAIL: c650001
FAIL: c74004a
FAIL: c74401k
FAIL: c74406a
FAIL: c760013
FAIL: c761001
FAIL: c761006
FAIL: c761007
FAIL: c83023a
FAIL: c85004b
FAIL: c85005a
FAIL: c85005b
FAIL: c85005c
FAIL: c85005d
FAIL: c85005e
FAIL: c85006a
FAIL: c85006b
FAIL: c85006c
FAIL: c85006d
FAIL: c85006e
FAIL: c85014a
FAIL: c85014b
FAIL: c85014c
FAIL: c85018a
FAIL: c85018b
FAIL: c87b26b
FAIL: c87b41a
FAIL: c87b45c
FAIL: c87b54a
FAIL: c87b62d
FAIL: c910001
FAIL: c910002
FAIL: c910003
FAIL: c91004b
FAIL: c91004c
FAIL: c91006a
FAIL: c91007a
FAIL: c92002a
FAIL: c92003a
FAIL: c92005a
FAIL: c92005b
FAIL: c92006a
FAIL: c930001
FAIL: c93001a
FAIL: c93002a
FAIL: c93003a
FAIL: c93004a
FAIL: c93004b
FAIL: c93004c
FAIL: c93004d
FAIL: c93004f
FAIL: c93005a
FAIL: c93005b
FAIL: c93005c
FAIL: c93005d
FAIL: c93005e
FAIL: c93005f
FAIL: c93005g
FAIL: c93005h
FAIL: c93006a
FAIL: c93007a
FAIL: c93008a
FAIL: c93008b
FAIL: c940001
FAIL: c940002
FAIL: c940004
FAIL: c940005
FAIL: c940006
FAIL: c940007
FAIL: c940010
FAIL: c940011
FAIL: c940012
FAIL: c940013
FAIL: c940014
FAIL: c940015
FAIL: c940016
FAIL: c94001a
FAIL: c94001b
FAIL: c94001c
FAIL: c94001e
FAIL: c94001f
FAIL: c94001g
FAIL: c94002a
FAIL: c94002b
FAIL: c94002d
FAIL: c94002e
FAIL: c94002f
FAIL: c94002g
FAIL: c94004a
FAIL: c94004b
FAIL: c94004c
FAIL: c94005a
FAIL: c94005b
FAIL: c94006a
FAIL: c94007a
FAIL: c94007b
FAIL: c94008a
FAIL: c94008b
FAIL: c94008c
FAIL: c94008d
FAIL: c94010a
FAIL: c94011a
FAIL: c94020a
FAIL: c940a03
FAIL: c95008a
FAIL: c95009a
FAIL: c95010a
FAIL: c95011a
FAIL: c95012a
FAIL: c95021a
FAIL: c95022a
FAIL: c95022b
FAIL: c95033a
FAIL: c95033b
FAIL: c95034a
FAIL: c95034b
FAIL: c95035a
FAIL: c95040a
FAIL: c95040b
FAIL: c95040c
FAIL: c95040d
FAIL: c95041a
FAIL: c95065a
FAIL: c95065b
FAIL: c95065c
FAIL: c95065d
FAIL: c95065e
FAIL: c95065f
FAIL: c95066a
FAIL: c95067a
FAIL: c95071a
FAIL: c95072a
FAIL: c95072b
FAIL: c95073a
FAIL: c95074c
FAIL: c95076a
FAIL: c95078a
FAIL: c95080b
FAIL: c95082g
FAIL: c95085a
FAIL: c95085b
FAIL: c95085c
FAIL: c95085d
FAIL: c95085e
FAIL: c95085f
FAIL: c95085g
FAIL: c95085h
FAIL: c95085i
FAIL: c95085j
FAIL: c95085k
FAIL: c95085l
FAIL: c95085m
FAIL: c95085n
FAIL: c95085o
FAIL: c95086a
FAIL: c95086b
FAIL: c95086c
FAIL: c95086d
FAIL: c95086e
FAIL: c95086f
FAIL: c95087a
FAIL: c95087b
FAIL: c95087c
FAIL: c95087d
FAIL: c95088a
FAIL: c95089a
FAIL: c95090a
FAIL: c95092a
FAIL: c95093a
FAIL: c95095a
FAIL: c95095b
FAIL: c95095c
FAIL: c95095d
FAIL: c95095e
FAIL: c951001
FAIL: c951002
FAIL: c953001
FAIL: c953002
FAIL: c953003
FAIL: c954001
FAIL: c954010
FAIL: c954011
FAIL: c954012
FAIL: c954013
FAIL: c954014
FAIL: c954015
FAIL: c954016
FAIL: c954017
FAIL: c954018
FAIL: c954019
FAIL: c954020
FAIL: c954021
FAIL: c954022
FAIL: c954023
FAIL: c954024
FAIL: c954025
FAIL: c954026
FAIL: c954a01
FAIL: c954a02
FAIL: c954a03
FAIL: c960001
FAIL: c960002
FAIL: c960004
FAIL: c97112a
FAIL: c97113a
FAIL: c97114a
FAIL: c97115a
FAIL: c97116a
FAIL: c97117a
FAIL: c97117b
FAIL: c97117c
FAIL: c97118a
FAIL: c97120a
FAIL: c97120b
FAIL: c97201a
FAIL: c97201b
FAIL: c97201c
FAIL: c97201d
FAIL: c97201e
FAIL: c97201g
FAIL: c97201h
FAIL: c97201x
FAIL: c97202a
FAIL: c97203a
FAIL: c97203b
FAIL: c97203c
FAIL: c97204a
FAIL: c97204b
FAIL: c97205a
FAIL: c97205b
FAIL: c97301a
FAIL: c97301b
FAIL: c97301c
FAIL: c97301d
FAIL: c97301e
FAIL: c97302a
FAIL: c97303a
FAIL: c97303b
FAIL: c97303c
FAIL: c97304a
FAIL: c97304b
FAIL: c97305a
FAIL: c97305b
FAIL: c97305c
FAIL: c97305d
FAIL: c97307a
FAIL: c974001
FAIL: c974002
FAIL: c974003
FAIL: c974004
FAIL: c974005
FAIL: c974006
FAIL: c974007
FAIL: c974008
FAIL: c974009
FAIL: c974010
FAIL: c974011
FAIL: c974012
FAIL: c974013
FAIL: c974014
FAIL: c980001
FAIL: c980002
FAIL: c980003
FAIL: c99004a
FAIL: c99005a
FAIL: c9a003a
FAIL: c9a004a
FAIL: c9a007a
FAIL: c9a009a
FAIL: c9a009c
FAIL: c9a009f
FAIL: c9a009g
FAIL: c9a009h
FAIL: c9a010a
FAIL: c9a011a
FAIL: c9a011b
FAIL: ca13001
FAIL: ca5004a
FAIL: cb1010a
FAIL: cb1010c
FAIL: cb1010d
FAIL: cb20001
FAIL: cb20004
FAIL: cb20005
FAIL: cb20006
FAIL: cb20007
FAIL: cb40005
FAIL: cb4013a
FAIL: cb41002
FAIL: cb5001a
FAIL: cb5001b
FAIL: cb5002a
FAIL: cc1104c
FAIL: cc1207b
FAIL: cc1225a
FAIL: cc1310a
FAIL: cc3019c
FAIL: cc3106b
FAIL: cc3120b
FAIL: cc3207b
FAIL: cc3225a
FAIL: cc3601c
FAIL: cc3602a
FAIL: cd10002
FAIL: cd1009k
FAIL: cd1009t
FAIL: cd1009u
FAIL: cd1c03e
FAIL: cd1c06a
FAIL: cd2a91c
FAIL: cd2c11a
FAIL: cd2c11d
FAIL: cd5003e
FAIL: cd72a02
FAIL: cdd2a01
FAIL: cdd2a03
FAIL: cxg2002
FAIL: cxg2003
FAIL: cxg2004
FAIL: cxg2006
FAIL: cxg2007
FAIL: cxg2010
FAIL: cxg2011
FAIL: cxg2012
FAIL: cxg2013
FAIL: cxg2014
FAIL: cxg2015
FAIL: cxg2016
FAIL: cxg2017
FAIL: cxg2018
FAIL: cxg2019
FAIL: cxg2020
FAIL: cxg2021
FAIL: cxh1001
FAIL: cxh3001
FAIL: cxh3002
FAIL: cxh3003
FAIL: la14010
FAIL: la14027
=== acats Summary ===
# of expected passes 1931
# of unexpected failures 390
Native configuration is i686-pc-cygwin
=== g++ tests ===
Running target unix
FAIL: g++.dg/abi/local1.C execution test
FAIL: g++.dg/abi/thunk5.C scan-assembler weak.*ZTv
FAIL: g++.dg/eh/weak1.C execution test
FAIL: g++.dg/ext/dllimport7.C C++ specific error (test for errors, line 24)
FAIL: g++.dg/ext/label13.C (test for excess errors)
WARNING: g++.dg/ext/label13.C compilation failed to produce executable
FAIL: g++.dg/ext/selectany1.C scan-assembler-dem \\nguard variable for x:
FAIL: g++.dg/init/cleanup3.C scan-assembler-not _tcf
FAIL: g++.dg/tree-prof/partition1.C execution, -g -fprofile-use
FAIL: g++.dg/tree-prof/partition1.C execution, -O0 -fprofile-use
FAIL: g++.dg/tree-prof/partition1.C execution, -O1 -fprofile-use
FAIL: g++.dg/tree-prof/partition1.C execution, -O2 -fprofile-use
FAIL: g++.dg/tree-prof/partition1.C execution, -O3 -fprofile-use
FAIL: g++.dg/tree-prof/partition1.C execution, -O3 -g -fprofile-use
FAIL: g++.dg/tree-prof/partition1.C execution, -Os -fprofile-use
FAIL: g++.old-deja/g++.eh/badalloc1.C execution test
XPASS: g++.old-deja/g++.ext/attrib5.C execution test
FAIL: g++.old-deja/g++.other/init5.C execution test
=== g++ Summary ===
# of expected passes 22829
# of unexpected failures 16
# of unexpected successes 1
# of expected failures 147
# of unsupported tests 281
/usr/local/src/trunk/objdir/gcc/testsuite/g++/../../g++ version 4.5.0
20100205 (experimental) [trunk revision 156513] (GCC)
=== gcc tests ===
Running target unix
FAIL: gcc.dg/alias-7.c execution test
FAIL: gcc.dg/pr34668-1.c (internal compiler error)
FAIL: gcc.dg/pr34668-1.c (test for excess errors)
FAIL: gcc.dg/graphite/run-id-1.c execution test
FAIL: largefile.c (test for excess errors)
FAIL: gcc.dg/pch/largefile.c -O0 -g assembly comparison
FAIL: largefile.c (test for excess errors)
FAIL: gcc.dg/pch/largefile.c -O0 assembly comparison
FAIL: largefile.c (test for excess errors)
FAIL: gcc.dg/pch/largefile.c -O1 assembly comparison
FAIL: largefile.c (test for excess errors)
FAIL: gcc.dg/pch/largefile.c -O2 assembly comparison
FAIL: largefile.c (test for excess errors)
FAIL: gcc.dg/pch/largefile.c -O3 -fomit-frame-pointer assembly comparison
FAIL: largefile.c (test for excess errors)
FAIL: gcc.dg/pch/largefile.c -O3 -g assembly comparison
FAIL: largefile.c (test for excess errors)
FAIL: gcc.dg/pch/largefile.c -Os assembly comparison
FAIL: gcc.dg/torture/pr42898.c scan-tree-dump-times optimized "\\*ptr" 1
FAIL: gcc.dg/torture/pr42898.c scan-tree-dump-times optimized "\\*ptr" 1
FAIL: gcc.dg/torture/pr42898.c scan-tree-dump-times optimized "\\*ptr" 1
FAIL: gcc.dg/torture/pr42898.c scan-tree-dump-times optimized "\\*ptr" 1
FAIL: gcc.dg/torture/pr42898.c scan-tree-dump-times optimized "\\*ptr" 1
FAIL: gcc.dg/tree-ssa/pr27781.c scan-tree-dump optimized "func \\(\\);"
FAIL: gcc.dg/tree-ssa/pr36881.c scan-assembler-not CSWTCH
FAIL: gcc.dg/tree-ssa/pr36881.c scan-tree-dump switchconv "need
runtime relocations"
FAIL: gcc.dg/tree-ssa/ssa-store-ccp-2.c scan-tree-dump-times optimized
"conststaticvariable" 1
FAIL: gcc.dg/tree-ssa/ssa-store-ccp-4.c scan-tree-dump-times optimized
"conststaticvariable" 1
FAIL: gcc.target/i386/pr25993.c (test for excess errors)
FAIL: gcc.target/i386/pr32000-2.c (test for excess errors)
WARNING: gcc.target/i386/pr32000-2.c compilation failed to produce executable
FAIL: gcc.target/i386/pr37843-4.c scan-assembler jmp[\\\\t ]*foo
FAIL: gcc.target/i386/pr40906-1.c (test for excess errors)
FAIL: gcc.target/i386/pr40906-2.c (test for excess errors)
XPASS: gcc.target/i386/push-1.c scan-assembler-not movups
FAIL: gcc.target/i386/stackalign/return-3.c (test for excess errors)
FAIL: gcc.target/i386/stackalign/return-3.c (test for excess errors)
FAIL: gcc.target/i386/stackalign/return-3.c (test for excess errors)
FAIL: gcc.target/i386/stackalign/return-3.c (test for excess errors)
=== gcc Summary ===
# of expected passes 64368
# of unexpected failures 37
# of unexpected successes 1
# of expected failures 173
# of unsupported tests 723
/usr/local/src/trunk/objdir/gcc/xgcc version 4.5.0 20100205
(experimental) [trunk revision 156513] (GCC)
=== gfortran tests ===
Running target unix
FAIL: gfortran.dg/atan2_1.f90 execution test
=== gfortran Summary ===
# of expected passes 33065
# of unexpected failures 1
# of expected failures 36
# of unsupported tests 321
/usr/local/src/trunk/objdir/gcc/testsuite/gfortran/../../gfortran
version 4.5.0 20100205 (experimental) [trunk revision 156513] (GCC)
=== gnat tests ===
Running target unix
FAIL: gnat.dg/abstract_with_anonymous_result.adb (test for excess errors)
WARNING: gnat.dg/abstract_with_anonymous_result.adb compilation failed
to produce executable
FAIL: gnat.dg/access1.adb (test for excess errors)
FAIL: gnat.dg/access_discr.adb (test for excess errors)
FAIL: gnat.dg/access_discr2.adb (test for excess errors)
WARNING: gnat.dg/access_discr2.adb compilation failed to produce executable
FAIL: gnat.dg/access_test.adb (test for excess errors)
WARNING: gnat.dg/access_test.adb compilation failed to produce executable
FAIL: gnat.dg/aggr2.adb (test for excess errors)
FAIL: gnat.dg/aggr3.adb (test for excess errors)
WARNING: gnat.dg/aggr3.adb compilation failed to produce executable
FAIL: gnat.dg/aggr7.adb (test for excess errors)
FAIL: gnat.dg/align_max.adb (test for excess errors)
WARNING: gnat.dg/align_max.adb compilation failed to produce executable
FAIL: gnat.dg/array3.adb (test for excess errors)
WARNING: gnat.dg/array3.adb compilation failed to produce executable
FAIL: gnat.dg/bip_aggregate_bug.adb (test for excess errors)
WARNING: gnat.dg/bip_aggregate_bug.adb compilation failed to produce executable
FAIL: gnat.dg/check_displace_generation.adb (test for excess errors)
WARNING: gnat.dg/check_displace_generation.adb compilation failed to
produce executable
FAIL: gnat.dg/class_wide.adb (test for excess errors)
FAIL: gnat.dg/curr_task.adb (test for excess errors)
WARNING: gnat.dg/curr_task.adb compilation failed to produce executable
FAIL: gnat.dg/discr13.adb (test for excess errors)
FAIL: gnat.dg/discr17.adb (test for excess errors)
FAIL: gnat.dg/discr19.adb (test for excess errors)
FAIL: gnat.dg/discr4.adb (test for excess errors)
WARNING: gnat.dg/discr4.adb compilation failed to produce executable
FAIL: gnat.dg/discr_range_check.adb (test for excess errors)
FAIL: gnat.dg/discr_test.adb (test for excess errors)
FAIL: gnat.dg/entry_queues.adb (test for excess errors)
WARNING: gnat.dg/entry_queues.adb compilation failed to produce executable
FAIL: gnat.dg/finalized.adb (test for excess errors)
FAIL: gnat.dg/inline_tagged.adb (test for excess errors)
WARNING: gnat.dg/inline_tagged.adb compilation failed to produce executable
FAIL: gnat.dg/interface1.adb (test for excess errors)
WARNING: gnat.dg/interface1.adb compilation failed to produce executable
FAIL: gnat.dg/interface2.adb (test for excess errors)
WARNING: gnat.dg/interface2.adb compilation failed to produce executable
FAIL: gnat.dg/interface3.adb (test for excess errors)
WARNING: gnat.dg/interface3.adb compilation failed to produce executable
FAIL: gnat.dg/interface_conv.adb (test for excess errors)
WARNING: gnat.dg/interface_conv.adb compilation failed to produce executable
FAIL: gnat.dg/iprot_test.adb (test for excess errors)
WARNING: gnat.dg/iprot_test.adb compilation failed to produce executable
FAIL: gnat.dg/late_overriding.adb (test for excess errors)
FAIL: gnat.dg/lhs_view_convert.adb (test for excess errors)
WARNING: gnat.dg/lhs_view_convert.adb compilation failed to produce executable
FAIL: gnat.dg/named_test.adb (test for excess errors)
WARNING: gnat.dg/named_test.adb compilation failed to produce executable
FAIL: gnat.dg/nested_controlled_alloc.adb (test for excess errors)
WARNING: gnat.dg/nested_controlled_alloc.adb compilation failed to
produce executable
FAIL: gnat.dg/nested_proc1.adb (test for excess errors)
WARNING: gnat.dg/nested_proc1.adb compilation failed to produce executable
FAIL: gnat.dg/no_final.adb (test for excess errors)
WARNING: gnat.dg/no_final.adb compilation failed to produce executable
FAIL: gnat.dg/null_pointer_deref1.adb execution test
FAIL: gnat.dg/null_pointer_deref2.adb (test for excess errors)
WARNING: gnat.dg/null_pointer_deref2.adb compilation failed to produce
executable
FAIL: gnat.dg/prot1.adb (test for excess errors)
FAIL: gnat.dg/prot_def.adb execution test
FAIL: gnat.dg/protected_self_ref1.adb execution test
FAIL: gnat.dg/requeue1.adb (test for excess errors)
WARNING: gnat.dg/requeue1.adb compilation failed to produce executable
FAIL: gnat.dg/self1.adb (test for excess errors)
FAIL: gnat.dg/socket1.adb (test for excess errors)
WARNING: gnat.dg/socket1.adb compilation failed to produce executable
FAIL: gnat.dg/stack_check1.adb (test for excess errors)
WARNING: gnat.dg/stack_check1.adb compilation failed to produce executable
FAIL: gnat.dg/stack_check2.adb (test for excess errors)
WARNING: gnat.dg/stack_check2.adb compilation failed to produce executable
FAIL: gnat.dg/tag1.adb (test for excess errors)
WARNING: gnat.dg/tag1.adb compilation failed to produce executable
FAIL: gnat.dg/tagged_alloc_free.adb (test for excess errors)
WARNING: gnat.dg/tagged_alloc_free.adb compilation failed to produce executable
FAIL: gnat.dg/task_stack_align.adb (test for excess errors)
WARNING: gnat.dg/task_stack_align.adb compilation failed to produce executable
FAIL: gnat.dg/test_delay.adb execution test
FAIL: gnat.dg/test_iface_aggr.adb (test for excess errors)
WARNING: gnat.dg/test_iface_aggr.adb compilation failed to produce executable
FAIL: gnat.dg/test_image.adb execution test
FAIL: gnat.dg/test_prio.adb (test for excess errors)
WARNING: gnat.dg/test_prio.adb compilation failed to produce executable
FAIL: gnat.dg/test_raise_from_pure.adb execution test
FAIL: gnat.dg/timer_cancel.adb (test for excess errors)
WARNING: gnat.dg/timer_cancel.adb compilation failed to produce executable
FAIL: gnat.dg/timing_events.adb (test for excess errors)
WARNING: gnat.dg/timing_events.adb compilation failed to produce executable
FAIL: gnat.dg/trampoline2.adb (test for excess errors)
WARNING: gnat.dg/trampoline2.adb compilation failed to produce executable
=== gnat Summary ===
# of expected passes 662
# of unexpected failures 55
# of expected failures 7
=== obj-c++ tests ===
Running target unix
WARNING: obj-c++.dg/lookup-2.mm compilation failed to produce executable
WARNING: obj-c++.dg/try-catch-2.mm compilation failed to produce executable
WARNING: obj-c++.dg/try-catch-9.mm compilation failed to produce executable
=== obj-c++ Summary ===
# of expected passes 438
# of expected failures 10
# of unsupported tests 13
/usr/local/src/trunk/objdir/gcc/testsuite/obj-c++/../../g++ version
4.5.0 20100205 (experimental) [trunk revision 156513] (GCC)
=== objc tests ===
Running target unix
=== objc Summary ===
# of expected passes 1967
# of expected failures 7
# of unsupported tests 24
/usr/local/src/trunk/objdir/gcc/xgcc version 4.5.0 20100205
(experimental) [trunk revision 156513] (GCC)
=== libffi tests ===
Running target unix
FAIL: libffi.call/cls_align_pointer.c (test for excess errors)
=== libffi Summary ===
# of expected passes 1658
# of unexpected failures 1
# of expected failures 10
=== libgomp tests ===
Running target unix
FAIL: libgomp.c/lib-1.c execution test
FAIL: libgomp.fortran/lib1.f90 execution test
FAIL: libgomp.fortran/lib3.f execution test
FAIL: libgomp.fortran/lib3.f execution test
FAIL: libgomp.fortran/lib3.f execution test
=== libgomp Summary ===
# of expected passes 2449
# of unexpected failures 5
# of unsupported tests 2
=== libjava tests ===
Running target unix
WARNING: program timed out.
FAIL: Process_1 execution - source compiled test
WARNING: program timed out.
FAIL: Process_1 -findirect-dispatch execution - source compiled test
WARNING: program timed out.
FAIL: Process_1 -O3 execution - source compiled test
WARNING: program timed out.
FAIL: Process_1 -O3 -findirect-dispatch execution - source compiled test
WARNING: program timed out.
FAIL: Process_2 execution - source compiled test
WARNING: program timed out.
FAIL: Process_2 -findirect-dispatch execution - source compiled test
WARNING: program timed out.
FAIL: Process_2 -O3 execution - source compiled test
WARNING: program timed out.
FAIL: Process_2 -O3 -findirect-dispatch execution - source compiled test
WARNING: program timed out.
FAIL: Process_3 execution - source compiled test
WARNING: program timed out.
FAIL: Process_3 -findirect-dispatch execution - source compiled test
WARNING: program timed out.
FAIL: Process_3 -O3 execution - source compiled test
WARNING: program timed out.
FAIL: Process_3 -O3 -findirect-dispatch execution - source compiled test
WARNING: program timed out.
FAIL: Process_4 execution - source compiled test
WARNING: program timed out.
FAIL: Process_4 -findirect-dispatch execution - source compiled test
WARNING: program timed out.
FAIL: Process_4 -O3 execution - source compiled test
WARNING: program timed out.
FAIL: Process_4 -O3 -findirect-dispatch execution - source compiled test
WARNING: program timed out.
FAIL: Process_5 execution - source compiled test
WARNING: program timed out.
FAIL: Process_5 -O3 execution - source compiled test
WARNING: program timed out.
FAIL: Process_5 -O3 -findirect-dispatch execution - source compiled test
FAIL: Process_7 output - source compiled test
FAIL: Process_7 -findirect-dispatch output - source compiled test
FAIL: Process_7 -O3 output - source compiled test
FAIL: Process_7 -O3 -findirect-dispatch output - source compiled test
FAIL: Thread_Interrupt output - source compiled test
FAIL: Thread_Interrupt -O3 output - source compiled test
FAIL: Thread_Interrupt -O3 -findirect-dispatch output - source compiled test
FAIL: Thread_Wait_Interrupt -findirect-dispatch output - source compiled test
FAIL: Thread_Wait_Interrupt -O3 -findirect-dispatch output - source
compiled test
FAIL: Throw_2 execution - source compiled test
FAIL: Throw_2 -findirect-dispatch execution - source compiled test
FAIL: Throw_2 -O3 execution - source compiled test
FAIL: Throw_2 -O3 -findirect-dispatch execution - source compiled test
=== libjava Summary ===
# of expected passes 2519
# of unexpected failures 32
# of untested testcases 23
=== libstdc++ tests ===
Running target unix
FAIL: 22_locale/codecvt/encoding/wchar_t/1.cc execution test
FAIL: 22_locale/codecvt/encoding/wchar_t/1.cc execution test
FAIL: 22_locale/codecvt/encoding/wchar_t/1.cc execution test
FAIL: 22_locale/codecvt/max_length/wchar_t/1.cc execution test
FAIL: 22_locale/codecvt/max_length/wchar_t/1.cc execution test
FAIL: 22_locale/codecvt/max_length/wchar_t/1.cc execution test
FAIL: 22_locale/ctype/narrow/wchar_t/2.cc execution test
FAIL: 22_locale/ctype/narrow/wchar_t/2.cc execution test
FAIL: 22_locale/ctype/narrow/wchar_t/2.cc execution test
FAIL: 22_locale/ctype/scan/wchar_t/1.cc execution test
FAIL: 22_locale/ctype/scan/wchar_t/1.cc execution test
FAIL: 22_locale/ctype/scan/wchar_t/1.cc execution test
FAIL: 27_io/basic_filebuf/seekoff/wchar_t/3.cc execution test
FAIL: 27_io/basic_filebuf/seekoff/wchar_t/3.cc execution test
FAIL: 27_io/basic_filebuf/seekoff/wchar_t/3.cc execution test
FAIL: 27_io/basic_filebuf/seekpos/char/1-io.cc execution test
FAIL: 27_io/basic_filebuf/seekpos/char/1-io.cc execution test
FAIL: 27_io/basic_filebuf/seekpos/char/2-io.cc execution test
FAIL: 27_io/basic_filebuf/seekpos/char/2-io.cc execution test
FAIL: 27_io/basic_filebuf/seekpos/wchar_t/1.cc execution test
FAIL: 27_io/basic_filebuf/seekpos/wchar_t/1.cc execution test
FAIL: 27_io/basic_filebuf/seekpos/wchar_t/1.cc execution test
FAIL: 27_io/basic_istream/seekg/wchar_t/fstream.cc execution test
FAIL: 27_io/basic_istream/seekg/wchar_t/fstream.cc execution test
FAIL: 27_io/basic_istream/seekg/wchar_t/fstream.cc execution test
FAIL: 27_io/basic_istream/tellg/wchar_t/fstream.cc execution test
FAIL: 27_io/basic_istream/tellg/wchar_t/fstream.cc execution test
FAIL: 27_io/basic_istream/tellg/wchar_t/fstream.cc execution test
FAIL: 27_io/basic_ostream/inserters_arithmetic/wchar_t/4402.cc execution test
FAIL: 27_io/basic_ostream/inserters_arithmetic/wchar_t/4402.cc execution test
FAIL: 27_io/basic_ostream/inserters_arithmetic/wchar_t/4402.cc execution test
FAIL: ext/bitmap_allocator/variadic_construct.cc execution test
FAIL: ext/codecvt/wchar_t.cc execution test
FAIL: tr1/2_general_utilities/shared_ptr/thread/mutex_weaktoshared.cc
execution test
=== libstdc++ Summary ===
# of expected passes 14633
# of unexpected failures 34
# of expected failures 202
# of unsupported tests 1497
Compiler version: 4.5.0 20100205 (experimental) [trunk revision 156513] (GCC)
Platform: i686-pc-cygwin
configure flags: --prefix=/usr/local/gnu --enable-threads=posix
--enable-libgcj --enable-libgomp --disable-sjlj-exceptions
--with-system-zlib --enable-nls --enable-static --enable-shared
--enable-shared-libgcc --enable-__cxa_atexit --disable-libmudflap
--enable-version-specific-runtime-libs --without-included-gettext
--with-dwarf2 --disable-symvers --enable-libssp --with-mpc --with-ppl
--with-cloog --enable-languages=c,ada,c++,fortran,java,objc,obj-c++
BOOT_CFLAGS=-O2 -pipe
Counting all warnings,
there are 615 warnings in stage0 of this bootstrap.
Number of warnings per file:
57 gcc/ada/mlib-prj.adb
52 g-catiio.adb
48 gcc/config/soft-fp/fixunstfsi.c
48 gcc/config/soft-fp/fixtfsi.c
41 gcc/ada/make.adb
28 gcc/ada/gnatlink.adb
27 g-socket.adb
26 gcc/config/i386/i386.c
24 gcc/ada/prj-nmsc.adb
14 gcc/toplev.c
14 gcc/ada/prj-part.adb
13 s-fileio.adb
13 g-spipat.adb
12 gcc/ada/prj-conf.adb
11 g-comlin.adb
10 libgfortran/io/list_read.c
10 gcc/tree.c
10 gcc/gimplify.c
10 gcc/ada/sfn_scan.adb
9 gcc/ada/adaint.c
8 libtool
8 gcc/coverage.c
8 gcc/attribs.c
8 g-cgideb.adb
6 gcc/varasm.c
6 gcc/config/soft-fp/multf3.c
6 gcc/config/soft-fp/divtf3.c
6 gcc/config/i386/cygming-crtend.c
6 g-expect.adb
5 s-shasto.adb
5 libiberty/choose-temp.c
5 gcc/c-pragma.c
5 a-direct.adb
4 libjava/classpath/native/fdlibm/mprec.c
4 libjava/boehm.cc
4 gcc/tree-mudflap.c
4 gcc/stor-layout.c
4 gcc/config/i386/winnt.c
3 libgfortran/runtime/environ.c
3 libgfortran/io/write.c
3 gengtype-lex.c
3 gcc/ada/ali.adb
3 g-dirope.adb
2 libgfortran/io/read.c
2 gcc/stmt.c
2 ctype_members.cc
1 s-tassta.adb
1 s-tarest.adb
1 s-stusta.adb
1 libssp/ssp.c
1 libssp/ssp-local.c
1 libjava/posix.cc
1 libiberty/cp-demangle.c
1 libgfortran/io/format.c
1 libgfortran/intrinsics/system_clock.c
1 gcc/ada/targparm.adb
1 gcc/ada/prj-pars.adb
1 g-socket.ads
1 g-debpoo.adb
1 adaint.c
1 ./runtime-info.h
Number of warning types:
96 left shift count >= width of type
46 unknown conversion type character ‘E’ in format
45 too many arguments for format
36 ‘Saved_Stack’ may be used uninitialized in this function
19 array subscript has type ‘char’
15 ‘Sr’ may be used uninitialized in this function
12 ‘R_e’ may be used uninitialized in this function
11 ‘<anonymous>’ may be used uninitialized in this function
9 ‘SAVED_STACK’ may be used uninitialized in this function
9 the use of \`???' is dangerous; use \`???' instead
6 ‘SR’ may be used uninitialized in this function
5 ‘SOURCE’ may be used uninitialized in this function
5 ‘Last’ may be used uninitialized in this function
4 ‘Index’ may be used uninitialized in this function
4 undefined symbols not allowed in i686-pc-cygwin shared libraries
4 \`???' seems to be moved
3 ‘P’ may be used uninitialized in this function
3 ‘J’ may be used uninitialized in this function
3 ‘Dir’ may be used uninitialized in this function
3 unused parameter ‘thread’
3 no previous prototype for ‘__gnat_create_output_file_new’
3 initialization discards qualifiers from pointer target type
3 format ‘%s’ expects type ‘char *’, but argument 3 has type ‘tree’
3 destructor priorities from 0 to 100 are reserved for the implementation
3 constructor priorities from 0 to 100 are reserved for the implementation
2 ‘Unit’ may be used uninitialized in this function
2 ‘TARGET’ may be used uninitialized in this function
2 ‘S’ may be used uninitialized in this function
2 ‘System.Shared_Storage.Shared_Var_Wopen.B_3.Tts88bsp1’ may be
used uninitialized in this function
2 ‘Sfn_Scan.Scan_Sfn_Pragmas.B_8.Ttusp1’ may be used
uninitialized in this function
2 ‘RESULT’ may be used uninitialized in this function
2 ‘Proj1’ may be used uninitialized in this function
2 ‘Prj.Nmsc.Check_Package_Naming.Check_Common.B_45.Ttcasing_Imagesp1’
may be used uninitialized in this function
2 ‘Prj.Conf.Get_Or_Create_Configuration_File.Get_Config_Switches.B_15.Ttruntime_Namesp1’
may be used uninitialized in this function
2 ‘Mlib.Prj.Build_Library.Ttproject_Namesp1’ may be used
uninitialized in this function
2 ‘Mlib.Prj.Build_Library.Ttcurrent_Dirsp1’ may be used
uninitialized in this function
2 ‘Mlib.Prj.Build_Library.B_48.Ttcurrent_Dirsp1’ may be used
uninitialized in this function
2 ‘Mlib.Prj.Build_Library.B_35.Ttobject_Dir_Pathsp1’ may be used
uninitialized in this function
2 ‘Mlib.Prj.Build_Library.B_35.B_37.Ttobject_Pathsp1’ may be
used uninitialized in this function
2 ‘Mlib.Prj.Build_Library.B_35.B_37.B_38.Ttali_Pathsp1’ may be
used uninitialized in this function
2 ‘Mlib.Prj.Build_Library.B_35.B_37.B_38.Ttali_Filesp1’ may be
used uninitialized in this function
2 ‘Make.Gnatmake.B_73.Ttmain_Unit_File_Namesp1’ may be used
uninitialized in this function
2 ‘Gnatlink.Process_Binder_File.B_25.Ttrun_Path_Optsp1’ may be
used uninitialized in this function
2 ‘GNAT.SOCKETS.TO_SERVICE_ENTRY.TTPROTOCOLSP1’ may be used
uninitialized in this function
2 ‘GNAT.DIRECTORY_OPERATIONS.REMOVE_DIR.TTCURRENT_DIRSP1’ may be
used uninitialized in this function
2 ‘E’ may be used uninitialized in this function
2 ‘Delete’ may be used uninitialized in this function
2 visibility attribute not supported in this configuration; ignored
2 format ‘%d’ expects type ‘int’, but argument 4 has type ‘const char *’
2 comparison is always true due to limited range of data type
2 comparison between signed and unsigned integer expressions
1 ‘struct_forward_array’ defined but not used
1 ‘output.P_BOUNDS’ may be used uninitialized in this function
1 ‘output.P_ARRAY’ may be used uninitialized in this function
1 ‘int _Jv_GC_has_static_roots(const char*, void*, size_t)’
declared ‘static’ but never defined
1 ‘elem.value’ may be used uninitialized in this function
1 ‘elem.next’ may be used uninitialized in this function
1 ‘dc’ may be used uninitialized in this function
1 ‘binder_spec_src_file.P_BOUNDS’ may be used uninitialized in
this function
1 ‘binder_spec_src_file.P_ARRAY’ may be used uninitialized in
this function
1 ‘binder_ali_file.P_BOUNDS’ may be used uninitialized in this function
1 ‘binder_ali_file.P_ARRAY’ may be used uninitialized in this function
1 ‘Y’ may be used uninitialized in this function
1 ‘YEAR’ may be used uninitialized in this function
1 ‘WEEK’ may be used uninitialized in this function
1 ‘Value’ may be used uninitialized in this function
1 ‘Typ’ may be used uninitialized in this function
1 ‘Total_Compilation_Failures’ may be used uninitialized in this function
1 ‘The_Project’ may be used uninitialized in this function
1 ‘The_Parent_Last’ may be used uninitialized in this function
1 ‘The_Build_Mode’ may be used uninitialized in this function
1 ‘Tempfile’ may be used uninitialized in this function
1 ‘System.File_Io.Open.Ttfullnamesp1’ may be used uninitialized
in this function
1 ‘Switch’ may be used uninitialized in this function
1 ‘Stream’ may be used uninitialized in this function
1 ‘Standalone’ may be used uninitialized in this function
1 ‘Stand_Alone_Libraries’ may be used uninitialized in this function
1 ‘Stack_Op’ may be used uninitialized in this function
1 ‘Src_Dir_Rank’ may be used uninitialized in this function
1 ‘Source_Dir’ may be used uninitialized in this function
1 ‘Shared’ may be used uninitialized in this function
1 ‘Sfn_Scan.Scan_Sfn_Pragmas.B_10.L_11.T100b’ may be used
uninitialized in this function
1 ‘Sep_Suffix_Loc’ may be used uninitialized in this function
1 ‘SUB_SECOND’ may be used uninitialized in this function
1 ‘STOP’ may be used uninitialized in this function
1 ‘START’ may be used uninitialized in this function
1 ‘SEC’ may be used uninitialized in this function
1 ‘SECOND’ may be used uninitialized in this function
1 ‘S840b’ may be used uninitialized in this function
1 ‘S1982b’ may be used uninitialized in this function
1 ‘S1974b’ may be used uninitialized in this function
1 ‘S1738b’ may be used uninitialized in this function
1 ‘S1629b’ may be used uninitialized in this function
1 ‘S1622b’ may be used uninitialized in this function
1 ‘S154b’ may be used uninitialized in this function
1 ‘S1408b’ may be used uninitialized in this function
1 ‘S135B’ may be used uninitialized in this function
1 ‘Run_Path_Opt_Index’ may be used uninitialized in this function
1 ‘REFS’ may be used uninitialized in this function
1 ‘R931B’ may be used uninitialized in this function
1 ‘R921b’ may be used uninitialized in this function
1 ‘R907B’ may be used uninitialized in this function
1 ‘R906B’ may be used uninitialized in this function
1 ‘R885B’ may be used uninitialized in this function
1 ‘R867b’ may be used uninitialized in this function
1 ‘R863B’ may be used uninitialized in this function
1 ‘R853B’ may be used uninitialized in this function
1 ‘R841B’ may be used uninitialized in this function
1 ‘R824B’ may be used uninitialized in this function
1 ‘R819B’ may be used uninitialized in this function
1 ‘R797B’ may be used uninitialized in this function
1 ‘R775B’ may be used uninitialized in this function
1 ‘R754B’ may be used uninitialized in this function
1 ‘R719B’ may be used uninitialized in this function
1 ‘R697B’ may be used uninitialized in this function
1 ‘R674B’ may be used uninitialized in this function
1 ‘R651B’ may be used uninitialized in this function
1 ‘R636B’ may be used uninitialized in this function
1 ‘R628B’ may be used uninitialized in this function
1 ‘R605B’ may be used uninitialized in this function
1 ‘R601B’ may be used uninitialized in this function
1 ‘R599B’ may be used uninitialized in this function
1 ‘R574B’ may be used uninitialized in this function
1 ‘R547B’ may be used uninitialized in this function
1 ‘R521B’ may be used uninitialized in this function
1 ‘R486B’ may be used uninitialized in this function
1 ‘R464B’ may be used uninitialized in this function
1 ‘R440B’ may be used uninitialized in this function
1 ‘R396B’ may be used uninitialized in this function
1 ‘R374B’ may be used uninitialized in this function
1 ‘R353B’ may be used uninitialized in this function
1 ‘R327B’ may be used uninitialized in this function
1 ‘R286B’ may be used uninitialized in this function
1 ‘R264B’ may be used uninitialized in this function
1 ‘R242B’ may be used uninitialized in this function
1 ‘R220B’ may be used uninitialized in this function
1 ‘R216B’ may be used uninitialized in this function
1 ‘R198B’ may be used uninitialized in this function
1 ‘R182B’ may be used uninitialized in this function
1 ‘R176B’ may be used uninitialized in this function
1 ‘R154B’ may be used uninitialized in this function
1 ‘R147B’ may be used uninitialized in this function
1 ‘R132B’ may be used uninitialized in this function
1 ‘R115B’ may be used uninitialized in this function
1 ‘R110B’ may be used uninitialized in this function
1 ‘Qualifier_Location’ may be used uninitialized in this function
1 ‘Proj’ may be used uninitialized in this function
1 ‘Project’ may be used uninitialized in this function
1 ‘Project_Node_Tree’ may be used uninitialized in this function
1 ‘Project_Directory’ may be used uninitialized in this function
1 ‘Proj_Qualifier’ may be used uninitialized in this function
1 ‘Prj.Nmsc.Search_Directories.B_117.B_118.Tts1622bsp1’ may be
used uninitialized in this function
1 ‘Prj.Nmsc.Locate_Directory.Ttthe_Parentsp1’ may be used
uninitialized in this function
1 ‘Prj.Conf.Get_Or_Create_Configuration_File.Get_Config_Switches.B_15.Tts154bsp1’
may be used uninitialized in this function
1 ‘Prj.Conf.Get_Or_Create_Configuration_File.Do_Autoconf.B_18.T285b’
may be used uninitialized in this function
1 ‘Pos’ may be used uninitialized in this function
1 ‘Path’ may be used uninitialized in this function
1 ‘PARAM’ may be used uninitialized in this function
1 ‘PADDING’ may be used uninitialized in this function
1 ‘Object_Dir’ may be used uninitialized in this function
1 ‘Obj_Dir’ may be used uninitialized in this function
1 ‘OUTPUT’ is used uninitialized in this function
1 ‘Num_Args’ may be used uninitialized in this function
1 ‘Non_Std_Executable’ may be used uninitialized in this function
1 ‘Name’ may be used uninitialized in this function
1 ‘Namestr’ may be used uninitialized in this function
1 ‘Name_Of_Project’ may be used uninitialized in this function
1 ‘Name_From_Path’ may be used uninitialized in this function
1 ‘N_File’ may be used uninitialized in this function
1 ‘NODE’ may be used uninitialized in this function
1 ‘NANOS’ may be used uninitialized in this function
1 ‘Mlib.Prj.Build_Library.B_48.Tts937bsp1’ may be used
uninitialized in this function
1 ‘Mlib.Prj.Build_Library.B_48.Tts913bsp1’ may be used
uninitialized in this function
1 ‘Mlib.Prj.Build_Library.B_48.B_51.T974b’ may be used
uninitialized in this function
1 ‘Main_Source_File’ may be used uninitialized in this function
1 ‘Main_Ali_File’ may be used uninitialized in this function
1 ‘MONTH’ may be used uninitialized in this function
1 ‘MINUTE’ may be used uninitialized in this function
1 ‘Linker_Switches_Last’ may be used uninitialized in this function
1 ‘Linker_Package’ may be used uninitialized in this function
1 ‘Libraries_Present’ may be used uninitialized in this function
1 ‘Last_Arg’ may be used uninitialized in this function
1 ‘LENGTH’ may be used uninitialized in this function
1 ‘LAST’ may be used uninitialized in this function
1 ‘L935b’ may be used uninitialized in this function
1 ‘L911b’ may be used uninitialized in this function
1 ‘K’ may be used uninitialized in this function
1 ‘Is_Text_File’ may be used uninitialized in this function
1 ‘In_Main_Object_Directory’ may be used uninitialized in this function
1 ‘Imported_Projects’ may be used uninitialized in this function
1 ‘Iftmp’ may be used uninitialized in this function
1 ‘Id’ may be used uninitialized in this function
1 ‘Ide’ may be used uninitialized in this function
1 ‘Ident_Op’ may be used uninitialized in this function
1 ‘INPUT’ is used uninitialized in this function
1 ‘HOUR’ may be used uninitialized in this function
1 ‘HEADER’ may be used uninitialized in this function
1 ‘Gnatlink.Process_Binder_File.B_25.Tts454bsp1’ may be used
uninitialized in this function
1 ‘Gnatlink.B_29.L_30.T743b’ may be used uninitialized in this function
1 ‘Gnat_Static’ may be used uninitialized in this function
1 ‘Gnat_Shared’ may be used uninitialized in this function
1 ‘Gcc_Index’ may be used uninitialized in this function
1 ‘GNAT.SPITBOL.PATTERNS.XMATCHD.L_70.T2935B’ may be used
uninitialized in this function
1 ‘GNAT.SOCKETS.TO_SERVICE_ENTRY.TTALIASESSP1’ may be used
uninitialized in this function
1 ‘GNAT.SOCKETS.TO_HOST_ENTRY.TTALIASESSP1’ may be used
uninitialized in this function
1 ‘GNAT.SOCKETS.TO_HOST_ENTRY.TTADDRESSESSP1’ may be used
uninitialized in this function
1 ‘GNAT.CALENDAR.TIME_IO.IMAGE.B_3.T434B’ may be used
uninitialized in this function
1 ‘Fullname’ may be used uninitialized in this function
1 ‘Full_Name_Len’ may be used uninitialized in this function
1 ‘Formstr’ may be used uninitialized in this function
1 ‘Foreign_Sources’ may be used uninitialized in this function
1 ‘Foreign_Language’ may be used uninitialized in this function
1 ‘Fname’ may be used uninitialized in this function
1 ‘First_With’ may be used uninitialized in this function
1 ‘Filename’ may be used uninitialized in this function
1 ‘File_Name’ may be used uninitialized in this function
1 ‘FIRST’ may be used uninitialized in this function
1 ‘FIRST_ARG’ may be used uninitialized in this function
1 ‘Extends_All’ may be used uninitialized in this function
1 ‘Extending’ may be used uninitialized in this function
1 ‘Extended_Project’ may be used uninitialized in this function
1 ‘Executable’ may be used uninitialized in this function
1 ‘Errno’ may be used uninitialized in this function
1 ‘Encoding’ may be used uninitialized in this function
1 ‘ERROR’ is used uninitialized in this function
1 ‘Duplicated’ may be used uninitialized in this function
1 ‘Driver_Name’ may be used uninitialized in this function
1 ‘Dll_Name’ may be used uninitialized in this function
1 ‘Display_Name_Of_Project’ may be used uninitialized in this function
1 ‘Display_File_Name’ may be used uninitialized in this function
1 ‘Dir_Last’ may be used uninitialized in this function
1 ‘DOW’ may be used uninitialized in this function
1 ‘DAY’ may be used uninitialized in this function
1 ‘C’ may be used uninitialized in this function
1 ‘Current_Main_Index’ may be used uninitialized in this function
1 ‘Count’ may be used uninitialized in this function
1 ‘Cas’ may be used uninitialized in this function
1 ‘Casing_Defined’ may be used uninitialized in this function
1 ‘Canonical_Path_Name’ may be used uninitialized in this function
1 ‘C_Object_Path’ may be used uninitialized in this function
1 ‘C_Filename’ may be used uninitialized in this function
1 ‘C417b’ may be used uninitialized in this function
1 ‘B’ may be used uninitialized in this function
1 ‘Binder_Package’ may be used uninitialized in this function
1 ‘At_Least_One_Main’ may be used uninitialized in this function
1 ‘Args’ may be used uninitialized in this function
1 ‘Archive_Name’ may be used uninitialized in this function
1 ‘ASSIGN_ONM’ may be used uninitialized in this function
1 ‘ALI.XREF_SECTION.TABLE’ may be used uninitialized in this function
1 useless type name in empty declaration
1 unused parameter ‘addr’
1 format ‘%s’ expects type ‘char *’, but argument 5 has type ‘int’
1 format ‘%s’ expects type ‘char *’, but argument 2 has type ‘tree’
1 format ‘%qs’ expects type ‘char *’, but argument 3 has type ‘tree’
1 format ‘%qs’ expects type ‘char *’, but argument 2 has type ‘tree’
1 format ‘%d’ expects type ‘int’, but argument 3 has type ‘tree’
1 comparison between signed and unsigned
1 \`_REENT_MP_P5S' redefined
1 \`_REENT_MP_FREELIST' redefined
1 \`_REENT_CHECK_MP' redefined
1 \`TCK' redefined
More information about the Gcc-testresults
mailing list