Results for 4.5.0 20100201 (experimental) [trunk revision r156423] (GCC) on x86_64-unknown-freebsd7.2
gcc@coreland.ath.cx
gcc@coreland.ath.cx
Mon Feb 1 14:45:00 GMT 2010
Last Updated: 2010-02-01 09:47:19 +0000 (revision r156423)
Native configuration is x86_64-unknown-freebsd7.2
=== libstdc++ Summary ===
FAIL: 26_numerics/headers/cmath/c99_classification_macros_c.cc (test for excess errors)
FAIL: 27_io/basic_istream/extractors_arithmetic/char/12.cc execution test
FAIL: 27_io/basic_istream/extractors_arithmetic/wchar_t/12.cc execution test
# of expected passes 6554
# of unexpected failures 3
# of expected failures 93
# of unsupported tests 398
=== libgomp Summary ===
FAIL: libgomp.c/atomic-2.c (test for excess errors)
WARNING: libgomp.c/atomic-2.c compilation failed to produce executable
FAIL: libgomp.c/atomic-5.c (test for excess errors)
WARNING: libgomp.c/atomic-5.c compilation failed to produce executable
FAIL: libgomp.fortran/condinc2.f -O (test for excess errors)
WARNING: libgomp.fortran/condinc2.f -O compilation failed to produce executable
FAIL: libgomp.fortran/condinc4.f90 -O (test for excess errors)
WARNING: libgomp.fortran/condinc4.f90 -O compilation failed to produce executable
FAIL: libgomp.fortran/omp_cond2.f -O (test for excess errors)
WARNING: libgomp.fortran/omp_cond2.f -O compilation failed to produce executable
FAIL: libgomp.fortran/omp_cond4.F90 -O (test for excess errors)
WARNING: libgomp.fortran/omp_cond4.F90 -O compilation failed to produce executable
# of expected passes 2442
# of unexpected failures 6
# of unsupported tests 2
=== libmudflap Summary ===
FAIL: libmudflap.c/fail31-frag.c (-O3) output pattern test
FAIL: libmudflap.c/pass45-frag.c (-O3) execution test
FAIL: libmudflap.c/pass45-frag.c (-O3) output pattern test
FAIL: libmudflap.c/pass45-frag.c (-O3) execution test
FAIL: libmudflap.c/pass45-frag.c (-O3) output pattern test
FAIL: libmudflap.c++/pass41-frag.cxx execution test
FAIL: libmudflap.c++/pass41-frag.cxx (-static) execution test
FAIL: libmudflap.c++/pass41-frag.cxx ( -O) execution test
FAIL: libmudflap.c++/pass41-frag.cxx (-O2) execution test
FAIL: libmudflap.c++/pass41-frag.cxx (-O3) execution test
# of expected passes 1884
# of unexpected failures 10
=== gfortran Summary ===
FAIL: gfortran.dg/allocatable_scalar_8.f90 -O1 (test for excess errors)
WARNING: gfortran.dg/allocatable_scalar_8.f90 -O1 compilation failed to produce executable
FAIL: gfortran.dg/interface_19.f90 -O2 (test for excess errors)
WARNING: gfortran.dg/interface_19.f90 -O2 compilation failed to produce executable
# of expected passes 33228
# of unexpected failures 2
# of expected failures 29
# of unsupported tests 196
=== gnat Summary ===
FAIL: gnat.dg/null_pointer_deref1.adb execution test
FAIL: gnat.dg/null_pointer_deref2.adb execution test
FAIL: gnat.dg/stack_check1.adb execution test
FAIL: gnat.dg/stack_check2.adb execution test
# of expected passes 748
# of unexpected failures 4
# of expected failures 7
=== acats Summary ===
FAIL: c52103x
FAIL: c52104x
FAIL: c52104y
FAIL: c761007
FAIL: c85005c
FAIL: c85006c
FAIL: c910002
FAIL: c93004b
FAIL: c93004c
FAIL: c93004d
FAIL: c93005a
FAIL: c93005b
FAIL: c94001c
FAIL: c94002b
FAIL: c94002e
FAIL: c94002f
FAIL: c94002g
FAIL: c94007a
FAIL: c94007b
FAIL: c94008c
FAIL: c94008d
FAIL: c94020a
FAIL: c95040c
FAIL: c97203c
FAIL: c97303c
FAIL: c9a007a
FAIL: c9a009c
FAIL: c9a009g
FAIL: cb1010a
FAIL: cb1010c
FAIL: cb1010d
# of expected passes 2290
# of unexpected failures 31
=== gcc Summary ===
FAIL: gcc.c-torture/compile/20010525-1.c -Os (test for excess errors)
FAIL: gcc.c-torture/compile/pr34334.c -O1 (test for excess errors)
FAIL: gcc.c-torture/execute/20000224-1.c compilation, -O3 -g
UNRESOLVED: gcc.c-torture/execute/20000224-1.c execution, -O3 -g
FAIL: gcc.c-torture/execute/20041011-1.c compilation, -O3 -fomit-frame-pointer -funroll-all-loops -finline-functions
UNRESOLVED: gcc.c-torture/execute/20041011-1.c execution, -O3 -fomit-frame-pointer -funroll-all-loops -finline-functions
FAIL: gcc.c-torture/execute/ieee/20030331-1.c compilation, -O0
UNRESOLVED: gcc.c-torture/execute/ieee/20030331-1.c execution, -O0
FAIL: gcc.c-torture/execute/ieee/fp-cmp-4l.c compilation, -O1
UNRESOLVED: gcc.c-torture/execute/ieee/fp-cmp-4l.c execution, -O1
FAIL: gcc.dg/debug/20031231-1.c -gstabs+3 (test for excess errors)
FAIL: gcc.dg/20021014-1.c consider using `-pg' instead of `-p' with gprof(1) (test for warnings, line )
FAIL: gcc.dg/c99-stdint-1.c (test for excess errors)
FAIL: gcc.dg/c99-stdint-2.c (test for excess errors)
FAIL: gcc.dg/c99-stdint-5.c (test for excess errors)
FAIL: gcc.dg/c99-stdint-6.c (test for excess errors)
FAIL: gcc.dg/mallign.c execution test
FAIL: gcc.dg/pr34668-1.c (internal compiler error)
FAIL: gcc.dg/pr34668-1.c (test for excess errors)
FAIL: gcc.dg/utf-array-short-wchar.c (test for errors, line 39)
FAIL: gcc.dg/utf-array-short-wchar.c (test for errors, line 41)
FAIL: gcc.dg/utf-array-short-wchar.c (test for excess errors)
FAIL: largefile.c -O0 -g -I. (test for excess errors)
FAIL: gcc.dg/pch/largefile.c -O0 -g assembly comparison
FAIL: largefile.c -O0 -I. (test for excess errors)
FAIL: gcc.dg/pch/largefile.c -O0 assembly comparison
FAIL: largefile.c -O1 -I. (test for excess errors)
FAIL: gcc.dg/pch/largefile.c -O1 assembly comparison
FAIL: largefile.c -O2 -I. (test for excess errors)
FAIL: gcc.dg/pch/largefile.c -O2 assembly comparison
FAIL: largefile.c -O3 -fomit-frame-pointer -I. (test for excess errors)
FAIL: gcc.dg/pch/largefile.c -O3 -fomit-frame-pointer assembly comparison
FAIL: largefile.c -O3 -g -I. (test for excess errors)
FAIL: gcc.dg/pch/largefile.c -O3 -g assembly comparison
FAIL: largefile.c -Os -I. (test for excess errors)
FAIL: gcc.dg/pch/largefile.c -Os assembly comparison
FAIL: gcc.dg/torture/fp-int-convert-float128-timode.c -O0 (test for excess errors)
WARNING: gcc.dg/torture/fp-int-convert-float128-timode.c -O0 compilation failed to produce executable
FAIL: gcc.dg/torture/fp-int-convert-float128-timode.c -O1 (test for excess errors)
WARNING: gcc.dg/torture/fp-int-convert-float128-timode.c -O1 compilation failed to produce executable
FAIL: gcc.dg/torture/fp-int-convert-float128-timode.c -O2 (test for excess errors)
WARNING: gcc.dg/torture/fp-int-convert-float128-timode.c -O2 compilation failed to produce executable
FAIL: gcc.dg/torture/fp-int-convert-float128-timode.c -O3 -fomit-frame-pointer (test for excess errors)
WARNING: gcc.dg/torture/fp-int-convert-float128-timode.c -O3 -fomit-frame-pointer compilation failed to produce executable
FAIL: gcc.dg/torture/fp-int-convert-float128-timode.c -O3 -g (test for excess errors)
WARNING: gcc.dg/torture/fp-int-convert-float128-timode.c -O3 -g compilation failed to produce executable
FAIL: gcc.dg/torture/fp-int-convert-float128-timode.c -Os (test for excess errors)
WARNING: gcc.dg/torture/fp-int-convert-float128-timode.c -Os compilation failed to produce executable
FAIL: gcc.dg/torture/fp-int-convert-float128.c -O0 (test for excess errors)
WARNING: gcc.dg/torture/fp-int-convert-float128.c -O0 compilation failed to produce executable
FAIL: gcc.dg/torture/fp-int-convert-float128.c -O1 (test for excess errors)
WARNING: gcc.dg/torture/fp-int-convert-float128.c -O1 compilation failed to produce executable
FAIL: gcc.dg/torture/fp-int-convert-float128.c -O2 (test for excess errors)
WARNING: gcc.dg/torture/fp-int-convert-float128.c -O2 compilation failed to produce executable
FAIL: gcc.dg/torture/fp-int-convert-float128.c -O3 -fomit-frame-pointer (test for excess errors)
WARNING: gcc.dg/torture/fp-int-convert-float128.c -O3 -fomit-frame-pointer compilation failed to produce executable
FAIL: gcc.dg/torture/fp-int-convert-float128.c -O3 -g (test for excess errors)
WARNING: gcc.dg/torture/fp-int-convert-float128.c -O3 -g compilation failed to produce executable
FAIL: gcc.dg/torture/fp-int-convert-float128.c -Os (test for excess errors)
WARNING: gcc.dg/torture/fp-int-convert-float128.c -Os compilation failed to produce executable
FAIL: gcc.dg/torture/pr42898.c -O1 scan-tree-dump-times optimized "\*ptr" 1
FAIL: gcc.dg/torture/pr42898.c -O2 scan-tree-dump-times optimized "\*ptr" 1
FAIL: gcc.dg/torture/pr42898.c -O3 -fomit-frame-pointer scan-tree-dump-times optimized "\*ptr" 1
FAIL: gcc.dg/torture/pr42898.c -O3 -g scan-tree-dump-times optimized "\*ptr" 1
FAIL: gcc.dg/torture/pr42898.c -Os scan-tree-dump-times optimized "\*ptr" 1
# of expected passes 58112
# of unexpected failures 49
# of expected failures 167
# of unresolved testcases 4
# of unsupported tests 1503
=== g++ Summary ===
FAIL: g++.dg/eh/gcsec1.C (test for excess errors)
FAIL: g++.dg/torture/pr33819.C -O2 (test for excess errors)
WARNING: g++.dg/torture/pr33819.C -O2 compilation failed to produce executable
XPASS: g++.old-deja/g++.oliva/expr1.C (test for bogus messages, line 12)
FAIL: g++.old-deja/g++.oliva/expr1.C (test for excess errors)
FAIL: g++.old-deja/g++.other/init18.C execution test
FAIL: g++.old-deja/g++.other/init19.C execution test
# of expected passes 21196
# of unexpected failures 5
# of unexpected successes 1
# of expected failures 144
# of unsupported tests 299
Compiler version: 4.5.0 20100201 (experimental) [trunk revision r156423] (GCC)
Platform: x86_64-unknown-freebsd7.2
configure flags: --build=x86_64-unknown-freebsd7.2 --prefix=/gnat/builds/7.2/x86_64/svn-r156423 --enable-languages=ada,c,c++,fortran --program-suffix=-r156423 --with-system-zlib --disable-nls --enable-libstdcxx-debug
--
Extensive build logs available at: http://gcc.coreland.ath.cx/
RSS Feed: http://gcc.coreland.ath.cx/feed.xml
More information about the Gcc-testresults
mailing list