Results for 4.5.0 20100131 (experimental) [trunk revision 156400] (GCC) testsuite on armv5tel-unknown-linux-gnueabi
Laurent GUERBY gcc57
guerby@gcc57.fsffrance.org
Mon Feb 1 12:56:00 GMT 2010
LAST_UPDATED: Sun Jan 31 13:32:45 UTC 2010 (revision 156400)
Native configuration is armv5tel-unknown-linux-gnueabi
=== libgomp tests ===
Running target unix
=== libgomp Summary ===
# of expected passes 248
# of unsupported tests 7
=== libmudflap tests ===
Running target unix
FAIL: libmudflap.c/pass54-frag.c execution test
FAIL: libmudflap.c/pass54-frag.c execution test
FAIL: libmudflap.c/pass54-frag.c (-static) execution test
FAIL: libmudflap.c/pass54-frag.c (-static) execution test
FAIL: libmudflap.c/fail31-frag.c (-O3) crash test
FAIL: libmudflap.c/fail31-frag.c (-O3) output pattern test
FAIL: libmudflap.c/pass45-frag.c (-O3) execution test
FAIL: libmudflap.c/pass45-frag.c (-O3) output pattern test
FAIL: libmudflap.c/pass45-frag.c (-O3) execution test
FAIL: libmudflap.c/pass45-frag.c (-O3) output pattern test
=== libmudflap Summary ===
# of expected passes 1730
# of unexpected failures 10
# of unsupported tests 2
=== acats tests ===
FAIL: c37105a
=== acats Summary ===
# of expected passes 2320
# of unexpected failures 1
=== gcc tests ===
Running target unix
FAIL: gcc.c-torture/compile/20001226-1.c -O3 -g (test for excess errors)
FAIL: gcc.c-torture/compile/limits-fnargs.c -O2 (test for excess errors)
FAIL: gcc.c-torture/compile/limits-fnargs.c -O3 -fomit-frame-pointer (test for excess errors)
FAIL: gcc.c-torture/compile/limits-fnargs.c -O3 -g (test for excess errors)
FAIL: gcc.c-torture/compile/limits-structnest.c -O2 (test for excess errors)
FAIL: gcc.c-torture/compile/limits-structnest.c -O3 -fomit-frame-pointer (test for excess errors)
FAIL: gcc.c-torture/compile/limits-structnest.c -O3 -g (test for excess errors)
FAIL: gcc.c-torture/compile/limits-structnest.c -Os (test for excess errors)
FAIL: gcc.dg/c99-stdint-1.c (test for excess errors)
FAIL: gcc.dg/c99-stdint-7.c (test for excess errors)
FAIL: gcc.dg/pr34668-1.c (internal compiler error)
FAIL: gcc.dg/pr34668-1.c (test for excess errors)
FAIL: gcc.dg/uninit-13.c unconditional (test for warnings, line 8)
FAIL: gcc.dg/uninit-13.c (test for excess errors)
XPASS: gcc.dg/guality/example.c -O0 execution test
XPASS: gcc.dg/guality/inline-params.c -O0 execution test
XPASS: gcc.dg/guality/inline-params.c -O1 execution test
XPASS: gcc.dg/guality/inline-params.c -O2 execution test
XPASS: gcc.dg/guality/inline-params.c -O3 -fomit-frame-pointer execution test
XPASS: gcc.dg/guality/inline-params.c -O3 -g execution test
XPASS: gcc.dg/guality/inline-params.c -Os execution test
XPASS: gcc.dg/guality/pr41353-1.c -O0 line 28 j == 28 + 37
XPASS: gcc.dg/guality/pr41447-1.c -O0 execution test
XPASS: gcc.dg/guality/pr41616-1.c -O0 execution test
XPASS: gcc.dg/guality/pr41616-1.c -O1 execution test
XPASS: gcc.dg/guality/pr41616-1.c -O2 execution test
XPASS: gcc.dg/guality/pr41616-1.c -Os execution test
FAIL: largefile.c -O0 -g -I. (test for excess errors)
FAIL: gcc.dg/pch/largefile.c -O0 -g assembly comparison
FAIL: largefile.c -O0 -I. (test for excess errors)
FAIL: gcc.dg/pch/largefile.c -O0 assembly comparison
FAIL: largefile.c -O1 -I. (test for excess errors)
FAIL: gcc.dg/pch/largefile.c -O1 assembly comparison
FAIL: largefile.c -O2 -I. (test for excess errors)
FAIL: gcc.dg/pch/largefile.c -O2 assembly comparison
FAIL: largefile.c -O3 -fomit-frame-pointer -I. (test for excess errors)
FAIL: gcc.dg/pch/largefile.c -O3 -fomit-frame-pointer assembly comparison
FAIL: largefile.c -O3 -g -I. (test for excess errors)
FAIL: gcc.dg/pch/largefile.c -O3 -g assembly comparison
FAIL: largefile.c -Os -I. (test for excess errors)
FAIL: gcc.dg/pch/largefile.c -Os assembly comparison
FAIL: gcc.dg/tree-ssa/pr42585.c scan-tree-dump-times optimized "struct _fat_ptr _ans" 0
FAIL: gcc.dg/tree-ssa/pr42585.c scan-tree-dump-times optimized "struct _fat_ptr _T2" 0
FAIL: gcc.dg/vect/vect-35.c scan-tree-dump-times vect "vectorized 2 loops" 1
ERROR: gcc.target/arm/neon-modes-1.c: Unrecognized option type: arm_neon for " dg-add-options 4 arm_neon "
UNRESOLVED: gcc.target/arm/neon-modes-1.c: Unrecognized option type: arm_neon for " dg-add-options 4 arm_neon "
FAIL: gcc.target/arm/neon/vRshrn_ns16.c (test for excess errors)
FAIL: gcc.target/arm/neon/vRshrn_ns32.c (test for excess errors)
FAIL: gcc.target/arm/neon/vRshrn_ns64.c (test for excess errors)
FAIL: gcc.target/arm/neon/vRshrn_nu16.c (test for excess errors)
FAIL: gcc.target/arm/neon/vRshrn_nu32.c (test for excess errors)
FAIL: gcc.target/arm/neon/vRshrn_nu64.c (test for excess errors)
FAIL: gcc.target/arm/neon/vqRshrn_ns16.c (test for excess errors)
FAIL: gcc.target/arm/neon/vqRshrn_ns32.c (test for excess errors)
FAIL: gcc.target/arm/neon/vqRshrn_ns64.c (test for excess errors)
FAIL: gcc.target/arm/neon/vqRshrn_nu16.c (test for excess errors)
FAIL: gcc.target/arm/neon/vqRshrn_nu32.c (test for excess errors)
FAIL: gcc.target/arm/neon/vqRshrn_nu64.c (test for excess errors)
FAIL: gcc.target/arm/neon/vqRshrun_ns16.c (test for excess errors)
FAIL: gcc.target/arm/neon/vqRshrun_ns32.c (test for excess errors)
FAIL: gcc.target/arm/neon/vqRshrun_ns64.c (test for excess errors)
FAIL: gcc.target/arm/neon/vqshrn_ns16.c (test for excess errors)
FAIL: gcc.target/arm/neon/vqshrn_ns32.c (test for excess errors)
FAIL: gcc.target/arm/neon/vqshrn_ns64.c (test for excess errors)
FAIL: gcc.target/arm/neon/vqshrn_nu16.c (test for excess errors)
FAIL: gcc.target/arm/neon/vqshrn_nu32.c (test for excess errors)
FAIL: gcc.target/arm/neon/vqshrn_nu64.c (test for excess errors)
FAIL: gcc.target/arm/neon/vqshrun_ns16.c (test for excess errors)
FAIL: gcc.target/arm/neon/vqshrun_ns32.c (test for excess errors)
FAIL: gcc.target/arm/neon/vqshrun_ns64.c (test for excess errors)
FAIL: gcc.target/arm/neon/vshrn_ns16.c (test for excess errors)
FAIL: gcc.target/arm/neon/vshrn_ns32.c (test for excess errors)
FAIL: gcc.target/arm/neon/vshrn_ns64.c (test for excess errors)
FAIL: gcc.target/arm/neon/vshrn_nu16.c (test for excess errors)
FAIL: gcc.target/arm/neon/vshrn_nu32.c (test for excess errors)
FAIL: gcc.target/arm/neon/vshrn_nu64.c (test for excess errors)
=== gcc Summary ===
# of expected passes 58275
# of unexpected failures 61
# of unexpected successes 13
# of expected failures 239
# of unresolved testcases 1
# of unsupported tests 638
/home/guerby/build/gcc/xgcc version 4.5.0 20100131 (experimental) [trunk revision 156400] (GCC)
=== gnat tests ===
Running target unix
=== gnat Summary ===
# of expected passes 750
# of expected failures 8
# of unsupported tests 1
Compiler version: 4.5.0 20100131 (experimental) [trunk revision 156400] (GCC)
Platform: armv5tel-unknown-linux-gnueabi
configure flags: --prefix=/n/57/guerby/install-trunk-156400 --enable-languages=c,ada --enable-__cxa_atexit --disable-nls --enable-threads=posix --disable-multilib
More information about the Gcc-testresults
mailing list