Results for 4.6.0 20101225 (experimental) [trunk revision 168243] (GCC) testsuite on powerpc64-unknown-linux-gnu
Laurent GUERBY gcc40
guerby@gcc40.fsffrance.org
Mon Dec 27 02:24:00 GMT 2010
LAST_UPDATED: Sat Dec 25 17:55:22 UTC 2010 (revision 168243)
=== acats tests ===
=== acats Summary ===
# of expected passes 2321
# of unexpected failures 0
Native configuration is powerpc64-unknown-linux-gnu
=== gcc tests ===
Running target unix
FAIL: gcc.c-torture/compile/limits-structnest.c -O2 (test for excess errors)
FAIL: gcc.c-torture/compile/limits-structnest.c -O3 -fomit-frame-pointer (test for excess errors)
FAIL: gcc.c-torture/compile/limits-structnest.c -O3 -g (test for excess errors)
FAIL: gcc.c-torture/compile/limits-structnest.c -Os (test for excess errors)
FAIL: gcc.c-torture/compile/limits-structnest.c -O2 -flto -flto-partition=none (test for excess errors)
FAIL: gcc.c-torture/compile/limits-structnest.c -O2 -flto (test for excess errors)
FAIL: gcc.dg/and-1.c scan-assembler-not nand
FAIL: gcc.dg/cproj-fails-with-broken-glibc.c execution test
FAIL: gcc.dg/pr46909.c scan-tree-dump ifcombine "optimizing two comparisons to x_[0-9]+\\(D\\) != 4"
FAIL: gcc.dg/sms-2.c scan-rtl-dump-times sms "SMS succeeded" 1
FAIL: gcc.dg/sms-4.c scan-rtl-dump-times sms "SMS succeeded" 1
FAIL: gcc.dg/sms-5.c scan-rtl-dump-times sms "SMS succeeded" 1
FAIL: gcc.dg/sms-6.c scan-rtl-dump-times sms "SMS succeeded" 3
FAIL: gcc.dg/sms-7.c scan-rtl-dump-times sms "SMS succeeded" 3
FAIL: gcc.dg/sms-8.c scan-rtl-dump-times sms "SMS succeeded" 1
FAIL: gcc.dg/stack-usage-1.c scan-file foo\\t(256|264)\\tstatic
FAIL: gcc.dg/lto/20090116 c_lto_20090116_0.o-c_lto_20090116_0.o link, -O1 -flto -flto-partition=1to1 -fPIC (internal compiler error)
UNRESOLVED: gcc.dg/lto/20090116 c_lto_20090116_0.o-c_lto_20090116_0.o execute -O1 -flto -flto-partition=1to1 -fPIC
FAIL: gcc.dg/torture/vector-shift2.c -O0 execution test
FAIL: gcc.dg/torture/vector-shift2.c -O1 execution test
FAIL: gcc.dg/torture/vector-shift2.c -O2 execution test
FAIL: gcc.dg/torture/vector-shift2.c -O3 -fomit-frame-pointer execution test
FAIL: gcc.dg/torture/vector-shift2.c -O3 -g execution test
FAIL: gcc.dg/torture/vector-shift2.c -Os execution test
FAIL: gcc.dg/torture/vector-shift2.c -O2 -flto -flto-partition=none execution test
FAIL: gcc.dg/torture/vector-shift2.c -O2 -flto execution test
FAIL: gcc.dg/tree-ssa/foldconst-2.c scan-tree-dump-not optimized "fundamentals.0"
FAIL: gcc.dg/tree-ssa/vrp47.c scan-tree-dump-times vrp1 "[xy][^ ]* !=" 0
FAIL: gcc.dg/tree-ssa/vrp47.c scan-tree-dump-times dom1 "x[^ ]* & y" 1
FAIL: gcc.target/powerpc/optimize-bswapdi-3.c scan-assembler ldbrx
FAIL: gcc.target/powerpc/optimize-bswapdi-3.c scan-assembler stdbrx
FAIL: gcc.target/powerpc/popcount-3.c scan-assembler popcntd
FAIL: gcc.target/powerpc/ppc-vector-memcpy.c scan-assembler lvx
FAIL: gcc.target/powerpc/ppc64-abi-dfp-1.c execution test
=== gcc Summary ===
# of expected passes 72997
# of unexpected failures 33
# of expected failures 196
# of unresolved testcases 1
# of unsupported tests 1092
/home/guerby/build/gcc/xgcc version 4.6.0 20101225 (experimental) [trunk revision 168243] (GCC)
=== gfortran tests ===
Running target unix
FAIL: gfortran.dg/pr25923.f90 -O PR45505 (test for warnings, line 13)
FAIL: gfortran.dg/pr25923.f90 -O PR45505 (test for bogus messages, line 22)
=== gfortran Summary ===
# of expected passes 37601
# of unexpected failures 2
# of expected failures 65
# of unsupported tests 74
/home/guerby/build/gcc/testsuite/gfortran/../../gfortran version 4.6.0 20101225 (experimental) [trunk revision 168243] (GCC)
=== g++ tests ===
Running target unix
FAIL: g++.dg/ext/altivec-15.C (test for excess errors)
ERROR: tcl error sourcing /home/guerby/trunk/gcc/testsuite/g++.dg/dg.exp.
ERROR: error reading "file7": I/O error
=== g++ Summary ===
# of expected passes 17828
# of unexpected failures 1
# of expected failures 50
# of unsupported tests 270
/home/guerby/build/gcc/testsuite/g++/../../g++ version 4.6.0 20101225 (experimental) [trunk revision 168243] (GCC)
=== gnat tests ===
Running target unix
=== gnat Summary ===
# of expected passes 860
# of expected failures 11
# of unsupported tests 3
=== libgomp tests ===
Running target unix
=== libgomp Summary ===
# of expected passes 2526
=== libmudflap tests ===
Running target unix
FAIL: libmudflap.c/pass49-frag.c execution test
FAIL: libmudflap.c/pass49-frag.c output pattern test
FAIL: libmudflap.c/pass49-frag.c execution test
FAIL: libmudflap.c/pass49-frag.c output pattern test
FAIL: libmudflap.c/pass49-frag.c (-static) execution test
FAIL: libmudflap.c/pass49-frag.c (-static) output pattern test
FAIL: libmudflap.c/pass49-frag.c (-static) execution test
FAIL: libmudflap.c/pass49-frag.c (-static) output pattern test
FAIL: libmudflap.c/pass49-frag.c (-O2) execution test
FAIL: libmudflap.c/pass49-frag.c (-O2) output pattern test
FAIL: libmudflap.c/pass49-frag.c (-O2) execution test
FAIL: libmudflap.c/pass49-frag.c (-O2) output pattern test
FAIL: libmudflap.c/pass49-frag.c (-O3) execution test
FAIL: libmudflap.c/pass49-frag.c (-O3) output pattern test
FAIL: libmudflap.c/pass49-frag.c (-O3) execution test
FAIL: libmudflap.c/pass49-frag.c (-O3) output pattern test
=== libmudflap Summary ===
# of expected passes 1878
# of unexpected failures 16
=== libstdc++ tests ===
Running target unix
FAIL: 18_support/uncaught_exception/14026.cc execution test
FAIL: 27_io/basic_ios/exceptions/char/2.cc execution test
FAIL: 27_io/basic_istream/sentry/char/12297.cc execution test
FAIL: 27_io/basic_istream/sentry/wchar_t/12297.cc execution test
WARNING: program timed out.
FAIL: 28_regex/11_algorithms/02_match/extended/cstring_questionmark.cc (test for excess errors)
UNRESOLVED: 28_regex/11_algorithms/02_match/extended/cstring_questionmark.cc compilation failed to produce executable
WARNING: program timed out.
FAIL: 28_regex/11_algorithms/02_match/extended/string_any.cc (test for excess errors)
UNRESOLVED: 28_regex/11_algorithms/02_match/extended/string_any.cc compilation failed to produce executable
WARNING: program timed out.
FAIL: 28_regex/11_algorithms/02_match/extended/string_range_01_03.cc (test for excess errors)
UNRESOLVED: 28_regex/11_algorithms/02_match/extended/string_range_01_03.cc compilation failed to produce executable
WARNING: program timed out.
FAIL: 29_atomics/atomic/cons/copy_list.cc (test for excess errors)
UNRESOLVED: 29_atomics/atomic/cons/copy_list.cc compilation failed to produce executable
WARNING: program timed out.
FAIL: 29_atomics/atomic/cons/copy_neg.cc (test for errors, line 610)
FAIL: 29_atomics/atomic/cons/copy_neg.cc (test for excess errors)
WARNING: program timed out.
FAIL: 29_atomics/atomic/operators/integral_conversion.cc (test for excess errors)
UNRESOLVED: 29_atomics/atomic/operators/integral_conversion.cc compilation failed to produce executable
WARNING: program timed out.
FAIL: 29_atomics/atomic/requirements/base_classes.cc (test for excess errors)
WARNING: program timed out.
FAIL: 29_atomics/atomic/requirements/explicit_instantiation/1.cc (test for excess errors)
WARNING: program timed out.
FAIL: 29_atomics/atomic_address/cons/constexpr.cc (test for excess errors)
WARNING: program timed out.
FAIL: 29_atomics/atomic_address/requirements/standard_layout.cc (test for excess errors)
WARNING: program timed out.
FAIL: 29_atomics/atomic_address/requirements/trivial.cc (test for excess errors)
WARNING: program timed out.
FAIL: 29_atomics/atomic_flag/requirements/standard_layout.cc (test for excess errors)
WARNING: program timed out.
FAIL: 29_atomics/atomic_flag/requirements/trivial.cc (test for excess errors)
WARNING: program timed out.
FAIL: 29_atomics/atomic_integral/cons/assign_neg.cc (test for errors, line 571)
FAIL: 29_atomics/atomic_integral/cons/assign_neg.cc (test for excess errors)
WARNING: program timed out.
FAIL: 29_atomics/atomic_integral/cons/constexpr.cc (test for excess errors)
WARNING: program timed out.
FAIL: 29_atomics/atomic_integral/cons/copy_list.cc (test for excess errors)
UNRESOLVED: 29_atomics/atomic_integral/cons/copy_list.cc compilation failed to produce executable
WARNING: program timed out.
FAIL: 29_atomics/atomic_integral/cons/copy_neg.cc (test for errors, line 610)
FAIL: 29_atomics/atomic_integral/cons/copy_neg.cc (test for excess errors)
WARNING: program timed out.
FAIL: 29_atomics/atomic_integral/cons/default.cc (test for excess errors)
UNRESOLVED: 29_atomics/atomic_integral/cons/default.cc compilation failed to produce executable
WARNING: program timed out.
FAIL: 29_atomics/atomic_integral/cons/direct_list.cc (test for excess errors)
UNRESOLVED: 29_atomics/atomic_integral/cons/direct_list.cc compilation failed to produce executable
WARNING: program timed out.
FAIL: 29_atomics/atomic_integral/cons/single_value.cc (test for excess errors)
UNRESOLVED: 29_atomics/atomic_integral/cons/single_value.cc compilation failed to produce executable
WARNING: program timed out.
FAIL: 29_atomics/atomic_integral/operators/bitwise.cc (test for excess errors)
WARNING: program timed out.
FAIL: 29_atomics/atomic_integral/operators/bitwise_neg.cc (test for errors, line 427)
FAIL: 29_atomics/atomic_integral/operators/bitwise_neg.cc (test for errors, line 428)
FAIL: 29_atomics/atomic_integral/operators/bitwise_neg.cc (test for errors, line 429)
WARNING: program timed out.
FAIL: 29_atomics/atomic_integral/operators/decrement.cc (test for excess errors)
WARNING: program timed out.
FAIL: 29_atomics/atomic_integral/operators/decrement_neg.cc (test for errors, line 384)
FAIL: 29_atomics/atomic_integral/operators/decrement_neg.cc (test for errors, line 385)
FAIL: 29_atomics/atomic_integral/operators/decrement_neg.cc (test for errors, line 386)
FAIL: 29_atomics/atomic_integral/operators/decrement_neg.cc (test for excess errors)
WARNING: program timed out.
FAIL: 29_atomics/atomic_integral/operators/increment.cc (test for excess errors)
WARNING: program timed out.
FAIL: 29_atomics/atomic_integral/operators/increment_neg.cc (test for errors, line 362)
FAIL: 29_atomics/atomic_integral/operators/increment_neg.cc (test for errors, line 363)
FAIL: 29_atomics/atomic_integral/operators/increment_neg.cc (test for errors, line 364)
FAIL: 29_atomics/atomic_integral/operators/increment_neg.cc (test for excess errors)
WARNING: program timed out.
FAIL: 30_threads/condition_variable/requirements/standard_layout.cc (test for excess errors)
WARNING: program timed out.
FAIL: 30_threads/packaged_task/cons/move.cc (test for excess errors)
UNRESOLVED: 30_threads/packaged_task/cons/move.cc compilation failed to produce executable
FAIL: 30_threads/thread/members/4.cc execution test
FAIL: 30_threads/thread/members/5.cc execution test
FAIL: ext/debug_allocator/check_deallocate_null.cc execution test
FAIL: ext/malloc_allocator/check_allocate_max_size.cc execution test
FAIL: ext/new_allocator/check_allocate_max_size.cc execution test
FAIL: ext/pb_ds/example/hash_illegal_resize.cc execution test
FAIL: ext/pb_ds/example/tree_join.cc execution test
WARNING: program timed out.
FAIL: ext/pb_ds/regression/hash_data_map_rand.cc (test for excess errors)
UNRESOLVED: ext/pb_ds/regression/hash_data_map_rand.cc compilation failed to produce executable
WARNING: program timed out.
FAIL: ext/pb_ds/regression/hash_no_data_map_rand.cc (test for excess errors)
UNRESOLVED: ext/pb_ds/regression/hash_no_data_map_rand.cc compilation failed to produce executable
WARNING: program timed out.
FAIL: ext/pb_ds/regression/list_update_data_map_rand.cc (test for excess errors)
UNRESOLVED: ext/pb_ds/regression/list_update_data_map_rand.cc compilation failed to produce executable
WARNING: program timed out.
FAIL: ext/pb_ds/regression/list_update_no_data_map_rand.cc (test for excess errors)
UNRESOLVED: ext/pb_ds/regression/list_update_no_data_map_rand.cc compilation failed to produce executable
WARNING: program timed out.
FAIL: ext/pb_ds/regression/priority_queue_rand.cc (test for excess errors)
UNRESOLVED: ext/pb_ds/regression/priority_queue_rand.cc compilation failed to produce executable
WARNING: program timed out.
FAIL: ext/pb_ds/regression/tree_data_map_rand.cc (test for excess errors)
UNRESOLVED: ext/pb_ds/regression/tree_data_map_rand.cc compilation failed to produce executable
WARNING: program timed out.
FAIL: ext/pb_ds/regression/tree_no_data_map_rand.cc (test for excess errors)
UNRESOLVED: ext/pb_ds/regression/tree_no_data_map_rand.cc compilation failed to produce executable
FAIL: ext/throw_allocator/check_deallocate_null.cc execution test
=== libstdc++ Summary ===
# of expected passes 7543
# of unexpected failures 58
# of expected failures 84
# of unresolved testcases 17
# of unsupported tests 415
Compiler version: 4.6.0 20101225 (experimental) [trunk revision 168243] (GCC)
Platform: powerpc64-unknown-linux-gnu
configure flags: --disable-nls --enable-__cxa_atexit --enable-threads=posix --with-mpfr=/opt/cfarm/mpfr-2.4.1-64 --enable-languages=c,c++,fortran,ada --prefix=/n/40/guerby/install-trunk --with-gmp=/opt/cfarm/gmp-4.2.4-64/ --disable-multilib --enable-stage1-checking=release --with-mpc=/opt/cfarm/mpc-0.8-64
CC=gcc -m64
More information about the Gcc-testresults
mailing list