Results for 4.6.0 20101223 (experimental) [trunk revision 168215] (GCC) testsuite on sparc-sun-solaris2.10
Sean McGovern
sean@seanmcgovern.ca
Fri Dec 24 16:43:00 GMT 2010
\$ uname -a
SunOS spark 5.10 Generic_141444-09 sun4u sparc SUNW,Sun-Blade-1000
\$ cat /etc/release
Solaris 10 10/09 s10s_u8wos_08a SPARC
Copyright 2009 Sun Microsystems, Inc. All Rights Reserved.
Use is subject to license terms.
Assembled 16 September 2009
\$ /usr/local/bin/as --version
GNU assembler (GNU Binutils) 2.21
\$ /usr/ccs/bin/ld -V
ld: Software Generation Utilities - Solaris Link Editors: 5.10-1.497
\$ /usr/sbin/psrinfo -pv
The physical processor has 1 virtual processor (0)
UltraSPARC-III (portid 0 impl 0x14 ver 0x34 clock 750 MHz)
Bootstrapped with:
\$ /usr/sfw/bin/gcc -v
Reading specs from /usr/sfw/lib/gcc/sparc-sun-solaris2.10/3.4.3/specs
Configured with: /sfw10/builds/build/sfw10-patch/usr/src/cmd/gcc/gcc-3.4.3/configure --prefix=/usr/sfw --with-as=/usr/ccs/bin/as --without-gnu-as --with-ld=/usr/ccs/bin/ld --without-gnu-ld --enable-languages=c,c++ --enable-shared
Thread model: posix
gcc version 3.4.3 (csl-sol210-3_4-branch+sol_rpath)
LAST_UPDATED: Thu Dec 23 22:47:49 UTC 2010 (revision 168215)
Native configuration is sparc-sun-solaris2.10
=== gcc tests ===
Running target unix
FAIL: gcc.c-torture/compile/limits-exprparen.c -O0 (internal compiler error)
FAIL: gcc.c-torture/compile/limits-exprparen.c -O0 (test for excess errors)
FAIL: gcc.c-torture/compile/limits-exprparen.c -O1 (internal compiler error)
FAIL: gcc.c-torture/compile/limits-exprparen.c -O1 (test for excess errors)
FAIL: gcc.c-torture/compile/limits-exprparen.c -O2 (internal compiler error)
FAIL: gcc.c-torture/compile/limits-exprparen.c -O2 (test for excess errors)
FAIL: gcc.c-torture/compile/limits-exprparen.c -O3 -fomit-frame-pointer (internal compiler error)
FAIL: gcc.c-torture/compile/limits-exprparen.c -O3 -fomit-frame-pointer (test for excess errors)
FAIL: gcc.c-torture/compile/limits-exprparen.c -O3 -g (internal compiler error)
FAIL: gcc.c-torture/compile/limits-exprparen.c -O3 -g (test for excess errors)
FAIL: gcc.c-torture/compile/limits-exprparen.c -Os (internal compiler error)
FAIL: gcc.c-torture/compile/limits-exprparen.c -Os (test for excess errors)
FAIL: gcc.c-torture/compile/limits-exprparen.c -O2 -flto -flto-partition=none (internal compiler error)
FAIL: gcc.c-torture/compile/limits-exprparen.c -O2 -flto -flto-partition=none (test for excess errors)
FAIL: gcc.c-torture/compile/limits-exprparen.c -O2 -flto (internal compiler error)
FAIL: gcc.c-torture/compile/limits-exprparen.c -O2 -flto (test for excess errors)
FAIL: gcc.c-torture/compile/limits-structnest.c -O2 (test for excess errors)
FAIL: gcc.c-torture/compile/limits-structnest.c -O3 -fomit-frame-pointer (test for excess errors)
FAIL: gcc.c-torture/compile/limits-structnest.c -O3 -g (test for excess errors)
FAIL: gcc.c-torture/compile/limits-structnest.c -Os (test for excess errors)
FAIL: gcc.c-torture/compile/limits-structnest.c -O2 -flto -flto-partition=none (test for excess errors)
FAIL: gcc.c-torture/compile/limits-structnest.c -O2 -flto (test for excess errors)
FAIL: gcc.dg/pr46685.c (test for excess errors)
XPASS: gcc.dg/vect/vect-peel-1.c scan-tree-dump-times vect "vectorized 1 loops" 2
XPASS: gcc.dg/vect/vect-peel-1.c scan-tree-dump-times vect "Alignment of access forced using peeling" 1
XPASS: gcc.dg/vect/vect-peel-2.c scan-tree-dump-times vect "vectorized 1 loops" 2
XPASS: gcc.dg/vect/vect-vfa-slp.c scan-tree-dump-times vect "vectorized 1 loops" 1
XPASS: gcc.dg/vect/slp-23.c scan-tree-dump-times vect "vectorizing stmts using SLP" 1
XPASS: gcc.dg/vect/slp-35.c scan-tree-dump-times vect "vectorized 1 loops" 1
XPASS: gcc.dg/vect/slp-35.c scan-tree-dump-times vect "vectorizing stmts using SLP" 1
XPASS: gcc.dg/vect/no-tree-pre-slp-29.c scan-tree-dump-times vect "vectorized 1 loops" 2
XPASS: gcc.dg/vect/no-tree-pre-slp-29.c scan-tree-dump-times vect "vectorizing stmts using SLP" 2
FAIL: gcc.misc-tests/gcov-1.c gcov failed: spawn failed
FAIL: gcc.misc-tests/gcov-10.c gcov failed: spawn failed
FAIL: gcc.misc-tests/gcov-10b.c gcov failed: spawn failed
FAIL: gcc.misc-tests/gcov-11.c gcov failed: spawn failed
FAIL: gcc.misc-tests/gcov-2.c gcov failed: spawn failed
FAIL: gcc.misc-tests/gcov-3.c gcov failed: spawn failed
FAIL: gcc.misc-tests/gcov-4.c gcov failed: spawn failed
FAIL: gcc.misc-tests/gcov-4b.c gcov failed: spawn failed
FAIL: gcc.misc-tests/gcov-5b.c gcov failed: spawn failed
FAIL: gcc.misc-tests/gcov-6.c gcov failed: spawn failed
FAIL: gcc.misc-tests/gcov-7.c gcov failed: spawn failed
FAIL: gcc.misc-tests/gcov-8.c gcov failed: spawn failed
FAIL: gcc.misc-tests/gcov-9.c gcov failed: spawn failed
=== gcc Summary for unix ===
# of expected passes 68774
# of unexpected failures 36
# of unexpected successes 9
# of expected failures 239
# of unsupported tests 1149
Running target unix/-m64
FAIL: gcc.c-torture/compile/limits-exprparen.c -O0 (internal compiler error)
FAIL: gcc.c-torture/compile/limits-exprparen.c -O0 (test for excess errors)
FAIL: gcc.c-torture/compile/limits-exprparen.c -O1 (internal compiler error)
FAIL: gcc.c-torture/compile/limits-exprparen.c -O1 (test for excess errors)
FAIL: gcc.c-torture/compile/limits-exprparen.c -O2 (internal compiler error)
FAIL: gcc.c-torture/compile/limits-exprparen.c -O2 (test for excess errors)
FAIL: gcc.c-torture/compile/limits-exprparen.c -O3 -fomit-frame-pointer (internal compiler error)
FAIL: gcc.c-torture/compile/limits-exprparen.c -O3 -fomit-frame-pointer (test for excess errors)
FAIL: gcc.c-torture/compile/limits-exprparen.c -O3 -g (internal compiler error)
FAIL: gcc.c-torture/compile/limits-exprparen.c -O3 -g (test for excess errors)
FAIL: gcc.c-torture/compile/limits-exprparen.c -Os (internal compiler error)
FAIL: gcc.c-torture/compile/limits-exprparen.c -Os (test for excess errors)
FAIL: gcc.c-torture/compile/limits-exprparen.c -O2 -flto -flto-partition=none (internal compiler error)
FAIL: gcc.c-torture/compile/limits-exprparen.c -O2 -flto -flto-partition=none (test for excess errors)
FAIL: gcc.c-torture/compile/limits-exprparen.c -O2 -flto (internal compiler error)
FAIL: gcc.c-torture/compile/limits-exprparen.c -O2 -flto (test for excess errors)
FAIL: gcc.c-torture/compile/limits-structnest.c -O2 (test for excess errors)
FAIL: gcc.c-torture/compile/limits-structnest.c -O3 -fomit-frame-pointer (test for excess errors)
FAIL: gcc.c-torture/compile/limits-structnest.c -O3 -g (test for excess errors)
FAIL: gcc.c-torture/compile/limits-structnest.c -Os (test for excess errors)
FAIL: gcc.c-torture/compile/limits-structnest.c -O2 -flto -flto-partition=none (test for excess errors)
FAIL: gcc.c-torture/compile/limits-structnest.c -O2 -flto (test for excess errors)
FAIL: gcc.c-torture/execute/991216-2.c compilation, -O3 -fomit-frame-pointer -funroll-all-loops -finline-functions (internal compiler error)
UNRESOLVED: gcc.c-torture/execute/991216-2.c execution, -O3 -fomit-frame-pointer -funroll-all-loops -finline-functions
FAIL: gcc.dg/cpp/trad/include.c (internal compiler error)
FAIL: gcc.dg/cpp/trad/include.c (test for excess errors)
FAIL: gcc.dg/pr46685.c (test for excess errors)
XPASS: gcc.dg/vect/pr33804.c scan-tree-dump-times vect "vectorized 1 loops" 1
XPASS: gcc.dg/vect/pr33804.c scan-tree-dump-times vect "vectorizing stmts using SLP" 1
XPASS: gcc.dg/vect/vect-peel-1.c scan-tree-dump-times vect "vectorized 1 loops" 2
XPASS: gcc.dg/vect/vect-peel-1.c scan-tree-dump-times vect "Alignment of access forced using peeling" 1
XPASS: gcc.dg/vect/vect-peel-2.c scan-tree-dump-times vect "vectorized 1 loops" 2
XPASS: gcc.dg/vect/vect-vfa-slp.c scan-tree-dump-times vect "vectorized 1 loops" 1
XPASS: gcc.dg/vect/slp-23.c scan-tree-dump-times vect "vectorizing stmts using SLP" 1
XPASS: gcc.dg/vect/slp-24.c scan-tree-dump-times vect "vectorized 1 loops" 1
XPASS: gcc.dg/vect/slp-24.c scan-tree-dump-times vect "vectorizing stmts using SLP" 2
XPASS: gcc.dg/vect/slp-35.c scan-tree-dump-times vect "vectorized 1 loops" 1
XPASS: gcc.dg/vect/slp-35.c scan-tree-dump-times vect "vectorizing stmts using SLP" 1
XPASS: gcc.dg/vect/no-tree-pre-slp-29.c scan-tree-dump-times vect "vectorized 1 loops" 2
XPASS: gcc.dg/vect/no-tree-pre-slp-29.c scan-tree-dump-times vect "vectorizing stmts using SLP" 2
FAIL: gcc.misc-tests/gcov-1.c gcov failed: spawn failed
FAIL: gcc.misc-tests/gcov-10.c gcov failed: spawn failed
FAIL: gcc.misc-tests/gcov-10b.c gcov failed: spawn failed
FAIL: gcc.misc-tests/gcov-11.c gcov failed: spawn failed
FAIL: gcc.misc-tests/gcov-2.c gcov failed: spawn failed
FAIL: gcc.misc-tests/gcov-3.c gcov failed: spawn failed
FAIL: gcc.misc-tests/gcov-4.c gcov failed: spawn failed
FAIL: gcc.misc-tests/gcov-4b.c gcov failed: spawn failed
FAIL: gcc.misc-tests/gcov-5b.c gcov failed: spawn failed
FAIL: gcc.misc-tests/gcov-6.c gcov failed: spawn failed
FAIL: gcc.misc-tests/gcov-7.c gcov failed: spawn failed
FAIL: gcc.misc-tests/gcov-8.c gcov failed: spawn failed
FAIL: gcc.misc-tests/gcov-9.c gcov failed: spawn failed
=== gcc Summary for unix/-m64 ===
# of expected passes 69362
# of unexpected failures 39
# of unexpected successes 13
# of expected failures 230
# of unresolved testcases 1
# of unsupported tests 1157
=== gcc Summary ===
# of expected passes 138136
# of unexpected failures 75
# of unexpected successes 22
# of expected failures 469
# of unresolved testcases 1
# of unsupported tests 2306
/var/opt/BUILD/gcc-trunk.2010-12-23-17-48/gcc/xgcc version 4.6.0 20101223 (experimental) [trunk revision 168215] (GCC)
=== libgomp tests ===
Running target unix
=== libgomp Summary for unix ===
# of expected passes 248
# of unsupported tests 9
Running target unix/-m64
=== libgomp Summary for unix/-m64 ===
# of expected passes 248
# of unsupported tests 9
=== libgomp Summary ===
# of expected passes 496
# of unsupported tests 18
Compiler version: 4.6.0 20101223 (experimental) [trunk revision 168215] (GCC)
Platform: sparc-sun-solaris2.10
configure flags: --prefix=/usr/local/gcc-trunk --target=sparc-sun-solaris2.10 --with-gnu-as --with-as=/usr/local/bin/as --with-gmp=/local/gcc --with-mpfr=/local/gcc --with-mpc=/local/gcc --enable-languages=c
BOOT_CFLAGS=-O2
More information about the Gcc-testresults
mailing list