Results for 4.3.6 20101221 (prerelease) [gcc-4_3-branch revision 168101] (GCC) testsuite on hppa-unknown-linux-gnu
John David Anglin
dave@hiauly6.hia.nrc.ca
Wed Dec 22 16:18:00 GMT 2010
LAST_UPDATED: Tue Dec 21 01:59:40 UTC 2010 (revision 168101)
=== acats tests ===
FAIL: cxf3a01
=== acats Summary ===
# of expected passes 2314
# of unexpected failures 1
Native configuration is hppa-unknown-linux-gnu
=== g++ tests ===
Running target unix
=== g++ Summary ===
# of expected passes 17691
# of expected failures 92
# of unsupported tests 141
/home/dave/gnu/gcc-4.6/objdir/gcc/testsuite/g++/../../g++ version 4.3.6 20101221 (prerelease) [gcc-4_3-branch revision 168101] (GCC)
=== gcc tests ===
Running target unix
XPASS: gcc.dg/tree-ssa/loop-1.c scan-assembler-times foo 5
=== gcc Summary ===
# of expected passes 46796
# of unexpected successes 1
# of expected failures 92
# of untested testcases 35
# of unsupported tests 369
/home/dave/gnu/gcc-4.6/objdir/gcc/xgcc version 4.3.6 20101221 (prerelease) [gcc-4_3-branch revision 168101] (GCC)
=== gfortran tests ===
Running target unix
=== gfortran Summary ===
# of expected passes 24804
# of expected failures 3
# of unsupported tests 140
/home/dave/gnu/gcc-4.6/objdir/gcc/testsuite/gfortran/../../gfortran version 4.3.6 20101221 (prerelease) [gcc-4_3-branch revision 168101] (GCC)
=== gnat tests ===
Running target unix
=== gnat Summary ===
# of expected passes 376
# of expected failures 1
=== obj-c++ tests ===
Running target unix
UNRESOLVED: obj-c++.dg/lookup-2.mm compilation failed to produce executable
UNRESOLVED: obj-c++.dg/try-catch-2.mm compilation failed to produce executable
UNRESOLVED: obj-c++.dg/try-catch-9.mm compilation failed to produce executable
=== obj-c++ Summary ===
# of expected passes 437
# of expected failures 9
# of unresolved testcases 3
# of unsupported tests 13
/home/dave/gnu/gcc-4.6/objdir/gcc/testsuite/obj-c++/../../g++ version 4.3.6 20101221 (prerelease) [gcc-4_3-branch revision 168101] (GCC)
=== objc tests ===
Running target unix
=== objc Summary ===
# of expected passes 1832
# of expected failures 7
# of unsupported tests 24
/home/dave/gnu/gcc-4.6/objdir/gcc/xgcc version 4.3.6 20101221 (prerelease) [gcc-4_3-branch revision 168101] (GCC)
=== libffi tests ===
Running target unix
=== libffi Summary ===
# of expected passes 1389
# of unsupported tests 10
=== libgomp tests ===
Running target unix
=== libgomp Summary ===
# of expected passes 1749
# of unsupported tests 7
=== libjava tests ===
Running target unix
=== libjava Summary ===
# of expected passes 2562
=== libmudflap tests ===
Running target unix
FAIL: libmudflap.c++/pass41-frag.cxx execution test
FAIL: libmudflap.c++/pass41-frag.cxx (-static) execution test
FAIL: libmudflap.c++/pass41-frag.cxx ( -O) execution test
FAIL: libmudflap.c++/pass41-frag.cxx (-O2) execution test
FAIL: libmudflap.c++/pass41-frag.cxx (-O3) execution test
=== libmudflap Summary ===
# of expected passes 1844
# of unexpected failures 5
=== libstdc++ tests ===
Running target unix
FAIL: abi_check
FAIL: 22_locale/time_get/get_date/wchar_t/4.cc execution test
=== libstdc++ Summary ===
# of expected passes 5576
# of unexpected failures 2
# of expected failures 60
# of unsupported tests 10
Compiler version: 4.3.6 20101221 (prerelease) [gcc-4_3-branch revision 168101] (GCC)
Platform: hppa-unknown-linux-gnu
configure flags: --with-gnu-as --with-gnu-ld --enable-shared --prefix=/home/dave/opt/gnu/gcc/gcc-4.6.0 --with-local-prefix=/home/dave/opt/gnu --enable-threads=posix --enable-__cxa_atexit --build=hppa-linux --enable-clocale=gnu --enable-java-gc=boehm --enable-java-awt=xlib --with-host-libstdcxx=/usr/lib/libstdc++.so.6 --enable-languages=c,c++,objc,fortran,obj-c++,java,ada
More information about the Gcc-testresults
mailing list